{"id":9450,"date":"2022-09-08T04:41:13","date_gmt":"2022-09-08T04:41:13","guid":{"rendered":"https:\/\/topgetestet.de\/?product=ravensburger-22293-3-captain-black-gameexklusiv-bei-amazon"},"modified":"2022-09-08T04:41:13","modified_gmt":"2022-09-08T04:41:13","slug":"ravensburger-22293-3-captain-black-gameexklusiv-bei-amazon","status":"publish","type":"product","link":"https:\/\/topgetestet.de\/?product=ravensburger-22293-3-captain-black-gameexklusiv-bei-amazon","title":{"rendered":"Ravensburger 22293 3 &#8216;Captain Black&#8217; Game[Exklusiv bei Amazon]"},"content":{"rendered":"<p>Price: <span style=\"color:#b12704\">[price_with_discount]<\/span><br \/><i><small>(as of [price_update_date] &#8211; <span class=\"wp_automatic_amazon_disclaimer\" title=\"Product prices and availability are accurate as of the date\/time indicated and are subject to change. Any price and availability information displayed on [relevant Amazon Site(s), as applicable] at the time of purchase will apply to the purchase of this product.\">Details<\/span>)<\/small><\/i><\/p>\n<p><a href=\"https:\/\/amazon.de\/dp\/B00V8K9HNW?tag=topgetestet09-21\"><img decoding=\"async\" src=\"https:\/\/i.imgur.com\/ISRHEWs.png\"><\/a><br \/>\n[ad_1]<\/p>\n<p>       Produktbeschreibung des Herstellers <\/p>\n<p>               <img decoding=\"async\" alt=\"\" src=\"https:\/\/images-na.ssl-images-amazon.com\/images\/G\/01\/x-locale\/common\/grey-pixel.gif\" class=\"a-spacing-mini a-lazy-loaded\" data-src=\"https:\/\/images-na.ssl-images-amazon.com\/images\/G\/03\/aplusautomation\/vendorimages\/95ff0569-2fd8-4b38-a6e9-e9990712f1c7.jpg._CB485968296__SL300__.jpg\"><\/p>\n<p>                <img decoding=\"async\" alt=\"\" src=\"https:\/\/images-na.ssl-images-amazon.com\/images\/G\/03\/aplusautomation\/vendorimages\/95ff0569-2fd8-4b38-a6e9-e9990712f1c7.jpg._CB485968296__SL300__.jpg\"><\/p>\n<h3 class=\"a-spacing-mini\"> Kann das Geisterschiff gerettet werden? <\/h3>\n<p class=\"a-spacing-base\"> Vor langer Zeit hat Captain Black seinen Schatz auf einer geheimen Insel vergraben. Jetzt hat sein Geist nur noch ein Ziel: zur\u00fcck zur Schatzinsel zu kommen! Die Spieler m\u00fcssen alle zusammen dem Captain helfen, die Insel zu erreichen! Doch dabei m\u00fcssen sie sich zahlreichen Gefahren stellen: Piraten, Seeungeheuer, Lecks, Feuer und vieles mehr erwarten die Spieler. Die spannenden Seeabenteuer k\u00f6nnen nur bestanden werden, wenn sich die Spieler als Team gut absprechen. <\/p>\n<p class=\"a-spacing-base\"> Der Captain f\u00fchrt durch das Spiel. Seine Elektronik sorgt daf\u00fcr, dass jedes Abenteuer anders verl\u00e4uft. Das Spiel l\u00e4sst sich \u00fcber drei Schwierigkeitsstufen und zwei Spiell\u00e4ngen anpassen. <\/p>\n<p>                Inhalt:  <\/p>\n<p>                    1 3-D-Schiff mit Steuerleiste<br \/>\n                    16 Kunststofffelder<br \/>\n                    1 elektronische Spielfigur Captain Black<br \/>\n                    4 Piratenfiguren mit Aufstellf\u00fc\u00dfen<br \/>\n                    4 Matrosen-spielfiguren<br \/>\n                    4 Wurfsteine<br \/>\n                    3 W\u00fcrfel<br \/>\n                    Stanzteile<br \/>\n                    1 Spielanleitung   <\/p>\n<h3 class=\"a-spacing-small\"> Spielablauf: <\/h3>\n<p> <img decoding=\"async\" alt=\"\" src=\"https:\/\/images-na.ssl-images-amazon.com\/images\/G\/01\/x-locale\/common\/grey-pixel.gif\" class=\"a-lazy-loaded\" data-src=\"https:\/\/images-na.ssl-images-amazon.com\/images\/G\/03\/aplusautomation\/vendorimages\/915d198f-11a0-4638-ab1e-d0014079f62c.png._CB485969205__SL220__.png\">\n                     <\/p>\n<p>                      <img decoding=\"async\" alt=\"\" src=\"https:\/\/images-na.ssl-images-amazon.com\/images\/G\/03\/aplusautomation\/vendorimages\/915d198f-11a0-4638-ab1e-d0014079f62c.png._CB485969205__SL220__.png\"><\/p>\n<p> <img decoding=\"async\" alt=\"\" src=\"https:\/\/images-na.ssl-images-amazon.com\/images\/G\/01\/x-locale\/common\/grey-pixel.gif\" class=\"a-lazy-loaded\" data-src=\"https:\/\/images-na.ssl-images-amazon.com\/images\/G\/03\/aplusautomation\/vendorimages\/7fcc0f28-1614-411c-b545-9f64d906ff30.png._CB485968089__SL220__.png\">\n                     <\/p>\n<p>                      <img decoding=\"async\" alt=\"\" src=\"https:\/\/images-na.ssl-images-amazon.com\/images\/G\/03\/aplusautomation\/vendorimages\/7fcc0f28-1614-411c-b545-9f64d906ff30.png._CB485968089__SL220__.png\"><\/p>\n<p> <img decoding=\"async\" alt=\"\" src=\"https:\/\/images-na.ssl-images-amazon.com\/images\/G\/01\/x-locale\/common\/grey-pixel.gif\" class=\"a-lazy-loaded\" data-src=\"https:\/\/images-na.ssl-images-amazon.com\/images\/G\/03\/aplusautomation\/vendorimages\/0d36c236-facf-4fd9-87ba-8b2fd04732a6.png._CB485969259__SL220__.png\">\n                     <\/p>\n<p>                      <img decoding=\"async\" alt=\"\" src=\"https:\/\/images-na.ssl-images-amazon.com\/images\/G\/03\/aplusautomation\/vendorimages\/0d36c236-facf-4fd9-87ba-8b2fd04732a6.png._CB485969259__SL220__.png\"><\/p>\n<p> <img decoding=\"async\" alt=\"\" src=\"https:\/\/images-na.ssl-images-amazon.com\/images\/G\/01\/x-locale\/common\/grey-pixel.gif\" class=\"a-lazy-loaded\" data-src=\"https:\/\/images-na.ssl-images-amazon.com\/images\/G\/03\/aplusautomation\/vendorimages\/158a469f-8bd6-41fb-a563-f562e109a706.png._CB485979840__SL220__.png\">\n                     <\/p>\n<p>                      <img decoding=\"async\" alt=\"\" src=\"https:\/\/images-na.ssl-images-amazon.com\/images\/G\/03\/aplusautomation\/vendorimages\/158a469f-8bd6-41fb-a563-f562e109a706.png._CB485979840__SL220__.png\"><\/p>\n<p>                     1. Spielfigur ziehen  <\/p>\n<p class=\"a-size-small\"> Nachdem die Figuren angemeldet wurden und eine Spielvariante ausgew\u00e4hlt wurde, verk\u00fcndet Captain Black die erste Aufgabe und sagt, wer das Spiel beginnt. Der Captain f\u00fchrt dann durch das gesamte Spiel. Der Spieler, der am Zug ist, w\u00fcrfelt und bewegt sich maximal so viele Schritte, wie es das W\u00fcrfelergebnis zul\u00e4sst. <\/p>\n<p>                     2. Captain Black zu sich ziehen  <\/p>\n<p class=\"a-size-small\"> Sobald man seine Spielfigur bewegt hat, zieht man als n\u00e4chstes die Spielfigur von Captain Black zu seiner Spielfigur. Dann wird der Knopf des Captains gedr\u00fcckt und er sagt den Spielern was als n\u00e4chstes geschieht. <\/p>\n<p>                     3. Anweisungen anh\u00f6ren  <\/p>\n<p class=\"a-size-small\"> Jede Aufgabe besteht aus mehreren Aufgabenpl\u00e4ttchen, die im Laufe des Spiels auf dem Schiff verteilt werden. Aufgaben werden gel\u00f6st, indem alle zugeh\u00f6rigen Auf- gabenpl\u00e4ttchen wieder vom Schiff entfernt werden. <\/p>\n<p>                     4. Anweisungen befolgen  <\/p>\n<p class=\"a-size-small\"> Um ein Aufgabenpl\u00e4ttchen zu entfernen, muss ein Matrose auf das entsprechende Feld ziehen und dort die Anweisungen des Captains befolgen. Das Spiel endet wenn die Matrosen die Insel erreicht und alle Aufgaben gel\u00f6st haben. In diesem Fall, haben alle gemeinsam gewonnen. <\/p>\n<p>              <img decoding=\"async\" alt=\"\" src=\"https:\/\/images-na.ssl-images-amazon.com\/images\/G\/01\/x-locale\/common\/grey-pixel.gif\" class=\"a-lazy-loaded\" data-src=\"https:\/\/images-na.ssl-images-amazon.com\/images\/G\/03\/aplusautomation\/vendorimages\/01cab9a7-6f34-4cd4-9c70-26af91dfef2d.png._CB485950963__SR970,300_.png\"><\/p>\n<p>               <img decoding=\"async\" alt=\"\" src=\"https:\/\/images-na.ssl-images-amazon.com\/images\/G\/03\/aplusautomation\/vendorimages\/01cab9a7-6f34-4cd4-9c70-26af91dfef2d.png._CB485950963__SR970,300_.png\"><\/p>\n<h3> 3-D Spielschiff <\/h3>\n<p> ca. 90 cm gro\u00df! <\/p>\n<p>[ad_2]<\/p>\n","protected":false},"excerpt":{"rendered":"<p>Price: [price_with_discount](as of [price_update_date] &#8211; Details) [ad_1] Produktbeschreibung des Herstellers Kann das Geisterschiff gerettet werden? Vor langer Zeit hat Captain Black seinen Schatz auf einer geheimen Insel vergraben. Jetzt hat<\/p>\n","protected":false},"featured_media":9451,"comment_status":"open","ping_status":"closed","template":"","meta":[],"product_cat":[227],"product_tag":[255],"class_list":{"0":"post-9450","1":"product","2":"type-product","3":"status-publish","4":"has-post-thumbnail","6":"product_cat-gaming","7":"product_tag-amazon-games","9":"first","10":"instock","11":"sale","12":"shipping-taxable","13":"product-type-external"},"aioseo_notices":[],"_links":{"self":[{"href":"https:\/\/topgetestet.de\/index.php?rest_route=\/wp\/v2\/product\/9450","targetHints":{"allow":["GET"]}}],"collection":[{"href":"https:\/\/topgetestet.de\/index.php?rest_route=\/wp\/v2\/product"}],"about":[{"href":"https:\/\/topgetestet.de\/index.php?rest_route=\/wp\/v2\/types\/product"}],"replies":[{"embeddable":true,"href":"https:\/\/topgetestet.de\/index.php?rest_route=%2Fwp%2Fv2%2Fcomments&post=9450"}],"wp:featuredmedia":[{"embeddable":true,"href":"https:\/\/topgetestet.de\/index.php?rest_route=\/wp\/v2\/media\/9451"}],"wp:attachment":[{"href":"https:\/\/topgetestet.de\/index.php?rest_route=%2Fwp%2Fv2%2Fmedia&parent=9450"}],"wp:term":[{"taxonomy":"product_cat","embeddable":true,"href":"https:\/\/topgetestet.de\/index.php?rest_route=%2Fwp%2Fv2%2Fproduct_cat&post=9450"},{"taxonomy":"product_tag","embeddable":true,"href":"https:\/\/topgetestet.de\/index.php?rest_route=%2Fwp%2Fv2%2Fproduct_tag&post=9450"}],"curies":[{"name":"wp","href":"https:\/\/api.w.org\/{rel}","templated":true}]}}