{"id":84174,"date":"2022-11-21T11:52:34","date_gmt":"2022-11-21T11:52:34","guid":{"rendered":"https:\/\/topgetestet.de\/?product=boss-damen-c_ferisa-pullover"},"modified":"2022-11-21T11:52:34","modified_gmt":"2022-11-21T11:52:34","slug":"boss-damen-c_ferisa-pullover","status":"publish","type":"product","link":"https:\/\/topgetestet.de\/?product=boss-damen-c_ferisa-pullover","title":{"rendered":"BOSS Damen C_ferisa Pullover"},"content":{"rendered":"<p>Price: <span style=\"color:#b12704\">[price_with_discount]<\/span><br \/><i><small>(as of [price_update_date] &#8211; <span class=\"wp_automatic_amazon_disclaimer\" title=\"Product prices and availability are accurate as of the date\/time indicated and are subject to change. Any price and availability information displayed on [relevant Amazon Site(s), as applicable] at the time of purchase will apply to the purchase of this product.\">Details<\/span>)<\/small><\/i><\/p>\n<p><a href=\"https:\/\/amazon.de\/dp\/B09KM7W3PK?tag=topgetestet09-21\"><img decoding=\"async\" src=\"https:\/\/i.imgur.com\/ISRHEWs.png\"><\/a><br \/>\n[ad_1]<br \/>\n <span>Elegante Feinstrickpullover und kuschelige Kaschmir-Layer sind komfortable Styles f\u00fcr die Freizeit. Entdecken Sie den Strick von BOSS Womenswear f\u00fcr jeden Anlass und jeden Look. Alle Styles verk\u00f6rpern die einzigartige Qualit\u00e4t und den hohen Tragekomfort von BOSS.<\/span> <br \/> Verpackungsabmessungen \u200f : \u200e  30.68 x 29.79 x 5.18 cm; 210 Gramm <br \/> Im Angebot von Amazon.de seit \u200f : \u200e  28. Oktober 2021 <br \/> Hersteller \u200f : \u200e  Hugo Boss <br \/> ASIN \u200f : \u200e  B09KM74N8H <br \/> Modellnummer \u200f : \u200e  50463484 <\/p>\n<p>R\u00fcckenl\u00e4nge: 58 cm<br \/>Langarm<br \/>Verschluss: Pull-on<br \/>45% Polyamid, 35% Alpaka, 20% Wolle<br \/>C_Ferisa<br \/>Pflegehinweis: Maschinenw\u00e4sche<br \/>\n<br \/>[ad_2]<\/p>\n","protected":false},"excerpt":{"rendered":"<p>Price: [price_with_discount](as of [price_update_date] &#8211; Details) [ad_1] Elegante Feinstrickpullover und kuschelige Kaschmir-Layer sind komfortable Styles f\u00fcr die Freizeit. Entdecken Sie den Strick von BOSS Womenswear f\u00fcr jeden Anlass und jeden<\/p>\n","protected":false},"featured_media":84175,"comment_status":"open","ping_status":"closed","template":"","meta":[],"product_cat":[233],"product_tag":[276],"class_list":{"0":"post-84174","1":"product","2":"type-product","3":"status-publish","4":"has-post-thumbnail","6":"product_cat-fitness","7":"product_tag-womens-clothing","9":"first","10":"instock","11":"shipping-taxable","12":"product-type-external"},"aioseo_notices":[],"_links":{"self":[{"href":"https:\/\/topgetestet.de\/index.php?rest_route=\/wp\/v2\/product\/84174","targetHints":{"allow":["GET"]}}],"collection":[{"href":"https:\/\/topgetestet.de\/index.php?rest_route=\/wp\/v2\/product"}],"about":[{"href":"https:\/\/topgetestet.de\/index.php?rest_route=\/wp\/v2\/types\/product"}],"replies":[{"embeddable":true,"href":"https:\/\/topgetestet.de\/index.php?rest_route=%2Fwp%2Fv2%2Fcomments&post=84174"}],"wp:featuredmedia":[{"embeddable":true,"href":"https:\/\/topgetestet.de\/index.php?rest_route=\/wp\/v2\/media\/84175"}],"wp:attachment":[{"href":"https:\/\/topgetestet.de\/index.php?rest_route=%2Fwp%2Fv2%2Fmedia&parent=84174"}],"wp:term":[{"taxonomy":"product_cat","embeddable":true,"href":"https:\/\/topgetestet.de\/index.php?rest_route=%2Fwp%2Fv2%2Fproduct_cat&post=84174"},{"taxonomy":"product_tag","embeddable":true,"href":"https:\/\/topgetestet.de\/index.php?rest_route=%2Fwp%2Fv2%2Fproduct_tag&post=84174"}],"curies":[{"name":"wp","href":"https:\/\/api.w.org\/{rel}","templated":true}]}}