{"id":84079,"date":"2022-11-21T00:21:35","date_gmt":"2022-11-21T00:21:35","guid":{"rendered":"https:\/\/topgetestet.de\/?product=minus-damen-helene-kleid"},"modified":"2022-11-21T00:21:35","modified_gmt":"2022-11-21T00:21:35","slug":"minus-damen-helene-kleid","status":"publish","type":"product","link":"https:\/\/topgetestet.de\/?product=minus-damen-helene-kleid","title":{"rendered":"Minus Damen Helene Kleid"},"content":{"rendered":"<p>Price: <span style=\"color:#b12704\">[price_with_discount]<\/span><br \/><i><small>(as of [price_update_date] &#8211; <span class=\"wp_automatic_amazon_disclaimer\" title=\"Product prices and availability are accurate as of the date\/time indicated and are subject to change. Any price and availability information displayed on [relevant Amazon Site(s), as applicable] at the time of purchase will apply to the purchase of this product.\">Details<\/span>)<\/small><\/i><\/p>\n<p><a href=\"https:\/\/amazon.de\/dp\/B09GPRLQRW?tag=topgetestet09-21\"><img decoding=\"async\" src=\"https:\/\/i.imgur.com\/ISRHEWs.png\"><\/a><br \/>\n[ad_1]<br \/>\n <span>Weiches Kleid mit femininen Details und 3\/4 \u00c4rmeln. Das Kleid hat einen hohen Halsausschnitt, Volumen an den \u00c4rmeln und an den Seiten sehr sch\u00f6ne und schmeichelhafte Drapierungen. Einfach zu kombinieren, um abends auszugehen oder f\u00fcr einen l\u00e4ssigeren Alltagslook. Passform: Normale Qualit\u00e4t: 80 % Modal, 20 % Polyester<\/p>\n<p>Soft dress with feminine details and 3\/4 sleeves. The dress has a high neckline, volume on the sleeves and sides very beautiful and flattering drapes. Easy to match to go out in the evening or for a more casual everyday look. Fit: Regular Quality: 80% Modal, 20% Polyester<\/span> <br \/> Verpackungsabmessungen \u200f : \u200e  29.9 x 26.7 x 4.5 cm; 175 Gramm <br \/> Im Angebot von Amazon.de seit \u200f : \u200e  20. September 2021 <br \/> Hersteller \u200f : \u200e  Redefined Fashion <br \/> ASIN \u200f : \u200e  B09GPR6LRC <br \/> Modellnummer \u200f : \u200e  MI4187 <\/p>\n<p>Sie k\u00f6nnen das ganze Jahr \u00fcber getragen werden, wenn sie mit den entsprechenden Accessoires kombiniert werden, und sind sehr vielseitig einsetzbar<br \/>3\/4 \u00c4rmel<br \/>Verschluss: Pull On<br \/>80% Modal, 20% Polyester<br \/>Helene dress<br \/>Pflegehinweis: Maschinenw\u00e4sche<br \/>\n<br \/>[ad_2]<\/p>\n","protected":false},"excerpt":{"rendered":"<p>Price: [price_with_discount](as of [price_update_date] &#8211; Details) [ad_1] Weiches Kleid mit femininen Details und 3\/4 \u00c4rmeln. Das Kleid hat einen hohen Halsausschnitt, Volumen an den \u00c4rmeln und an den Seiten sehr<\/p>\n","protected":false},"featured_media":84080,"comment_status":"open","ping_status":"closed","template":"","meta":[],"product_cat":[233],"product_tag":[276],"class_list":{"0":"post-84079","1":"product","2":"type-product","3":"status-publish","4":"has-post-thumbnail","6":"product_cat-fitness","7":"product_tag-womens-clothing","9":"first","10":"instock","11":"shipping-taxable","12":"product-type-external"},"aioseo_notices":[],"_links":{"self":[{"href":"https:\/\/topgetestet.de\/index.php?rest_route=\/wp\/v2\/product\/84079","targetHints":{"allow":["GET"]}}],"collection":[{"href":"https:\/\/topgetestet.de\/index.php?rest_route=\/wp\/v2\/product"}],"about":[{"href":"https:\/\/topgetestet.de\/index.php?rest_route=\/wp\/v2\/types\/product"}],"replies":[{"embeddable":true,"href":"https:\/\/topgetestet.de\/index.php?rest_route=%2Fwp%2Fv2%2Fcomments&post=84079"}],"wp:featuredmedia":[{"embeddable":true,"href":"https:\/\/topgetestet.de\/index.php?rest_route=\/wp\/v2\/media\/84080"}],"wp:attachment":[{"href":"https:\/\/topgetestet.de\/index.php?rest_route=%2Fwp%2Fv2%2Fmedia&parent=84079"}],"wp:term":[{"taxonomy":"product_cat","embeddable":true,"href":"https:\/\/topgetestet.de\/index.php?rest_route=%2Fwp%2Fv2%2Fproduct_cat&post=84079"},{"taxonomy":"product_tag","embeddable":true,"href":"https:\/\/topgetestet.de\/index.php?rest_route=%2Fwp%2Fv2%2Fproduct_tag&post=84079"}],"curies":[{"name":"wp","href":"https:\/\/api.w.org\/{rel}","templated":true}]}}