{"id":8336,"date":"2022-09-07T15:58:06","date_gmt":"2022-09-07T15:58:06","guid":{"rendered":"https:\/\/topgetestet.de\/?product=asics-kinsei-blast-1-strasenlaufschuhe-fur-manner-weis"},"modified":"2022-09-07T15:58:06","modified_gmt":"2022-09-07T15:58:06","slug":"asics-kinsei-blast-1-strasenlaufschuhe-fur-manner-weis","status":"publish","type":"product","link":"https:\/\/topgetestet.de\/?product=asics-kinsei-blast-1-strasenlaufschuhe-fur-manner-weis","title":{"rendered":"ASICS Kinsei Blast 1 Stra\u00dfenlaufschuhe f\u00fcr M\u00e4nner Wei\u00df"},"content":{"rendered":"<p>Price: <span style=\"color:#b12704\">[price_with_discount]<\/span><br \/><i><small>(as of [price_update_date] &#8211; <span class=\"wp_automatic_amazon_disclaimer\" title=\"Product prices and availability are accurate as of the date\/time indicated and are subject to change. Any price and availability information displayed on [relevant Amazon Site(s), as applicable] at the time of purchase will apply to the purchase of this product.\">Details<\/span>)<\/small><\/i><\/p>\n<p><a href=\"https:\/\/amazon.de\/dp\/B09QZW3NMT?tag=topgetestet09-21\"><img decoding=\"async\" src=\"https:\/\/i.imgur.com\/ISRHEWs.png\"><\/a><br \/>\n[ad_1]<br \/>\n <span>Herbst \/ Wintersaison 2021. Der Wunschschuh f\u00fcr jeden, der l\u00e4uft, der das Beste in Bezug auf D\u00e4mpfung und Reaktivit\u00e4tsschutz sucht.<\/span> <br \/> Im Angebot von Amazon.de seit \u200f : \u200e  23. Januar 2022 <br \/> Hersteller \u200f : \u200e  Asics <br \/> ASIN \u200f : \u200e  B09QZVQ12Y <br \/> Herstellerreferenz \u200f : \u200e  1011B203 &#8211; 109 <\/p>\n<p>[ad_2]<\/p>\n","protected":false},"excerpt":{"rendered":"<p>Price: [price_with_discount](as of [price_update_date] &#8211; Details) [ad_1] Herbst \/ Wintersaison 2021. Der Wunschschuh f\u00fcr jeden, der l\u00e4uft, der das Beste in Bezug auf D\u00e4mpfung und Reaktivit\u00e4tsschutz sucht. Im Angebot von<\/p>\n","protected":false},"featured_media":8337,"comment_status":"open","ping_status":"closed","template":"","meta":[],"product_cat":[234],"product_tag":[235],"class_list":{"0":"post-8336","1":"product","2":"type-product","3":"status-publish","4":"has-post-thumbnail","6":"product_cat-shoes","7":"product_tag-mens-road-running-shoes","9":"first","10":"instock","11":"shipping-taxable","12":"product-type-external"},"aioseo_notices":[],"_links":{"self":[{"href":"https:\/\/topgetestet.de\/index.php?rest_route=\/wp\/v2\/product\/8336","targetHints":{"allow":["GET"]}}],"collection":[{"href":"https:\/\/topgetestet.de\/index.php?rest_route=\/wp\/v2\/product"}],"about":[{"href":"https:\/\/topgetestet.de\/index.php?rest_route=\/wp\/v2\/types\/product"}],"replies":[{"embeddable":true,"href":"https:\/\/topgetestet.de\/index.php?rest_route=%2Fwp%2Fv2%2Fcomments&post=8336"}],"wp:featuredmedia":[{"embeddable":true,"href":"https:\/\/topgetestet.de\/index.php?rest_route=\/wp\/v2\/media\/8337"}],"wp:attachment":[{"href":"https:\/\/topgetestet.de\/index.php?rest_route=%2Fwp%2Fv2%2Fmedia&parent=8336"}],"wp:term":[{"taxonomy":"product_cat","embeddable":true,"href":"https:\/\/topgetestet.de\/index.php?rest_route=%2Fwp%2Fv2%2Fproduct_cat&post=8336"},{"taxonomy":"product_tag","embeddable":true,"href":"https:\/\/topgetestet.de\/index.php?rest_route=%2Fwp%2Fv2%2Fproduct_tag&post=8336"}],"curies":[{"name":"wp","href":"https:\/\/api.w.org\/{rel}","templated":true}]}}