{"id":83318,"date":"2022-11-16T15:21:47","date_gmt":"2022-11-16T15:21:47","guid":{"rendered":"https:\/\/topgetestet.de\/?product=b-yoga-traveller-b-matte"},"modified":"2022-11-16T15:21:47","modified_gmt":"2022-11-16T15:21:47","slug":"b-yoga-traveller-b-matte","status":"publish","type":"product","link":"https:\/\/topgetestet.de\/?product=b-yoga-traveller-b-matte","title":{"rendered":"B YOGA Traveller B Matte"},"content":{"rendered":"<p>Price: <span style=\"color:#b12704\">[price_with_discount]<\/span><br \/><i><small>(as of [price_update_date] &#8211; <span class=\"wp_automatic_amazon_disclaimer\" title=\"Product prices and availability are accurate as of the date\/time indicated and are subject to change. Any price and availability information displayed on [relevant Amazon Site(s), as applicable] at the time of purchase will apply to the purchase of this product.\">Details<\/span>)<\/small><\/i><\/p>\n<p><a href=\"https:\/\/amazon.de\/dp\/B07NR76941?tag=topgetestet09-21\"><img decoding=\"async\" src=\"https:\/\/i.imgur.com\/ISRHEWs.png\"><\/a><br \/>\n[ad_1]<br \/>\n <span>B Yoga Traveller Travel Yogamatte Leicht, faltbar, verstaubar und tragbar. Diese doppelseitige Reisematte aus 100 % Gummi wird Sie \u00fcberall dort unterst\u00fctzen, wo Sie trainieren.<\/span> <br \/>Biologisch abbaubare Fitnessmatte: Hergestellt aus 100 % rutschfestem Gummi, verf\u00fcgt diese umweltfreundliche Yogamatte \u00fcber offenzellige Technologie, um sicherzustellen, dass Schwei\u00df nicht auf Ihrer Trainingsmatte landet. Unsere Pilatesmatte h\u00e4lt Hitze und intensiven Workouts stand<br \/>Un\u00fcbertroffene Qualit\u00e4t: Geben Sie sich nie mit gew\u00f6hnlichen Trainingsger\u00e4ten zufrieden. Stellen Sie sicher, dass Sie Komfort und Unterst\u00fctzung mit dieser Reise-Yogamatte f\u00fcr Frauen und M\u00e4nner haben. Diese einzigartige Yogamatte ist 2 mm dick und ist so konzipiert, dass sie besonders griffig ist, um Sie geerdet und stabil zu halten.<br \/>Perfekt f\u00fcr \u00dcbungen: Diese rutschfeste Yogamatte ist f\u00fcr \u00fcberlegene Leistung entwickelt und perfekt f\u00fcr jeden. Egal, ob Sie hochschlagz\u00e4he Vinyasa \u00fcben, zus\u00e4tzlichen Komfort f\u00fcr die Restauration w\u00fcnschen oder Unterst\u00fctzung f\u00fcr Pilates ben\u00f6tigen, diese \u00dcbungsmatten sind ideal f\u00fcr alles.<br \/>B Yoga: Bei B Yoga haben wir uns verpflichtet, nachhaltige und verantwortungsvoll produzierte rutschfeste Yogamatten und Yoga-Ausr\u00fcstung f\u00fcr Heimtraining zu schaffen. Die B-Matte f\u00fcr Yoga besteht aus synthetischem Gummi f\u00fcr erh\u00f6hte Haltbarkeit und Langlebigkeit.<br \/>\n<br \/>[ad_2]<\/p>\n","protected":false},"excerpt":{"rendered":"<p>Price: [price_with_discount](as of [price_update_date] &#8211; Details) [ad_1] B Yoga Traveller Travel Yogamatte Leicht, faltbar, verstaubar und tragbar. Diese doppelseitige Reisematte aus 100 % Gummi wird Sie \u00fcberall dort unterst\u00fctzen, wo<\/p>\n","protected":false},"featured_media":83319,"comment_status":"open","ping_status":"closed","template":"","meta":[],"product_cat":[233],"product_tag":[273],"class_list":{"0":"post-83318","1":"product","2":"type-product","3":"status-publish","4":"has-post-thumbnail","6":"product_cat-fitness","7":"product_tag-exercise-fitness-accessories","9":"first","10":"instock","11":"shipping-taxable","12":"product-type-external"},"aioseo_notices":[],"_links":{"self":[{"href":"https:\/\/topgetestet.de\/index.php?rest_route=\/wp\/v2\/product\/83318","targetHints":{"allow":["GET"]}}],"collection":[{"href":"https:\/\/topgetestet.de\/index.php?rest_route=\/wp\/v2\/product"}],"about":[{"href":"https:\/\/topgetestet.de\/index.php?rest_route=\/wp\/v2\/types\/product"}],"replies":[{"embeddable":true,"href":"https:\/\/topgetestet.de\/index.php?rest_route=%2Fwp%2Fv2%2Fcomments&post=83318"}],"wp:featuredmedia":[{"embeddable":true,"href":"https:\/\/topgetestet.de\/index.php?rest_route=\/wp\/v2\/media\/83319"}],"wp:attachment":[{"href":"https:\/\/topgetestet.de\/index.php?rest_route=%2Fwp%2Fv2%2Fmedia&parent=83318"}],"wp:term":[{"taxonomy":"product_cat","embeddable":true,"href":"https:\/\/topgetestet.de\/index.php?rest_route=%2Fwp%2Fv2%2Fproduct_cat&post=83318"},{"taxonomy":"product_tag","embeddable":true,"href":"https:\/\/topgetestet.de\/index.php?rest_route=%2Fwp%2Fv2%2Fproduct_tag&post=83318"}],"curies":[{"name":"wp","href":"https:\/\/api.w.org\/{rel}","templated":true}]}}