{"id":82992,"date":"2022-11-14T17:21:56","date_gmt":"2022-11-14T17:21:56","guid":{"rendered":"https:\/\/topgetestet.de\/?product=smallshow-damen-stillshirt-langarm-umstandsshirt-3er-pack"},"modified":"2022-11-14T17:21:56","modified_gmt":"2022-11-14T17:21:56","slug":"smallshow-damen-stillshirt-langarm-umstandsshirt-3er-pack","status":"publish","type":"product","link":"https:\/\/topgetestet.de\/?product=smallshow-damen-stillshirt-langarm-umstandsshirt-3er-pack","title":{"rendered":"Smallshow Damen Stillshirt Langarm Umstandsshirt 3er Pack"},"content":{"rendered":"<p>Price: <span style=\"color:#b12704\">[price_with_discount]<\/span><br \/><i><small>(as of [price_update_date] &#8211; <span class=\"wp_automatic_amazon_disclaimer\" title=\"Product prices and availability are accurate as of the date\/time indicated and are subject to change. Any price and availability information displayed on [relevant Amazon Site(s), as applicable] at the time of purchase will apply to the purchase of this product.\">Details<\/span>)<\/small><\/i><\/p>\n<p><a href=\"https:\/\/amazon.de\/dp\/B08SLP2XS3?tag=topgetestet09-21\"><img decoding=\"async\" src=\"https:\/\/i.imgur.com\/ISRHEWs.png\"><\/a><br \/>\n[ad_1]<br \/>\n <span class=\"a-text-bold\">Praktisches Stillshirt f\u00fcr jede stillende Mutter! <\/span><span><br \/><\/span><br \/> Auslaufartikel (Produktion durch Hersteller eingestellt) \u200f : \u200e  Nein <br \/> Verpackungsabmessungen \u200f : \u200e  32.6 x 27.19 x 3.79 cm; 780 Gramm <br \/> Im Angebot von Amazon.de seit \u200f : \u200e  9. November 2018 <br \/> ASIN \u200f : \u200e  B07K287BLZ <br \/> Kategorie \u200f : \u200e  Damen <\/p>\n<p>Intelligente \u00d6ffnungsdesign an den vorderen Doppelschichten f\u00fcr die Babypflege \u00fcberall.<br \/>Kragenform: Rundkragen<br \/>Langarm<br \/>Verschluss: Pull-On<br \/>93,1% Rayon Viskose, 6,9% Elasthan<br \/>L\u00e4ssig<br \/>\n<br \/>[ad_2]<\/p>\n","protected":false},"excerpt":{"rendered":"<p>Price: [price_with_discount](as of [price_update_date] &#8211; Details) [ad_1] Praktisches Stillshirt f\u00fcr jede stillende Mutter! Auslaufartikel (Produktion durch Hersteller eingestellt) \u200f : \u200e Nein Verpackungsabmessungen \u200f : \u200e 32.6 x 27.19 x<\/p>\n","protected":false},"featured_media":82993,"comment_status":"open","ping_status":"closed","template":"","meta":[],"product_cat":[233],"product_tag":[276],"class_list":{"0":"post-82992","1":"product","2":"type-product","3":"status-publish","4":"has-post-thumbnail","6":"product_cat-fitness","7":"product_tag-womens-clothing","9":"first","10":"instock","11":"shipping-taxable","12":"product-type-external"},"aioseo_notices":[],"_links":{"self":[{"href":"https:\/\/topgetestet.de\/index.php?rest_route=\/wp\/v2\/product\/82992","targetHints":{"allow":["GET"]}}],"collection":[{"href":"https:\/\/topgetestet.de\/index.php?rest_route=\/wp\/v2\/product"}],"about":[{"href":"https:\/\/topgetestet.de\/index.php?rest_route=\/wp\/v2\/types\/product"}],"replies":[{"embeddable":true,"href":"https:\/\/topgetestet.de\/index.php?rest_route=%2Fwp%2Fv2%2Fcomments&post=82992"}],"wp:featuredmedia":[{"embeddable":true,"href":"https:\/\/topgetestet.de\/index.php?rest_route=\/wp\/v2\/media\/82993"}],"wp:attachment":[{"href":"https:\/\/topgetestet.de\/index.php?rest_route=%2Fwp%2Fv2%2Fmedia&parent=82992"}],"wp:term":[{"taxonomy":"product_cat","embeddable":true,"href":"https:\/\/topgetestet.de\/index.php?rest_route=%2Fwp%2Fv2%2Fproduct_cat&post=82992"},{"taxonomy":"product_tag","embeddable":true,"href":"https:\/\/topgetestet.de\/index.php?rest_route=%2Fwp%2Fv2%2Fproduct_tag&post=82992"}],"curies":[{"name":"wp","href":"https:\/\/api.w.org\/{rel}","templated":true}]}}