{"id":81516,"date":"2022-11-05T11:33:38","date_gmt":"2022-11-05T11:33:38","guid":{"rendered":"https:\/\/topgetestet.de\/?product=adidas-damen-coquina-laufhandschuhe"},"modified":"2022-11-05T11:33:38","modified_gmt":"2022-11-05T11:33:38","slug":"adidas-damen-coquina-laufhandschuhe","status":"publish","type":"product","link":"https:\/\/topgetestet.de\/?product=adidas-damen-coquina-laufhandschuhe","title":{"rendered":"adidas Damen Coquina Laufhandschuhe"},"content":{"rendered":"<p>Price: <span style=\"color:#b12704\">[price_with_discount]<\/span><br \/><i><small>(as of [price_update_date] &#8211; <span class=\"wp_automatic_amazon_disclaimer\" title=\"Product prices and availability are accurate as of the date\/time indicated and are subject to change. Any price and availability information displayed on [relevant Amazon Site(s), as applicable] at the time of purchase will apply to the purchase of this product.\">Details<\/span>)<\/small><\/i><\/p>\n<p><a href=\"https:\/\/amazon.de\/dp\/B08LYSDWYS?tag=topgetestet09-21\"><img decoding=\"async\" src=\"https:\/\/i.imgur.com\/ISRHEWs.png\"><\/a><br \/>\n[ad_1]<br \/>\n <span>Damen-Handschuhe Coquina von Adidas verf\u00fcgen \u00fcber ein COLD.RDY Material, mit klassischem gesticktem Adidas-Logo, um Ihre H\u00e4nde sowohl warm als auch bequem zu halten. Mehrere Finger-Konnektivit\u00e4tspunkte machen die Verwendung Ihrer Touchscreen-Elektronik zum Kinderspiel, w\u00e4hrend Ihre H\u00e4nde warm bleiben. Vielseitiges Handschuh-Styling f\u00fcr alle Aktivit\u00e4ten und Anl\u00e4sse.<\/span> <br \/>Allwetter-Thermo-Handschuhe verf\u00fcgen \u00fcber mehrere E-Tip-Touchscreen-Konnektivit\u00e4ten, sodass Sie Ihre Smart-Ger\u00e4te problemlos verwenden k\u00f6nnen.<br \/>Flexible strukturierte Grip-Tech-Overlays f\u00fcr verbesserte Griffigkeit unter allen Bedingungen.<br \/>Ma\u00dfgeschneiderte Innenmanschette bietet Schutz vor Zugluft.<br \/>\n<br \/>[ad_2]<\/p>\n","protected":false},"excerpt":{"rendered":"<p>Price: [price_with_discount](as of [price_update_date] &#8211; Details) [ad_1] Damen-Handschuhe Coquina von Adidas verf\u00fcgen \u00fcber ein COLD.RDY Material, mit klassischem gesticktem Adidas-Logo, um Ihre H\u00e4nde sowohl warm als auch bequem zu halten.<\/p>\n","protected":false},"featured_media":81517,"comment_status":"open","ping_status":"closed","template":"","meta":[],"product_cat":[233],"product_tag":[273],"class_list":{"0":"post-81516","1":"product","2":"type-product","3":"status-publish","4":"has-post-thumbnail","6":"product_cat-fitness","7":"product_tag-exercise-fitness-accessories","9":"first","10":"instock","11":"shipping-taxable","12":"product-type-external"},"aioseo_notices":[],"_links":{"self":[{"href":"https:\/\/topgetestet.de\/index.php?rest_route=\/wp\/v2\/product\/81516","targetHints":{"allow":["GET"]}}],"collection":[{"href":"https:\/\/topgetestet.de\/index.php?rest_route=\/wp\/v2\/product"}],"about":[{"href":"https:\/\/topgetestet.de\/index.php?rest_route=\/wp\/v2\/types\/product"}],"replies":[{"embeddable":true,"href":"https:\/\/topgetestet.de\/index.php?rest_route=%2Fwp%2Fv2%2Fcomments&post=81516"}],"wp:featuredmedia":[{"embeddable":true,"href":"https:\/\/topgetestet.de\/index.php?rest_route=\/wp\/v2\/media\/81517"}],"wp:attachment":[{"href":"https:\/\/topgetestet.de\/index.php?rest_route=%2Fwp%2Fv2%2Fmedia&parent=81516"}],"wp:term":[{"taxonomy":"product_cat","embeddable":true,"href":"https:\/\/topgetestet.de\/index.php?rest_route=%2Fwp%2Fv2%2Fproduct_cat&post=81516"},{"taxonomy":"product_tag","embeddable":true,"href":"https:\/\/topgetestet.de\/index.php?rest_route=%2Fwp%2Fv2%2Fproduct_tag&post=81516"}],"curies":[{"name":"wp","href":"https:\/\/api.w.org\/{rel}","templated":true}]}}