{"id":81476,"date":"2022-11-05T05:19:23","date_gmt":"2022-11-05T05:19:23","guid":{"rendered":"https:\/\/topgetestet.de\/?product=full-body-cardio-workout-power-training-fur-geubte"},"modified":"2022-11-05T05:19:23","modified_gmt":"2022-11-05T05:19:23","slug":"full-body-cardio-workout-power-training-fur-geubte","status":"publish","type":"product","link":"https:\/\/topgetestet.de\/?product=full-body-cardio-workout-power-training-fur-geubte","title":{"rendered":"Full Body Cardio Workout: Power-Training f\u00fcr Ge\u00fcbte"},"content":{"rendered":"<p>Price: <span style=\"color:#b12704\">[price_with_discount]<\/span><br \/><i><small>(as of [price_update_date] &#8211; <span class=\"wp_automatic_amazon_disclaimer\" title=\"Product prices and availability are accurate as of the date\/time indicated and are subject to change. Any price and availability information displayed on [relevant Amazon Site(s), as applicable] at the time of purchase will apply to the purchase of this product.\">Details<\/span>)<\/small><\/i><\/p>\n<p><a href=\"https:\/\/amazon.de\/dp\/B004TJ19YO?tag=topgetestet09-21\"><img decoding=\"async\" src=\"https:\/\/i.imgur.com\/ISRHEWs.png\"><\/a><br \/>\n[ad_1]<br \/>\n <span>Das &#8220;Full Body Cardio Workout&#8221; ist ein forderndes und hochwirksames Ganzk\u00f6rpertraining f\u00fcr Ge\u00fcbte. Die erfahrene und lizensierte Group-Instructor und Personal-Trainerin Clarissa Sobiraj verbindet in diesem Programm effektive \u00dcbungen zum Auspowern, Schwitzen und Straffen unter Einsatz aller Muskel gruppen. Mit dem durch dachten Einsatz von Kurzhanteln und gezielten Cardio-Intervalleinheiten wird effizient Fett verbrannt und der Kreislauf auf Hochtouren gebracht. Das &#8220;Full Body Cardio Workout&#8221; animiert Sie zu H\u00f6chstleistungen. Clarissa motiviert durch positive Ausstrahlung und pers\u00f6nliche Ansprache. Vor einer Traumkulisse auf Ibiza gibt sie ihren aktiven Zuschauern vor dem Bildschirm gute Tipps, wie sie den sportlichen Effekt dauerhaft verst\u00e4rken und nutzen k\u00f6nnen. Das Programm beinhaltet eine Aufw\u00e4rm- und Entspannungseinheit.<\/span> <br \/> Seitenverh\u00e4ltnis \u200f : \u200e  16:9 &#8211; 1.77:1, 16:9 &#8211; 1.78:1 <br \/> Alterseinstufung \u200f : \u200e  Infoprogramm <br \/> Verpackungsabmessungen \u200f : \u200e  18.03 x 13.76 x 1.48 cm; 83.16 Gramm <br \/> Regisseur \u200f : \u200e  Britta Leimbach <br \/> Medienformat \u200f : \u200e  Dolby, PAL, Breitbild <br \/> Laufzeit \u200f : \u200e  56 Minuten <br \/> Erscheinungstermin \u200f : \u200e  16. Mai 2011 <br \/> Darsteller \u200f : \u200e  Clarissa Sobiraj <br \/> Sprache, \u200f : \u200e  Deutsch (Dolby Digital 2.0) <br \/> Studio \u200f : \u200e  KSM GmbH <br \/> ASIN \u200f : \u200e  B004TJ19YO <\/p>\n<p>[ad_2]<\/p>\n","protected":false},"excerpt":{"rendered":"<p>Price: [price_with_discount](as of [price_update_date] &#8211; Details) [ad_1] Das &#8220;Full Body Cardio Workout&#8221; ist ein forderndes und hochwirksames Ganzk\u00f6rpertraining f\u00fcr Ge\u00fcbte. Die erfahrene und lizensierte Group-Instructor und Personal-Trainerin Clarissa Sobiraj verbindet<\/p>\n","protected":false},"featured_media":81477,"comment_status":"open","ping_status":"closed","template":"","meta":[],"product_cat":[233],"product_tag":[274],"class_list":{"0":"post-81476","1":"product","2":"type-product","3":"status-publish","4":"has-post-thumbnail","6":"product_cat-fitness","7":"product_tag-cardio-training","9":"first","10":"instock","11":"shipping-taxable","12":"product-type-external"},"aioseo_notices":[],"_links":{"self":[{"href":"https:\/\/topgetestet.de\/index.php?rest_route=\/wp\/v2\/product\/81476","targetHints":{"allow":["GET"]}}],"collection":[{"href":"https:\/\/topgetestet.de\/index.php?rest_route=\/wp\/v2\/product"}],"about":[{"href":"https:\/\/topgetestet.de\/index.php?rest_route=\/wp\/v2\/types\/product"}],"replies":[{"embeddable":true,"href":"https:\/\/topgetestet.de\/index.php?rest_route=%2Fwp%2Fv2%2Fcomments&post=81476"}],"wp:featuredmedia":[{"embeddable":true,"href":"https:\/\/topgetestet.de\/index.php?rest_route=\/wp\/v2\/media\/81477"}],"wp:attachment":[{"href":"https:\/\/topgetestet.de\/index.php?rest_route=%2Fwp%2Fv2%2Fmedia&parent=81476"}],"wp:term":[{"taxonomy":"product_cat","embeddable":true,"href":"https:\/\/topgetestet.de\/index.php?rest_route=%2Fwp%2Fv2%2Fproduct_cat&post=81476"},{"taxonomy":"product_tag","embeddable":true,"href":"https:\/\/topgetestet.de\/index.php?rest_route=%2Fwp%2Fv2%2Fproduct_tag&post=81476"}],"curies":[{"name":"wp","href":"https:\/\/api.w.org\/{rel}","templated":true}]}}