{"id":81078,"date":"2022-11-02T09:23:16","date_gmt":"2022-11-02T09:23:16","guid":{"rendered":"https:\/\/topgetestet.de\/?product=fatburner-intensiv-workout-schlank-straff-in-rekordzeit"},"modified":"2022-11-02T09:23:16","modified_gmt":"2022-11-02T09:23:16","slug":"fatburner-intensiv-workout-schlank-straff-in-rekordzeit","status":"publish","type":"product","link":"https:\/\/topgetestet.de\/?product=fatburner-intensiv-workout-schlank-straff-in-rekordzeit","title":{"rendered":"Fatburner Intensiv Workout: schlank &#038; straff in Rekordzeit!"},"content":{"rendered":"<p>Price: <span style=\"color:#b12704\">[price_with_discount]<\/span><br \/><i><small>(as of [price_update_date] &#8211; <span class=\"wp_automatic_amazon_disclaimer\" title=\"Product prices and availability are accurate as of the date\/time indicated and are subject to change. Any price and availability information displayed on [relevant Amazon Site(s), as applicable] at the time of purchase will apply to the purchase of this product.\">Details<\/span>)<\/small><\/i><\/p>\n<p><a href=\"https:\/\/amazon.de\/dp\/B00HT03VBO?tag=topgetestet09-21\"><img decoding=\"async\" src=\"https:\/\/i.imgur.com\/ISRHEWs.png\"><\/a><br \/>\n[ad_1]<br \/>\n <span>Volle Power f\u00fcr den Traumbody \u2013 schlank &amp; straff in Rekordzeit!<\/p>\n<p>Da kommt die Fettverbrennung so richtig auf Touren: Fitness-Profi Stefanie Rohr pr\u00e4sentiert ein hochintensives Workout, das fit f\u00fcr den Bikini macht.<\/p>\n<p>Alle Muskelgruppen werden effektiv trainiert \u2013 f\u00fcr einen K\u00f6rper in Bestform. Ein besonderer Schwerpunkt liegt auf typischen weiblichen Problemzonen wie Bauch, Beinen &amp; Po.<\/p>\n<p>Wirkungsvolle \u00dcbungen im Stand und am Boden sorgen au\u00dferdem f\u00fcr definierte Arme und eine starke Core-Muskulatur. Spa\u00df haben &amp; Kalorien verbrennen \u2013 mit dem Fatburner Intensiv-Workout schmelzen die Fettp\u00f6lsterchen dahin.<\/p>\n<p>Das Ergebnis: eine Figur, die wie gemacht ist f\u00fcr den Strand \u2013 schlank, straff &amp; sexy!<\/p>\n<p>Inhalt:<br \/>Komplettkurs: 71 Min.<br \/>\u00dcbungen im Stand: 31 Min.<br \/>\u00dcbungen am Boden: 39 Min.<br \/>Stretching: 9 Min.<\/span> <br \/> Seitenverh\u00e4ltnis \u200f : \u200e  16:9 &#8211; 1.77:1 <br \/> Alterseinstufung \u200f : \u200e  Infoprogramm <br \/> Produktabmessungen \u200f : \u200e  13.4 x 1.7 x 19 cm; 86 Gramm <br \/> Herstellerreferenz \u200f : \u200e  7770873CFC <br \/> Regisseur \u200f : \u200e  Daniel Stegen <br \/> Medienformat \u200f : \u200e  Dolby, PAL <br \/> Laufzeit \u200f : \u200e  1 Stunde und 11 Minuten <br \/> Erscheinungstermin \u200f : \u200e  28. M\u00e4rz 2014 <br \/> Sprache, \u200f : \u200e  Deutsch (Dolby Digital 2.0) <br \/> Studio \u200f : \u200e  WVG Medien GmbH <br \/> ASIN \u200f : \u200e  B00HT03VBO <br \/> Herkunftsland \u200f : \u200e  Deutschland <br \/> Anzahl Disks \u200f : \u200e  1 <\/p>\n<p>[ad_2]<\/p>\n","protected":false},"excerpt":{"rendered":"<p>Price: [price_with_discount](as of [price_update_date] &#8211; Details) [ad_1] Volle Power f\u00fcr den Traumbody \u2013 schlank &amp; straff in Rekordzeit! Da kommt die Fettverbrennung so richtig auf Touren: Fitness-Profi Stefanie Rohr pr\u00e4sentiert<\/p>\n","protected":false},"featured_media":81079,"comment_status":"open","ping_status":"closed","template":"","meta":[],"product_cat":[233],"product_tag":[274],"class_list":{"0":"post-81078","1":"product","2":"type-product","3":"status-publish","4":"has-post-thumbnail","6":"product_cat-fitness","7":"product_tag-cardio-training","9":"first","10":"instock","11":"shipping-taxable","12":"product-type-external"},"aioseo_notices":[],"_links":{"self":[{"href":"https:\/\/topgetestet.de\/index.php?rest_route=\/wp\/v2\/product\/81078","targetHints":{"allow":["GET"]}}],"collection":[{"href":"https:\/\/topgetestet.de\/index.php?rest_route=\/wp\/v2\/product"}],"about":[{"href":"https:\/\/topgetestet.de\/index.php?rest_route=\/wp\/v2\/types\/product"}],"replies":[{"embeddable":true,"href":"https:\/\/topgetestet.de\/index.php?rest_route=%2Fwp%2Fv2%2Fcomments&post=81078"}],"wp:featuredmedia":[{"embeddable":true,"href":"https:\/\/topgetestet.de\/index.php?rest_route=\/wp\/v2\/media\/81079"}],"wp:attachment":[{"href":"https:\/\/topgetestet.de\/index.php?rest_route=%2Fwp%2Fv2%2Fmedia&parent=81078"}],"wp:term":[{"taxonomy":"product_cat","embeddable":true,"href":"https:\/\/topgetestet.de\/index.php?rest_route=%2Fwp%2Fv2%2Fproduct_cat&post=81078"},{"taxonomy":"product_tag","embeddable":true,"href":"https:\/\/topgetestet.de\/index.php?rest_route=%2Fwp%2Fv2%2Fproduct_tag&post=81078"}],"curies":[{"name":"wp","href":"https:\/\/api.w.org\/{rel}","templated":true}]}}