{"id":78883,"date":"2022-10-17T23:06:23","date_gmt":"2022-10-17T23:06:23","guid":{"rendered":"https:\/\/topgetestet.de\/?product=wonderbra-damen-t-shirt-bra-bh"},"modified":"2022-10-17T23:06:23","modified_gmt":"2022-10-17T23:06:23","slug":"wonderbra-damen-t-shirt-bra-bh","status":"publish","type":"product","link":"https:\/\/topgetestet.de\/?product=wonderbra-damen-t-shirt-bra-bh","title":{"rendered":"Wonderbra Damen T-Shirt Bra BH"},"content":{"rendered":"<p>Price: <span style=\"color:#b12704\">[price_with_discount]<\/span><br \/><i><small>(as of [price_update_date] &#8211; <span class=\"wp_automatic_amazon_disclaimer\" title=\"Product prices and availability are accurate as of the date\/time indicated and are subject to change. Any price and availability information displayed on [relevant Amazon Site(s), as applicable] at the time of purchase will apply to the purchase of this product.\">Details<\/span>)<\/small><\/i><\/p>\n<p><a href=\"https:\/\/amazon.de\/dp\/B005J4BHPO?tag=topgetestet09-21\"><img decoding=\"async\" src=\"https:\/\/i.imgur.com\/ISRHEWs.png\"><\/a><br \/>\n[ad_1]<br \/>\n <span>T-Shirt-BH mit nahtlos gemodeten Cups und flachen Abschl\u00fcsse, unsichtbar unter der Kleidung &#8211; formt ein sch\u00f6nes Dekollet\u00e9, weiches Tragegef\u00fchl dank Baumwoll-Anteil im Innen-Cup &#8211; an die Cup-Gr\u00f6\u00dfe angepasster Push-Up-Effect: Je gr\u00f6\u00dfer das Cup desto sanfter das Padding &#8211; Die schmalen, verstellbaren und weichen Au\u00dfentr\u00e4ger erm\u00f6glichen das Tragen von weiter ausgeschnittenen Oberteilen &#8211; Tr\u00e4ger k\u00f6nnen im R\u00fccken gekreuzt werden<\/span> <br \/> Im Angebot von Amazon.de seit \u200f : \u200e  30. Oktober 2017 <br \/> Hersteller \u200f : \u200e  Wonderbra <br \/> ASIN \u200f : \u200e  B0771GZ82X <br \/> Kategorie \u200f : \u200e  Damen <\/p>\n<p>Besonders anschmiegsam durch Mikrofaser. Extra flache N\u00e4hte.<br \/>Verschluss: Hakenverschluss<br \/>62% Polyamid, 22% Polyester, 16% Elasthan<br \/>T-Shirt<br \/>Pflegehinweis: Nur Handw\u00e4sche<br \/>Modellnummer: W9443<br \/>\n<br \/>[ad_2]<\/p>\n","protected":false},"excerpt":{"rendered":"<p>Price: [price_with_discount](as of [price_update_date] &#8211; Details) [ad_1] T-Shirt-BH mit nahtlos gemodeten Cups und flachen Abschl\u00fcsse, unsichtbar unter der Kleidung &#8211; formt ein sch\u00f6nes Dekollet\u00e9, weiches Tragegef\u00fchl dank Baumwoll-Anteil im Innen-Cup<\/p>\n","protected":false},"featured_media":78884,"comment_status":"open","ping_status":"closed","template":"","meta":[],"product_cat":[233],"product_tag":[276],"class_list":{"0":"post-78883","1":"product","2":"type-product","3":"status-publish","4":"has-post-thumbnail","6":"product_cat-fitness","7":"product_tag-womens-clothing","9":"first","10":"instock","11":"sale","12":"shipping-taxable","13":"product-type-external"},"aioseo_notices":[],"_links":{"self":[{"href":"https:\/\/topgetestet.de\/index.php?rest_route=\/wp\/v2\/product\/78883","targetHints":{"allow":["GET"]}}],"collection":[{"href":"https:\/\/topgetestet.de\/index.php?rest_route=\/wp\/v2\/product"}],"about":[{"href":"https:\/\/topgetestet.de\/index.php?rest_route=\/wp\/v2\/types\/product"}],"replies":[{"embeddable":true,"href":"https:\/\/topgetestet.de\/index.php?rest_route=%2Fwp%2Fv2%2Fcomments&post=78883"}],"wp:featuredmedia":[{"embeddable":true,"href":"https:\/\/topgetestet.de\/index.php?rest_route=\/wp\/v2\/media\/78884"}],"wp:attachment":[{"href":"https:\/\/topgetestet.de\/index.php?rest_route=%2Fwp%2Fv2%2Fmedia&parent=78883"}],"wp:term":[{"taxonomy":"product_cat","embeddable":true,"href":"https:\/\/topgetestet.de\/index.php?rest_route=%2Fwp%2Fv2%2Fproduct_cat&post=78883"},{"taxonomy":"product_tag","embeddable":true,"href":"https:\/\/topgetestet.de\/index.php?rest_route=%2Fwp%2Fv2%2Fproduct_tag&post=78883"}],"curies":[{"name":"wp","href":"https:\/\/api.w.org\/{rel}","templated":true}]}}