{"id":78119,"date":"2022-10-17T18:13:00","date_gmt":"2022-10-17T18:13:00","guid":{"rendered":"https:\/\/topgetestet.de\/?product=puma-damen-womens-sneaker-studio-socks-1-pack"},"modified":"2022-10-17T18:13:00","modified_gmt":"2022-10-17T18:13:00","slug":"puma-damen-womens-sneaker-studio-socks-1-pack","status":"publish","type":"product","link":"https:\/\/topgetestet.de\/?product=puma-damen-womens-sneaker-studio-socks-1-pack","title":{"rendered":"PUMA Damen Women&#8217;s Sneaker Studio Socks 1 Pack"},"content":{"rendered":"<p>Price: <span style=\"color:#b12704\">[price_with_discount]<\/span><br \/><i><small>(as of [price_update_date] &#8211; <span class=\"wp_automatic_amazon_disclaimer\" title=\"Product prices and availability are accurate as of the date\/time indicated and are subject to change. Any price and availability information displayed on [relevant Amazon Site(s), as applicable] at the time of purchase will apply to the purchase of this product.\">Details<\/span>)<\/small><\/i><\/p>\n<p><a href=\"https:\/\/amazon.de\/dp\/B08MY86HHK?tag=topgetestet09-21\"><img decoding=\"async\" src=\"https:\/\/i.imgur.com\/ISRHEWs.png\"><\/a><br \/>\n[ad_1]<br \/>\n <span>Die Sneaker-Studio-Socken f\u00fcr Damen von PUMA sind die perfekte Erg\u00e4nzung f\u00fcr deine Zeit auf der Matte. Die zus\u00e4tzliche Unterst\u00fctzung am Fu\u00dfr\u00fccken verleiht einen besseren Sitz und Stabilit\u00e4t und das feuchtigkeitsabweisende Gewebe sorgt daf\u00fcr, dass deine F\u00fc\u00dfe trocken bleiben. Mit diesen perfekten Socken f\u00fcr deine Yoga- und Pilates-Einheiten kommst du an dein Limit.<\/span> <br \/> Produktabmessungen \u200f : \u200e  50 x 30 x 10 cm; 30 Gramm <br \/> Im Angebot von Amazon.de seit \u200f : \u200e  7. November 2020 <br \/> Hersteller \u200f : \u200e  Stichd <br \/> ASIN \u200f : \u200e  B08MY9QJZW <br \/> Modellnummer \u200f : \u200e  701202485 <br \/> Kategorie \u200f : \u200e  Damen <\/p>\n<p>[ad_2]<\/p>\n","protected":false},"excerpt":{"rendered":"<p>Price: [price_with_discount](as of [price_update_date] &#8211; Details) [ad_1] Die Sneaker-Studio-Socken f\u00fcr Damen von PUMA sind die perfekte Erg\u00e4nzung f\u00fcr deine Zeit auf der Matte. Die zus\u00e4tzliche Unterst\u00fctzung am Fu\u00dfr\u00fccken verleiht einen<\/p>\n","protected":false},"featured_media":78120,"comment_status":"open","ping_status":"closed","template":"","meta":[],"product_cat":[230],"product_tag":[266],"class_list":{"0":"post-78119","1":"product","2":"type-product","3":"status-publish","4":"has-post-thumbnail","6":"product_cat-fashion","7":"product_tag-womens-fashion-sneakers","9":"first","10":"instock","11":"shipping-taxable","12":"product-type-external"},"aioseo_notices":[],"_links":{"self":[{"href":"https:\/\/topgetestet.de\/index.php?rest_route=\/wp\/v2\/product\/78119","targetHints":{"allow":["GET"]}}],"collection":[{"href":"https:\/\/topgetestet.de\/index.php?rest_route=\/wp\/v2\/product"}],"about":[{"href":"https:\/\/topgetestet.de\/index.php?rest_route=\/wp\/v2\/types\/product"}],"replies":[{"embeddable":true,"href":"https:\/\/topgetestet.de\/index.php?rest_route=%2Fwp%2Fv2%2Fcomments&post=78119"}],"wp:featuredmedia":[{"embeddable":true,"href":"https:\/\/topgetestet.de\/index.php?rest_route=\/wp\/v2\/media\/78120"}],"wp:attachment":[{"href":"https:\/\/topgetestet.de\/index.php?rest_route=%2Fwp%2Fv2%2Fmedia&parent=78119"}],"wp:term":[{"taxonomy":"product_cat","embeddable":true,"href":"https:\/\/topgetestet.de\/index.php?rest_route=%2Fwp%2Fv2%2Fproduct_cat&post=78119"},{"taxonomy":"product_tag","embeddable":true,"href":"https:\/\/topgetestet.de\/index.php?rest_route=%2Fwp%2Fv2%2Fproduct_tag&post=78119"}],"curies":[{"name":"wp","href":"https:\/\/api.w.org\/{rel}","templated":true}]}}