{"id":77993,"date":"2022-10-17T17:37:34","date_gmt":"2022-10-17T17:37:34","guid":{"rendered":"https:\/\/topgetestet.de\/?product=adidas-damen-ozweego-w-sneaker"},"modified":"2022-10-17T17:37:34","modified_gmt":"2022-10-17T17:37:34","slug":"adidas-damen-ozweego-w-sneaker","status":"publish","type":"product","link":"https:\/\/topgetestet.de\/?product=adidas-damen-ozweego-w-sneaker","title":{"rendered":"adidas Damen Ozweego W Sneaker"},"content":{"rendered":"<p>Price: <span style=\"color:#b12704\">[price_with_discount]<\/span><br \/><i><small>(as of [price_update_date] &#8211; <span class=\"wp_automatic_amazon_disclaimer\" title=\"Product prices and availability are accurate as of the date\/time indicated and are subject to change. Any price and availability information displayed on [relevant Amazon Site(s), as applicable] at the time of purchase will apply to the purchase of this product.\">Details<\/span>)<\/small><\/i><\/p>\n<p><a href=\"https:\/\/amazon.de\/dp\/B0B6948LP1?tag=topgetestet09-21\"><img decoding=\"async\" src=\"https:\/\/i.imgur.com\/ISRHEWs.png\"><\/a><br \/>\n[ad_1]<br \/>\n <span>Als das Adidas Ozweegego ihr Deb\u00fct im Rennen gab, \u00f6ffneten sie die T\u00fcren f\u00fcr eine unver\u00f6ffentlichte Zukunft. Innovativ. Fett gedruckt. Darsteller. Diese Stra\u00dfenversion \u00fcberreichte die Legende mit dem gleichen progressiven Design und einer beispiellosen Amortisation. Es ist nicht notwendig, L\u00e4ufer zu sein, um das Maximum aus Ihren Schuhen zu fordern.<\/span> <br \/> Verpackungsabmessungen \u200f : \u200e  33 x 21 x 11 cm; 1 Kilogramm <br \/> Im Angebot von Amazon.de seit \u200f : \u200e  4. Februar 2022 <br \/> Hersteller \u200f : \u200e  Adidas <br \/> ASIN \u200f : \u200e  B09RSQ361V <br \/> Modellnummer \u200f : \u200e  GY6177 <br \/> Kategorie \u200f : \u200e  Damen <\/p>\n<p>Innenmaterial: Synthetic<br \/>Sohle: Gummi<br \/>Verschluss: Schn\u00fcrung<br \/>Absatzform: Kein Absatz<br \/>Schuhweite: Medium<br \/>Nicht wasserfest<br \/>Ankle Strap<br \/>\n<br \/>[ad_2]<\/p>\n","protected":false},"excerpt":{"rendered":"<p>Price: [price_with_discount](as of [price_update_date] &#8211; Details) [ad_1] Als das Adidas Ozweegego ihr Deb\u00fct im Rennen gab, \u00f6ffneten sie die T\u00fcren f\u00fcr eine unver\u00f6ffentlichte Zukunft. Innovativ. Fett gedruckt. Darsteller. Diese Stra\u00dfenversion<\/p>\n","protected":false},"featured_media":77994,"comment_status":"open","ping_status":"closed","template":"","meta":[],"product_cat":[230],"product_tag":[266],"class_list":{"0":"post-77993","1":"product","2":"type-product","3":"status-publish","4":"has-post-thumbnail","6":"product_cat-fashion","7":"product_tag-womens-fashion-sneakers","9":"first","10":"instock","11":"shipping-taxable","12":"product-type-external"},"aioseo_notices":[],"_links":{"self":[{"href":"https:\/\/topgetestet.de\/index.php?rest_route=\/wp\/v2\/product\/77993","targetHints":{"allow":["GET"]}}],"collection":[{"href":"https:\/\/topgetestet.de\/index.php?rest_route=\/wp\/v2\/product"}],"about":[{"href":"https:\/\/topgetestet.de\/index.php?rest_route=\/wp\/v2\/types\/product"}],"replies":[{"embeddable":true,"href":"https:\/\/topgetestet.de\/index.php?rest_route=%2Fwp%2Fv2%2Fcomments&post=77993"}],"wp:featuredmedia":[{"embeddable":true,"href":"https:\/\/topgetestet.de\/index.php?rest_route=\/wp\/v2\/media\/77994"}],"wp:attachment":[{"href":"https:\/\/topgetestet.de\/index.php?rest_route=%2Fwp%2Fv2%2Fmedia&parent=77993"}],"wp:term":[{"taxonomy":"product_cat","embeddable":true,"href":"https:\/\/topgetestet.de\/index.php?rest_route=%2Fwp%2Fv2%2Fproduct_cat&post=77993"},{"taxonomy":"product_tag","embeddable":true,"href":"https:\/\/topgetestet.de\/index.php?rest_route=%2Fwp%2Fv2%2Fproduct_tag&post=77993"}],"curies":[{"name":"wp","href":"https:\/\/api.w.org\/{rel}","templated":true}]}}