{"id":77538,"date":"2022-10-17T14:14:40","date_gmt":"2022-10-17T14:14:40","guid":{"rendered":"https:\/\/topgetestet.de\/?product=mustang-damen-1378-304-243-sneaker"},"modified":"2022-10-17T14:14:40","modified_gmt":"2022-10-17T14:14:40","slug":"mustang-damen-1378-304-243-sneaker","status":"publish","type":"product","link":"https:\/\/topgetestet.de\/?product=mustang-damen-1378-304-243-sneaker","title":{"rendered":"MUSTANG Damen 1378-304-243 Sneaker"},"content":{"rendered":"<p>Price: <span style=\"color:#b12704\">[price_with_discount]<\/span><br \/><i><small>(as of [price_update_date] &#8211; <span class=\"wp_automatic_amazon_disclaimer\" title=\"Product prices and availability are accurate as of the date\/time indicated and are subject to change. Any price and availability information displayed on [relevant Amazon Site(s), as applicable] at the time of purchase will apply to the purchase of this product.\">Details<\/span>)<\/small><\/i><\/p>\n<p><a href=\"https:\/\/amazon.de\/dp\/B09DSQJYWM?tag=topgetestet09-21\"><img decoding=\"async\" src=\"https:\/\/i.imgur.com\/ISRHEWs.png\"><\/a><br \/>\n[ad_1]<br \/>\n <span>Trendiger Damen Sneaker von Mustang! Im sommerlich leichten Obermaterial und modischem Keilabsatz f\u00fcr einen sportlichen Look! Die Schn\u00fcrung sorgt f\u00fcr einen variablen und festen Halt<\/span> <br \/> Verpackungsabmessungen \u200f : \u200e  31.2 x 24.6 x 11.2 cm; 720 Gramm <br \/> Im Angebot von Amazon.de seit \u200f : \u200e  27. August 2021 <br \/> Hersteller \u200f : \u200e  Mustang <br \/> ASIN \u200f : \u200e  B09DSQKPTP <br \/> Modellnummer \u200f : \u200e  1378-304-243 <br \/> Kategorie \u200f : \u200e  Damen <\/p>\n<p>[ad_2]<\/p>\n","protected":false},"excerpt":{"rendered":"<p>Price: [price_with_discount](as of [price_update_date] &#8211; Details) [ad_1] Trendiger Damen Sneaker von Mustang! Im sommerlich leichten Obermaterial und modischem Keilabsatz f\u00fcr einen sportlichen Look! Die Schn\u00fcrung sorgt f\u00fcr einen variablen und<\/p>\n","protected":false},"featured_media":77539,"comment_status":"open","ping_status":"closed","template":"","meta":[],"product_cat":[230],"product_tag":[266],"class_list":{"0":"post-77538","1":"product","2":"type-product","3":"status-publish","4":"has-post-thumbnail","6":"product_cat-fashion","7":"product_tag-womens-fashion-sneakers","9":"first","10":"instock","11":"shipping-taxable","12":"product-type-external"},"aioseo_notices":[],"_links":{"self":[{"href":"https:\/\/topgetestet.de\/index.php?rest_route=\/wp\/v2\/product\/77538","targetHints":{"allow":["GET"]}}],"collection":[{"href":"https:\/\/topgetestet.de\/index.php?rest_route=\/wp\/v2\/product"}],"about":[{"href":"https:\/\/topgetestet.de\/index.php?rest_route=\/wp\/v2\/types\/product"}],"replies":[{"embeddable":true,"href":"https:\/\/topgetestet.de\/index.php?rest_route=%2Fwp%2Fv2%2Fcomments&post=77538"}],"wp:featuredmedia":[{"embeddable":true,"href":"https:\/\/topgetestet.de\/index.php?rest_route=\/wp\/v2\/media\/77539"}],"wp:attachment":[{"href":"https:\/\/topgetestet.de\/index.php?rest_route=%2Fwp%2Fv2%2Fmedia&parent=77538"}],"wp:term":[{"taxonomy":"product_cat","embeddable":true,"href":"https:\/\/topgetestet.de\/index.php?rest_route=%2Fwp%2Fv2%2Fproduct_cat&post=77538"},{"taxonomy":"product_tag","embeddable":true,"href":"https:\/\/topgetestet.de\/index.php?rest_route=%2Fwp%2Fv2%2Fproduct_tag&post=77538"}],"curies":[{"name":"wp","href":"https:\/\/api.w.org\/{rel}","templated":true}]}}