{"id":77197,"date":"2022-10-17T11:58:07","date_gmt":"2022-10-17T11:58:07","guid":{"rendered":"https:\/\/topgetestet.de\/?post_type=product&#038;p=77197"},"modified":"2022-10-17T11:58:07","modified_gmt":"2022-10-17T11:58:07","slug":"axis-b092301-mount-netzwerk-uberwachungskamera-28-v-weis","status":"publish","type":"product","link":"https:\/\/topgetestet.de\/?product=axis-b092301-mount-netzwerk-uberwachungskamera-28-v-weis","title":{"rendered":"AXIS B092301 Mount Netzwerk-\u00dcberwachungskamera, 28 V, Wei\u00df"},"content":{"rendered":"<p>Price: <span style=\"color:#b12704\">[price_with_discount]<\/span><br \/><i><small>(as of [price_update_date] &#8211; <span class=\"wp_automatic_amazon_disclaimer\" title=\"Product prices and availability are accurate as of the date\/time indicated and are subject to change. Any price and availability information displayed on [relevant Amazon Site(s), as applicable] at the time of purchase will apply to the purchase of this product.\">Details<\/span>)<\/small><\/i><\/p>\n<p><a href=\"https:\/\/amazon.de\/dp\/B00Z1MWFPK?tag=topgetestet09-21\"><img decoding=\"async\" src=\"https:\/\/i.imgur.com\/ISRHEWs.png\"><\/a><br \/>\n[ad_1]<br \/>\n <span>AXIS M1124 CS Mount Netzwerk-\u00dcberwachungskamera ist hochoptimiert f\u00fcr forensische Zwecke und bietet extreme Details, auch in Szenen mit sehr komplexen Lichtverh\u00e4ltnissen. Dank des automatischen IR-Cut-Filters kann AXIS M1124 Bilder sowohl Tag als auch Nacht liefern. Dar\u00fcber hinaus verf\u00fcgt die Netzwerkkamera \u00fcber die M\u00f6glichkeit, nahtlos zwischen WDR und Low-Light-Modus zu wechseln. Integriert AXIS ZIP-Stream-Technologie, die eine radikal effizientere H.264-Implementierung darstellt, die Bandbreite und Speicheranforderungen um durchschnittlich 50% oder mehr senkt f\u00fcr viele g\u00e4ngige 24\/7-\u00dcberwachungs-Anwendungen. Unterst\u00fctzt digitales Videoformat MJPEG, H.264, MPEG-4 und AVC.<\/span> <br \/>VARI Focal CS-Mount Objektiv<br \/>Zip-Stream-Technologie und Tag\/Nacht F\u00e4higkeit<br \/>WDR, um Szenen mit komplexen Lichtverh\u00e4ltnissen zu bew\u00e4ltigen<br \/>Hohe Videoqualit\u00e4t in HDTV 1280 x 720 P und 2 MP Aufl\u00f6sung<br \/>\n<br \/>[ad_2]<\/p>\n","protected":false},"excerpt":{"rendered":"<p>Price: [price_with_discount](as of [price_update_date] &#8211; Details) [ad_1] AXIS M1124 CS Mount Netzwerk-\u00dcberwachungskamera ist hochoptimiert f\u00fcr forensische Zwecke und bietet extreme Details, auch in Szenen mit sehr komplexen Lichtverh\u00e4ltnissen. Dank des<\/p>\n","protected":false},"featured_media":77198,"comment_status":"open","ping_status":"closed","template":"","meta":[],"product_cat":[226],"product_tag":[254],"class_list":{"0":"post-77197","1":"product","2":"type-product","3":"status-publish","4":"has-post-thumbnail","6":"product_cat-cameras","7":"product_tag-security-cameras","9":"first","10":"instock","11":"shipping-taxable","12":"product-type-external"},"aioseo_notices":[],"_links":{"self":[{"href":"https:\/\/topgetestet.de\/index.php?rest_route=\/wp\/v2\/product\/77197","targetHints":{"allow":["GET"]}}],"collection":[{"href":"https:\/\/topgetestet.de\/index.php?rest_route=\/wp\/v2\/product"}],"about":[{"href":"https:\/\/topgetestet.de\/index.php?rest_route=\/wp\/v2\/types\/product"}],"replies":[{"embeddable":true,"href":"https:\/\/topgetestet.de\/index.php?rest_route=%2Fwp%2Fv2%2Fcomments&post=77197"}],"wp:featuredmedia":[{"embeddable":true,"href":"https:\/\/topgetestet.de\/index.php?rest_route=\/wp\/v2\/media\/77198"}],"wp:attachment":[{"href":"https:\/\/topgetestet.de\/index.php?rest_route=%2Fwp%2Fv2%2Fmedia&parent=77197"}],"wp:term":[{"taxonomy":"product_cat","embeddable":true,"href":"https:\/\/topgetestet.de\/index.php?rest_route=%2Fwp%2Fv2%2Fproduct_cat&post=77197"},{"taxonomy":"product_tag","embeddable":true,"href":"https:\/\/topgetestet.de\/index.php?rest_route=%2Fwp%2Fv2%2Fproduct_tag&post=77197"}],"curies":[{"name":"wp","href":"https:\/\/api.w.org\/{rel}","templated":true}]}}