{"id":74652,"date":"2022-10-16T19:32:02","date_gmt":"2022-10-16T19:32:02","guid":{"rendered":"https:\/\/topgetestet.de\/?product=amazon-basics-hochdichte-bodenmatte-fur-trainingsgerate-laufbander-und-fitnessstudios"},"modified":"2022-10-16T19:32:02","modified_gmt":"2022-10-16T19:32:02","slug":"amazon-basics-hochdichte-bodenmatte-fur-trainingsgerate-laufbander-und-fitnessstudios","status":"publish","type":"product","link":"https:\/\/topgetestet.de\/?product=amazon-basics-hochdichte-bodenmatte-fur-trainingsgerate-laufbander-und-fitnessstudios","title":{"rendered":"Amazon Basics \u2013 Hochdichte Bodenmatte f\u00fcr Trainingsger\u00e4te, Laufb\u00e4nder und Fitnessstudios"},"content":{"rendered":"<p>Price: <span style=\"color:#b12704\">[price_with_discount]<\/span><br \/><i><small>(as of [price_update_date] &#8211; <span class=\"wp_automatic_amazon_disclaimer\" title=\"Product prices and availability are accurate as of the date\/time indicated and are subject to change. Any price and availability information displayed on [relevant Amazon Site(s), as applicable] at the time of purchase will apply to the purchase of this product.\">Details<\/span>)<\/small><\/i><\/p>\n<p><a href=\"https:\/\/amazon.de\/dp\/B07BLBQZ93?tag=topgetestet09-21\"><img decoding=\"async\" src=\"https:\/\/i.imgur.com\/ISRHEWs.png\"><\/a><br \/>\n[ad_1]<br \/>\n <span>Eine Amazon-Marke<\/span> <br \/>Sch\u00fctzt B\u00f6den und Teppiche vor Sch\u00e4den durch schwere Ger\u00e4te<br \/>Sorgt f\u00fcr eine saubere, optimale Trainingsumgebung<br \/>Auch gut geeignet f\u00fcr Step-Aerobic oder als Aerobic-Matte ganz allgemein; elegantes Schwarz erleichtert die farbliche Abstimmung<br \/>Misst 182,88 x 76,2 x 0,76\u00a0cm (L x B x H); wiegt 3,26\u00a0kg<br \/>\n<br \/>[ad_2]<\/p>\n","protected":false},"excerpt":{"rendered":"<p>Price: [price_with_discount](as of [price_update_date] &#8211; Details) [ad_1] Eine Amazon-Marke Sch\u00fctzt B\u00f6den und Teppiche vor Sch\u00e4den durch schwere Ger\u00e4teSorgt f\u00fcr eine saubere, optimale TrainingsumgebungAuch gut geeignet f\u00fcr Step-Aerobic oder als Aerobic-Matte<\/p>\n","protected":false},"featured_media":74653,"comment_status":"open","ping_status":"closed","template":"","meta":[],"product_cat":[233],"product_tag":[252],"class_list":{"0":"post-74652","1":"product","2":"type-product","3":"status-publish","4":"has-post-thumbnail","6":"product_cat-fitness","7":"product_tag-exercise-fitness-equipment","9":"first","10":"instock","11":"shipping-taxable","12":"product-type-external"},"aioseo_notices":[],"_links":{"self":[{"href":"https:\/\/topgetestet.de\/index.php?rest_route=\/wp\/v2\/product\/74652","targetHints":{"allow":["GET"]}}],"collection":[{"href":"https:\/\/topgetestet.de\/index.php?rest_route=\/wp\/v2\/product"}],"about":[{"href":"https:\/\/topgetestet.de\/index.php?rest_route=\/wp\/v2\/types\/product"}],"replies":[{"embeddable":true,"href":"https:\/\/topgetestet.de\/index.php?rest_route=%2Fwp%2Fv2%2Fcomments&post=74652"}],"wp:featuredmedia":[{"embeddable":true,"href":"https:\/\/topgetestet.de\/index.php?rest_route=\/wp\/v2\/media\/74653"}],"wp:attachment":[{"href":"https:\/\/topgetestet.de\/index.php?rest_route=%2Fwp%2Fv2%2Fmedia&parent=74652"}],"wp:term":[{"taxonomy":"product_cat","embeddable":true,"href":"https:\/\/topgetestet.de\/index.php?rest_route=%2Fwp%2Fv2%2Fproduct_cat&post=74652"},{"taxonomy":"product_tag","embeddable":true,"href":"https:\/\/topgetestet.de\/index.php?rest_route=%2Fwp%2Fv2%2Fproduct_tag&post=74652"}],"curies":[{"name":"wp","href":"https:\/\/api.w.org\/{rel}","templated":true}]}}