{"id":74611,"date":"2022-10-16T19:16:23","date_gmt":"2022-10-16T19:16:23","guid":{"rendered":"https:\/\/topgetestet.de\/?product=skechers"},"modified":"2022-10-16T19:16:23","modified_gmt":"2022-10-16T19:16:23","slug":"skechers","status":"publish","type":"product","link":"https:\/\/topgetestet.de\/?product=skechers","title":{"rendered":"Skechers"},"content":{"rendered":"<p>Price: <span style=\"color:#b12704\">[price_with_discount]<\/span><br \/><i><small>(as of [price_update_date] &#8211; <span class=\"wp_automatic_amazon_disclaimer\" title=\"Product prices and availability are accurate as of the date\/time indicated and are subject to change. Any price and availability information displayed on [relevant Amazon Site(s), as applicable] at the time of purchase will apply to the purchase of this product.\">Details<\/span>)<\/small><\/i><\/p>\n<p><a href=\"https:\/\/amazon.de\/dp\/B08FF3RCL5?tag=topgetestet09-21\"><img decoding=\"async\" src=\"https:\/\/i.imgur.com\/ISRHEWs.png\"><\/a><br \/>\n[ad_1]<br \/>\n <span>Die Skechers Flex Appeal 3.0 Jer&#8217;see Sneaker f\u00fcr Damen haben folgende Eigenschaften: Die Skechers Flex Appeal 3.0 Jer&#8217;see Sneaker f\u00fcr Damen sind bequeme Schuhe die viel D\u00e4mpfung bieten. Eigenschaften: Passform: normale Passform; Schn\u00fcrverschluss Obermaterial: Textil D\u00e4mpfung: Air-Cooled Memory Foam Innensohle f\u00fchlt sich angenehm an, sorgt f\u00fcr D\u00e4mpfung udn Komfort Laufsohle: Gummilaufsohle Farbe: grau-schwarz-wei\u00df Material: Synthetik-Textil-Gummi Mehr \u00fcber Skechers gibt&#8217;s hier!<\/span> <br \/> Auslaufartikel (Produktion durch Hersteller eingestellt) \u200f : \u200e  Nein <br \/> Verpackungsabmessungen \u200f : \u200e  31 x 22 x 12 cm; 670 Gramm <br \/> Im Angebot von Amazon.de seit \u200f : \u200e  10. September 2020 <br \/> ASIN \u200f : \u200e  B08G8SS6CZ <br \/> Herstellerreferenz \u200f : \u200e  88888400 BKGY <br \/> Kategorie \u200f : \u200e  M\u00e4dchen <\/p>\n<p>[ad_2]<\/p>\n","protected":false},"excerpt":{"rendered":"<p>Price: [price_with_discount](as of [price_update_date] &#8211; Details) [ad_1] Die Skechers Flex Appeal 3.0 Jer&#8217;see Sneaker f\u00fcr Damen haben folgende Eigenschaften: Die Skechers Flex Appeal 3.0 Jer&#8217;see Sneaker f\u00fcr Damen sind bequeme<\/p>\n","protected":false},"featured_media":74612,"comment_status":"open","ping_status":"closed","template":"","meta":[],"product_cat":[230],"product_tag":[266],"class_list":{"0":"post-74611","1":"product","2":"type-product","3":"status-publish","4":"has-post-thumbnail","6":"product_cat-fashion","7":"product_tag-womens-fashion-sneakers","9":"first","10":"instock","11":"shipping-taxable","12":"product-type-external"},"aioseo_notices":[],"_links":{"self":[{"href":"https:\/\/topgetestet.de\/index.php?rest_route=\/wp\/v2\/product\/74611","targetHints":{"allow":["GET"]}}],"collection":[{"href":"https:\/\/topgetestet.de\/index.php?rest_route=\/wp\/v2\/product"}],"about":[{"href":"https:\/\/topgetestet.de\/index.php?rest_route=\/wp\/v2\/types\/product"}],"replies":[{"embeddable":true,"href":"https:\/\/topgetestet.de\/index.php?rest_route=%2Fwp%2Fv2%2Fcomments&post=74611"}],"wp:featuredmedia":[{"embeddable":true,"href":"https:\/\/topgetestet.de\/index.php?rest_route=\/wp\/v2\/media\/74612"}],"wp:attachment":[{"href":"https:\/\/topgetestet.de\/index.php?rest_route=%2Fwp%2Fv2%2Fmedia&parent=74611"}],"wp:term":[{"taxonomy":"product_cat","embeddable":true,"href":"https:\/\/topgetestet.de\/index.php?rest_route=%2Fwp%2Fv2%2Fproduct_cat&post=74611"},{"taxonomy":"product_tag","embeddable":true,"href":"https:\/\/topgetestet.de\/index.php?rest_route=%2Fwp%2Fv2%2Fproduct_tag&post=74611"}],"curies":[{"name":"wp","href":"https:\/\/api.w.org\/{rel}","templated":true}]}}