{"id":74084,"date":"2022-10-16T16:18:49","date_gmt":"2022-10-16T16:18:49","guid":{"rendered":"https:\/\/topgetestet.de\/?product=winterstiefeletten-4"},"modified":"2022-10-16T16:18:49","modified_gmt":"2022-10-16T16:18:49","slug":"winterstiefeletten-4","status":"publish","type":"product","link":"https:\/\/topgetestet.de\/?product=winterstiefeletten-4","title":{"rendered":"Winterstiefeletten"},"content":{"rendered":"<p>Price: <span style=\"color:#b12704\">[price_with_discount]<\/span><br \/><i><small>(as of [price_update_date] &#8211; <span class=\"wp_automatic_amazon_disclaimer\" title=\"Product prices and availability are accurate as of the date\/time indicated and are subject to change. Any price and availability information displayed on [relevant Amazon Site(s), as applicable] at the time of purchase will apply to the purchase of this product.\">Details<\/span>)<\/small><\/i><\/p>\n<p><a href=\"https:\/\/amazon.de\/dp\/B08V99YDDK?tag=topgetestet09-21\"><img decoding=\"async\" src=\"https:\/\/i.imgur.com\/ISRHEWs.png\"><\/a><br \/>\n[ad_1]<br \/>\n <span>s.Oliver f\u00fcllt Ihre W\u00fcnsche mit Leben und pr\u00e4sentiert Mode f\u00fcr die gesamte Familie, stets mit besonderem Fokus auf Tragbarkeit. Moderne Styles, die allen Anforderungen des Alltags gerecht werden und dabei stets den modischen Anspruch im Auge behalten. Mit den Looks von s.Oliver liegen Sie immer richtig. Eine Kollektion, mit der sich garantiert jeder wohl f\u00fchlt.<\/span> <br \/> Verpackungsabmessungen \u200f : \u200e  33.9 x 31.2 x 12.2 cm; 950 Gramm <br \/> Im Angebot von Amazon.de seit \u200f : \u200e  28. Januar 2021 <br \/> Hersteller \u200f : \u200e  shoe.com GmbH &#038; Co. KG <br \/> ASIN \u200f : \u200e  B08V94SG39 <br \/> Modellnummer \u200f : \u200e  5-5-26340-37 <br \/> Kategorie \u200f : \u200e  Damen <\/p>\n<p>[ad_2]<\/p>\n","protected":false},"excerpt":{"rendered":"<p>Price: [price_with_discount](as of [price_update_date] &#8211; Details) [ad_1] s.Oliver f\u00fcllt Ihre W\u00fcnsche mit Leben und pr\u00e4sentiert Mode f\u00fcr die gesamte Familie, stets mit besonderem Fokus auf Tragbarkeit. Moderne Styles, die allen<\/p>\n","protected":false},"featured_media":74085,"comment_status":"open","ping_status":"closed","template":"","meta":[],"product_cat":[230],"product_tag":[266],"class_list":{"0":"post-74084","1":"product","2":"type-product","3":"status-publish","4":"has-post-thumbnail","6":"product_cat-fashion","7":"product_tag-womens-fashion-sneakers","9":"first","10":"instock","11":"shipping-taxable","12":"product-type-external"},"aioseo_notices":[],"_links":{"self":[{"href":"https:\/\/topgetestet.de\/index.php?rest_route=\/wp\/v2\/product\/74084","targetHints":{"allow":["GET"]}}],"collection":[{"href":"https:\/\/topgetestet.de\/index.php?rest_route=\/wp\/v2\/product"}],"about":[{"href":"https:\/\/topgetestet.de\/index.php?rest_route=\/wp\/v2\/types\/product"}],"replies":[{"embeddable":true,"href":"https:\/\/topgetestet.de\/index.php?rest_route=%2Fwp%2Fv2%2Fcomments&post=74084"}],"wp:featuredmedia":[{"embeddable":true,"href":"https:\/\/topgetestet.de\/index.php?rest_route=\/wp\/v2\/media\/74085"}],"wp:attachment":[{"href":"https:\/\/topgetestet.de\/index.php?rest_route=%2Fwp%2Fv2%2Fmedia&parent=74084"}],"wp:term":[{"taxonomy":"product_cat","embeddable":true,"href":"https:\/\/topgetestet.de\/index.php?rest_route=%2Fwp%2Fv2%2Fproduct_cat&post=74084"},{"taxonomy":"product_tag","embeddable":true,"href":"https:\/\/topgetestet.de\/index.php?rest_route=%2Fwp%2Fv2%2Fproduct_tag&post=74084"}],"curies":[{"name":"wp","href":"https:\/\/api.w.org\/{rel}","templated":true}]}}