{"id":73701,"date":"2022-10-16T14:18:58","date_gmt":"2022-10-16T14:18:58","guid":{"rendered":"https:\/\/topgetestet.de\/?post_type=product&#038;p=73701"},"modified":"2022-10-16T14:18:58","modified_gmt":"2022-10-16T14:18:58","slug":"agfaphoto-fotokamera-wasserdicht-fur-kinder-inkl-msd8gb","status":"publish","type":"product","link":"https:\/\/topgetestet.de\/?product=agfaphoto-fotokamera-wasserdicht-fur-kinder-inkl-msd8gb","title":{"rendered":"AgfaPhoto Fotokamera, wasserdicht, f\u00fcr Kinder, inkl. MSD8GB"},"content":{"rendered":"<p>Price: <span style=\"color:#b12704\">[price_with_discount]<\/span><br \/><i><small>(as of [price_update_date] &#8211; <span class=\"wp_automatic_amazon_disclaimer\" title=\"Product prices and availability are accurate as of the date\/time indicated and are subject to change. Any price and availability information displayed on [relevant Amazon Site(s), as applicable] at the time of purchase will apply to the purchase of this product.\">Details<\/span>)<\/small><\/i><\/p>\n<p><a href=\"https:\/\/amazon.de\/dp\/B09J1GDJLM?tag=topgetestet09-21\"><img decoding=\"async\" src=\"https:\/\/i.imgur.com\/ISRHEWs.png\"><\/a><br \/>\n[ad_1]<br \/>\n <span>Die Realikids Cam Waterproof ist die speziell f\u00fcr Kinder entwickelte Kamera, ihr Design, die Materialien, aus denen sie besteht, und ihr wasserdichtes Geh\u00e4use machen dieses Ger\u00e4t zu einem widerstandsf\u00e4higen und attraktiven Objekt f\u00fcr die Kleinsten. Sein wasserdichtes Geh\u00e4use erm\u00f6glicht den Einsatz im Wasser und unter Wasser bis zu einer Tiefe von 10 m. Diese Kinderkamera verf\u00fcgt neben lustigen Filtern und Bilderrahmen \u00fcber die wesentlichen Funktionen einer echten Kamera. Mit seinen vorderen und hinteren Objektiven k\u00f6nnen Kinder Fotos und Videos vor sich, aber auch im Selfie-Modus aufnehmen! Der integrierte 2,4-Zoll-LCD-Bildschirm erm\u00f6glicht es Ihnen, aufgenommene Inhalte live einzurahmen und anzuzeigen, ohne sie auf einen Computer kopieren zu m\u00fcssen. Das Ger\u00e4t arbeitet mit Lithium-Batterien, also nicht mit Batterien, Aufladen und Zeichnen!<\/span> <br \/>HD Video<br \/>Dual-Kamera (Selfie-Modus)<br \/>2,4-Zoll-LCD-Display<br \/>10 m wasserdichtes Geh\u00e4use<br \/>Lithium-Akku<br \/>Micro-SD-Karte 8 GB<br \/>Optischer\u00a0zoom: 1.0 multiplier_x<br \/>\n<br \/>[ad_2]<\/p>\n","protected":false},"excerpt":{"rendered":"<p>Price: [price_with_discount](as of [price_update_date] &#8211; Details) [ad_1] Die Realikids Cam Waterproof ist die speziell f\u00fcr Kinder entwickelte Kamera, ihr Design, die Materialien, aus denen sie besteht, und ihr wasserdichtes Geh\u00e4use<\/p>\n","protected":false},"featured_media":73702,"comment_status":"open","ping_status":"closed","template":"","meta":[],"product_cat":[226],"product_tag":[240],"class_list":{"0":"post-73701","1":"product","2":"type-product","3":"status-publish","4":"has-post-thumbnail","6":"product_cat-cameras","7":"product_tag-camera-photo","9":"first","10":"instock","11":"shipping-taxable","12":"product-type-external"},"aioseo_notices":[],"_links":{"self":[{"href":"https:\/\/topgetestet.de\/index.php?rest_route=\/wp\/v2\/product\/73701","targetHints":{"allow":["GET"]}}],"collection":[{"href":"https:\/\/topgetestet.de\/index.php?rest_route=\/wp\/v2\/product"}],"about":[{"href":"https:\/\/topgetestet.de\/index.php?rest_route=\/wp\/v2\/types\/product"}],"replies":[{"embeddable":true,"href":"https:\/\/topgetestet.de\/index.php?rest_route=%2Fwp%2Fv2%2Fcomments&post=73701"}],"wp:featuredmedia":[{"embeddable":true,"href":"https:\/\/topgetestet.de\/index.php?rest_route=\/wp\/v2\/media\/73702"}],"wp:attachment":[{"href":"https:\/\/topgetestet.de\/index.php?rest_route=%2Fwp%2Fv2%2Fmedia&parent=73701"}],"wp:term":[{"taxonomy":"product_cat","embeddable":true,"href":"https:\/\/topgetestet.de\/index.php?rest_route=%2Fwp%2Fv2%2Fproduct_cat&post=73701"},{"taxonomy":"product_tag","embeddable":true,"href":"https:\/\/topgetestet.de\/index.php?rest_route=%2Fwp%2Fv2%2Fproduct_tag&post=73701"}],"curies":[{"name":"wp","href":"https:\/\/api.w.org\/{rel}","templated":true}]}}