{"id":73679,"date":"2022-10-16T14:15:02","date_gmt":"2022-10-16T14:15:02","guid":{"rendered":"https:\/\/topgetestet.de\/?product=jack-jones-herren-t-shirt-3"},"modified":"2022-10-16T14:15:02","modified_gmt":"2022-10-16T14:15:02","slug":"jack-jones-herren-t-shirt-3","status":"publish","type":"product","link":"https:\/\/topgetestet.de\/?product=jack-jones-herren-t-shirt-3","title":{"rendered":"JACK &#038; JONES Herren T-Shirt"},"content":{"rendered":"<p>Price: <span style=\"color:#b12704\">[price_with_discount]<\/span><br \/><i><small>(as of [price_update_date] &#8211; <span class=\"wp_automatic_amazon_disclaimer\" title=\"Product prices and availability are accurate as of the date\/time indicated and are subject to change. Any price and availability information displayed on [relevant Amazon Site(s), as applicable] at the time of purchase will apply to the purchase of this product.\">Details<\/span>)<\/small><\/i><\/p>\n<p><a href=\"https:\/\/amazon.de\/dp\/B00GGGZ1G0?tag=topgetestet09-21\"><img decoding=\"async\" src=\"https:\/\/i.imgur.com\/ISRHEWs.png\"><\/a><br \/>\n[ad_1]<br \/>\n <br \/> Verpackungsabmessungen \u200f : \u200e  30 x 30 x 5 cm; 200 Gramm <br \/> Im Angebot von Amazon.de seit \u200f : \u200e  29. November 2013 <br \/> Hersteller \u200f : \u200e  Jack and Jones <br \/> ASIN \u200f : \u200e  B00GZJJBQE <br \/> Modellnummer \u200f : \u200e  12079230 <br \/> Kategorie \u200f : \u200e  Herren <\/p>\n<p>PASSFORM: Slim Fit &#8211; unser Model ist 1,85m gro\u00df und tr\u00e4gt die Gr\u00f6\u00dfe &#8216;S&#8217;.<br \/>Kragenform: Rundhals<br \/>Kurzarm<br \/>Verschluss: Knopf<br \/>100% Baumwolle<br \/>Pflegehinweis: Maschinenw\u00e4sche<br \/>\n<br \/>[ad_2]<\/p>\n","protected":false},"excerpt":{"rendered":"<p>Price: [price_with_discount](as of [price_update_date] &#8211; Details) [ad_1] Verpackungsabmessungen \u200f : \u200e 30 x 30 x 5 cm; 200 Gramm Im Angebot von Amazon.de seit \u200f : \u200e 29. November 2013<\/p>\n","protected":false},"featured_media":73680,"comment_status":"open","ping_status":"closed","template":"","meta":[],"product_cat":[231],"product_tag":[],"class_list":{"0":"post-73679","1":"product","2":"type-product","3":"status-publish","4":"has-post-thumbnail","6":"product_cat-mens-fashion","8":"first","9":"instock","10":"shipping-taxable","11":"product-type-external"},"aioseo_notices":[],"_links":{"self":[{"href":"https:\/\/topgetestet.de\/index.php?rest_route=\/wp\/v2\/product\/73679","targetHints":{"allow":["GET"]}}],"collection":[{"href":"https:\/\/topgetestet.de\/index.php?rest_route=\/wp\/v2\/product"}],"about":[{"href":"https:\/\/topgetestet.de\/index.php?rest_route=\/wp\/v2\/types\/product"}],"replies":[{"embeddable":true,"href":"https:\/\/topgetestet.de\/index.php?rest_route=%2Fwp%2Fv2%2Fcomments&post=73679"}],"wp:featuredmedia":[{"embeddable":true,"href":"https:\/\/topgetestet.de\/index.php?rest_route=\/wp\/v2\/media\/73680"}],"wp:attachment":[{"href":"https:\/\/topgetestet.de\/index.php?rest_route=%2Fwp%2Fv2%2Fmedia&parent=73679"}],"wp:term":[{"taxonomy":"product_cat","embeddable":true,"href":"https:\/\/topgetestet.de\/index.php?rest_route=%2Fwp%2Fv2%2Fproduct_cat&post=73679"},{"taxonomy":"product_tag","embeddable":true,"href":"https:\/\/topgetestet.de\/index.php?rest_route=%2Fwp%2Fv2%2Fproduct_tag&post=73679"}],"curies":[{"name":"wp","href":"https:\/\/api.w.org\/{rel}","templated":true}]}}