{"id":73670,"date":"2022-10-16T14:13:51","date_gmt":"2022-10-16T14:13:51","guid":{"rendered":"https:\/\/topgetestet.de\/?product=jack-wolfskin-damen-woodland-2-vent-low-w-sneaker"},"modified":"2022-10-16T14:13:51","modified_gmt":"2022-10-16T14:13:51","slug":"jack-wolfskin-damen-woodland-2-vent-low-w-sneaker","status":"publish","type":"product","link":"https:\/\/topgetestet.de\/?product=jack-wolfskin-damen-woodland-2-vent-low-w-sneaker","title":{"rendered":"Jack Wolfskin Damen Woodland 2 Vent Low W Sneaker"},"content":{"rendered":"<p>Price: <span style=\"color:#b12704\">[price_with_discount]<\/span><br \/><i><small>(as of [price_update_date] &#8211; <span class=\"wp_automatic_amazon_disclaimer\" title=\"Product prices and availability are accurate as of the date\/time indicated and are subject to change. Any price and availability information displayed on [relevant Amazon Site(s), as applicable] at the time of purchase will apply to the purchase of this product.\">Details<\/span>)<\/small><\/i><\/p>\n<p><a href=\"https:\/\/amazon.de\/dp\/B095SL4HDR?tag=topgetestet09-21\"><img decoding=\"async\" src=\"https:\/\/i.imgur.com\/ISRHEWs.png\"><\/a><br \/>\n[ad_1]<br \/>\n <span>Von A nach B &#8211; oder doch lieber auch noch nach C und D? Egal. Denn mit deinem WOODLAND 2 VENT LOW hast du wirklich einen Schuh, der deinen Weg zum Ziel macht. Gerade an warmen Sommertagen. Der leichte und vielseitige Wanderschuh sorgt f\u00fcr eine gute Bel\u00fcftung an deinen F\u00fc\u00dfen und die Einlegesohlen leiten Feuchtigkeit schnell nach au\u00dfen, trocknen schnell und haben dank der integrierten Mineralien einen k\u00fchlenden Effekt. Damit deine F\u00fc\u00dfe so schnell nicht m\u00fcde werden, haben wir den WOODLAND 2 VENT LOW mit EVA-Zwischensohle und PU ausgestattet &#8211; Materialien f\u00fcr die Sohle, die jeden deiner Schritte d\u00e4mpfen und ihn zum Vergn\u00fcgen machen.<\/span> <br \/> Verpackungsabmessungen \u200f : \u200e  31.2 x 21.5 x 10.9 cm; 720 Gramm <br \/> Im Angebot von Amazon.de seit \u200f : \u200e  25. Mai 2021 <br \/> Hersteller \u200f : \u200e  Jack Wolfskin <br \/> ASIN \u200f : \u200e  B095SH8BNG <br \/> Modellnummer \u200f : \u200e  4051291_6335_ <br \/> Kategorie \u200f : \u200e  Damen <\/p>\n<p>Innenmaterial: Synthetik<br \/>Sohle: Gummi<br \/>Verschluss: Schnellverschluss<br \/>Absatzh\u00f6he: 1.5 cm<br \/>Absatzform: Kein Absatz<br \/>Schuhweite: Medium<br \/>Nicht wasserfest<br \/>\n<br \/>[ad_2]<\/p>\n","protected":false},"excerpt":{"rendered":"<p>Price: [price_with_discount](as of [price_update_date] &#8211; Details) [ad_1] Von A nach B &#8211; oder doch lieber auch noch nach C und D? Egal. Denn mit deinem WOODLAND 2 VENT LOW hast<\/p>\n","protected":false},"featured_media":73671,"comment_status":"open","ping_status":"closed","template":"","meta":[],"product_cat":[232],"product_tag":[],"class_list":{"0":"post-73670","1":"product","2":"type-product","3":"status-publish","4":"has-post-thumbnail","6":"product_cat-women-fashion","8":"first","9":"instock","10":"shipping-taxable","11":"product-type-external"},"aioseo_notices":[],"_links":{"self":[{"href":"https:\/\/topgetestet.de\/index.php?rest_route=\/wp\/v2\/product\/73670","targetHints":{"allow":["GET"]}}],"collection":[{"href":"https:\/\/topgetestet.de\/index.php?rest_route=\/wp\/v2\/product"}],"about":[{"href":"https:\/\/topgetestet.de\/index.php?rest_route=\/wp\/v2\/types\/product"}],"replies":[{"embeddable":true,"href":"https:\/\/topgetestet.de\/index.php?rest_route=%2Fwp%2Fv2%2Fcomments&post=73670"}],"wp:featuredmedia":[{"embeddable":true,"href":"https:\/\/topgetestet.de\/index.php?rest_route=\/wp\/v2\/media\/73671"}],"wp:attachment":[{"href":"https:\/\/topgetestet.de\/index.php?rest_route=%2Fwp%2Fv2%2Fmedia&parent=73670"}],"wp:term":[{"taxonomy":"product_cat","embeddable":true,"href":"https:\/\/topgetestet.de\/index.php?rest_route=%2Fwp%2Fv2%2Fproduct_cat&post=73670"},{"taxonomy":"product_tag","embeddable":true,"href":"https:\/\/topgetestet.de\/index.php?rest_route=%2Fwp%2Fv2%2Fproduct_tag&post=73670"}],"curies":[{"name":"wp","href":"https:\/\/api.w.org\/{rel}","templated":true}]}}