{"id":73486,"date":"2022-10-16T13:17:05","date_gmt":"2022-10-16T13:17:05","guid":{"rendered":"https:\/\/topgetestet.de\/?product=jack-wolfskin-damen-glaabach-3in1-jkt-w-jacket"},"modified":"2022-10-16T13:17:05","modified_gmt":"2022-10-16T13:17:05","slug":"jack-wolfskin-damen-glaabach-3in1-jkt-w-jacket","status":"publish","type":"product","link":"https:\/\/topgetestet.de\/?product=jack-wolfskin-damen-glaabach-3in1-jkt-w-jacket","title":{"rendered":"Jack Wolfskin Damen Glaabach 3in1 Jkt W Jacket"},"content":{"rendered":"<p>Price: <span style=\"color:#b12704\">[price_with_discount]<\/span><br \/><i><small>(as of [price_update_date] &#8211; <span class=\"wp_automatic_amazon_disclaimer\" title=\"Product prices and availability are accurate as of the date\/time indicated and are subject to change. Any price and availability information displayed on [relevant Amazon Site(s), as applicable] at the time of purchase will apply to the purchase of this product.\">Details<\/span>)<\/small><\/i><\/p>\n<p><a href=\"https:\/\/amazon.de\/dp\/B09TW69473?tag=topgetestet09-21\"><img decoding=\"async\" src=\"https:\/\/i.imgur.com\/ISRHEWs.png\"><\/a><br \/>\n[ad_1]<br \/>\n <span>Mit der 3in1-Jacke GLAABACH bist du auf deinen Winterwanderungen auf der sicheren Seite. Die sportive Colorblock-Au\u00dfenjacke ist dank TEXAPORE CORE wasserdicht, winddicht und atmungsaktiv. Die Kapuze und den Saum stellst du individuell ein. Mit zwei H\u00fcfttaschen und einer Innentasche bietet die Jacke viel Stauraum. F\u00fcr W\u00e4rme sorgt die einzippbare und gut atmungsaktive Hybridjacke aus extra elastischem Fleece und einer winddichten und gef\u00fctterten Front. F\u00fcr die Wattierung verwenden wir eine TEXATHERM CORE-Kunstfaser aus recyceltem Polyester.<\/span> <br \/> Verpackungsabmessungen \u200f : \u200e  44.29 x 27.3 x 12.6 cm; 440 Gramm <br \/> Im Angebot von Amazon.de seit \u200f : \u200e  4. M\u00e4rz 2022 <br \/> Hersteller \u200f : \u200e  Jack Wolfskin <br \/> ASIN \u200f : \u200e  B09TW6JJLN <br \/> Modellnummer \u200f : \u200e  1115611 <br \/> Kategorie \u200f : \u200e  Damen <\/p>\n<p>wasserdicht, winddicht<br \/>Verschluss: Rei\u00dfverschluss<br \/>100% Polyester<br \/>Outdoorjacke<br \/>Pflegehinweis: Maschinenw\u00e4sche<br \/>Modellnummer: 1115611<br \/>\n<br \/>[ad_2]<\/p>\n","protected":false},"excerpt":{"rendered":"<p>Price: [price_with_discount](as of [price_update_date] &#8211; Details) [ad_1] Mit der 3in1-Jacke GLAABACH bist du auf deinen Winterwanderungen auf der sicheren Seite. Die sportive Colorblock-Au\u00dfenjacke ist dank TEXAPORE CORE wasserdicht, winddicht und<\/p>\n","protected":false},"featured_media":73487,"comment_status":"open","ping_status":"closed","template":"","meta":[],"product_cat":[232],"product_tag":[],"class_list":{"0":"post-73486","1":"product","2":"type-product","3":"status-publish","4":"has-post-thumbnail","6":"product_cat-women-fashion","8":"first","9":"instock","10":"shipping-taxable","11":"product-type-external"},"aioseo_notices":[],"_links":{"self":[{"href":"https:\/\/topgetestet.de\/index.php?rest_route=\/wp\/v2\/product\/73486","targetHints":{"allow":["GET"]}}],"collection":[{"href":"https:\/\/topgetestet.de\/index.php?rest_route=\/wp\/v2\/product"}],"about":[{"href":"https:\/\/topgetestet.de\/index.php?rest_route=\/wp\/v2\/types\/product"}],"replies":[{"embeddable":true,"href":"https:\/\/topgetestet.de\/index.php?rest_route=%2Fwp%2Fv2%2Fcomments&post=73486"}],"wp:featuredmedia":[{"embeddable":true,"href":"https:\/\/topgetestet.de\/index.php?rest_route=\/wp\/v2\/media\/73487"}],"wp:attachment":[{"href":"https:\/\/topgetestet.de\/index.php?rest_route=%2Fwp%2Fv2%2Fmedia&parent=73486"}],"wp:term":[{"taxonomy":"product_cat","embeddable":true,"href":"https:\/\/topgetestet.de\/index.php?rest_route=%2Fwp%2Fv2%2Fproduct_cat&post=73486"},{"taxonomy":"product_tag","embeddable":true,"href":"https:\/\/topgetestet.de\/index.php?rest_route=%2Fwp%2Fv2%2Fproduct_tag&post=73486"}],"curies":[{"name":"wp","href":"https:\/\/api.w.org\/{rel}","templated":true}]}}