{"id":73027,"date":"2022-10-16T10:47:39","date_gmt":"2022-10-16T10:47:39","guid":{"rendered":"https:\/\/topgetestet.de\/?product=jack-wolfskin-damen-northern-point-jacke-damen-softshelljacke"},"modified":"2022-10-16T10:47:39","modified_gmt":"2022-10-16T10:47:39","slug":"jack-wolfskin-damen-northern-point-jacke-damen-softshelljacke","status":"publish","type":"product","link":"https:\/\/topgetestet.de\/?product=jack-wolfskin-damen-northern-point-jacke-damen-softshelljacke","title":{"rendered":"Jack Wolfskin Damen Northern Point Jacke Damen Softshelljacke"},"content":{"rendered":"<p>Price: <span style=\"color:#b12704\">[price_with_discount]<\/span><br \/><i><small>(as of [price_update_date] &#8211; <span class=\"wp_automatic_amazon_disclaimer\" title=\"Product prices and availability are accurate as of the date\/time indicated and are subject to change. Any price and availability information displayed on [relevant Amazon Site(s), as applicable] at the time of purchase will apply to the purchase of this product.\">Details<\/span>)<\/small><\/i><\/p>\n<p><a href=\"https:\/\/amazon.de\/dp\/B09L88WDTB?tag=topgetestet09-21\"><img decoding=\"async\" src=\"https:\/\/i.imgur.com\/ISRHEWs.png\"><\/a><br \/>\n[ad_1]<br \/>\n <span>Es ist einfach, bequem und erledigt die Arbeit. Die Softshell Northern Point Women ist ein Muss f\u00fcr anspruchsvolle Bergwanderungen oder Freizeitspazierg\u00e4nge im Wald. Das Design und die Details konzentrieren sich auf das Wesentliche. Das Stormlock-Material ist rei\u00dffest, winddicht und h\u00e4lt sogar leichtem Regen stand. Es ist auch super dehnbar und atmungsaktiv.<\/span> <br \/> Verpackungsabmessungen \u200f : \u200e  45 x 34 x 1.5 cm; 428 Gramm <br \/> Im Angebot von Amazon.de seit \u200f : \u200e  8. November 2021 <br \/> Hersteller \u200f : \u200e  Jack Wolfskin <br \/> ASIN \u200f : \u200e  B09L87P5XK <br \/> Modellnummer \u200f : \u200e  1304011 <br \/> Kategorie \u200f : \u200e  Damen <\/p>\n<p>winddicht, wasserabweisend<br \/>Verschluss: Rei\u00dfverschluss<br \/>100% Polyester<br \/>Nicht zutreffend<br \/>Pflegehinweis: Maschinenw\u00e4sche<br \/>Modellnummer: 1304011<br \/>\n<br \/>[ad_2]<\/p>\n","protected":false},"excerpt":{"rendered":"<p>Price: [price_with_discount](as of [price_update_date] &#8211; Details) [ad_1] Es ist einfach, bequem und erledigt die Arbeit. Die Softshell Northern Point Women ist ein Muss f\u00fcr anspruchsvolle Bergwanderungen oder Freizeitspazierg\u00e4nge im Wald.<\/p>\n","protected":false},"featured_media":73028,"comment_status":"open","ping_status":"closed","template":"","meta":[],"product_cat":[232],"product_tag":[],"class_list":{"0":"post-73027","1":"product","2":"type-product","3":"status-publish","4":"has-post-thumbnail","6":"product_cat-women-fashion","8":"first","9":"instock","10":"shipping-taxable","11":"product-type-external"},"aioseo_notices":[],"_links":{"self":[{"href":"https:\/\/topgetestet.de\/index.php?rest_route=\/wp\/v2\/product\/73027","targetHints":{"allow":["GET"]}}],"collection":[{"href":"https:\/\/topgetestet.de\/index.php?rest_route=\/wp\/v2\/product"}],"about":[{"href":"https:\/\/topgetestet.de\/index.php?rest_route=\/wp\/v2\/types\/product"}],"replies":[{"embeddable":true,"href":"https:\/\/topgetestet.de\/index.php?rest_route=%2Fwp%2Fv2%2Fcomments&post=73027"}],"wp:featuredmedia":[{"embeddable":true,"href":"https:\/\/topgetestet.de\/index.php?rest_route=\/wp\/v2\/media\/73028"}],"wp:attachment":[{"href":"https:\/\/topgetestet.de\/index.php?rest_route=%2Fwp%2Fv2%2Fmedia&parent=73027"}],"wp:term":[{"taxonomy":"product_cat","embeddable":true,"href":"https:\/\/topgetestet.de\/index.php?rest_route=%2Fwp%2Fv2%2Fproduct_cat&post=73027"},{"taxonomy":"product_tag","embeddable":true,"href":"https:\/\/topgetestet.de\/index.php?rest_route=%2Fwp%2Fv2%2Fproduct_tag&post=73027"}],"curies":[{"name":"wp","href":"https:\/\/api.w.org\/{rel}","templated":true}]}}