{"id":73009,"date":"2022-10-16T10:42:32","date_gmt":"2022-10-16T10:42:32","guid":{"rendered":"https:\/\/topgetestet.de\/?product=nike-damen-quest-4-sneaker"},"modified":"2022-10-16T10:42:32","modified_gmt":"2022-10-16T10:42:32","slug":"nike-damen-quest-4-sneaker","status":"publish","type":"product","link":"https:\/\/topgetestet.de\/?product=nike-damen-quest-4-sneaker","title":{"rendered":"Nike Damen Quest 4 Sneaker"},"content":{"rendered":"<p>Price: <span style=\"color:#b12704\">[price_with_discount]<\/span><br \/><i><small>(as of [price_update_date] &#8211; <span class=\"wp_automatic_amazon_disclaimer\" title=\"Product prices and availability are accurate as of the date\/time indicated and are subject to change. Any price and availability information displayed on [relevant Amazon Site(s), as applicable] at the time of purchase will apply to the purchase of this product.\">Details<\/span>)<\/small><\/i><\/p>\n<p><a href=\"https:\/\/amazon.de\/dp\/B098PCQM27?tag=topgetestet09-21\"><img decoding=\"async\" src=\"https:\/\/i.imgur.com\/ISRHEWs.png\"><\/a><br \/>\n[ad_1]<br \/>\n <span>Die Suche nach Geschwindigkeit ist mit dem Nike Quest 4 fortlaufend. Die zus\u00e4tzliche Dicke des Schaumstoffs und der gepolsterte Komfort f\u00fcgen zu einem leichten Obermaterial hinzu, das einen sicheren Halt bietet. Intuitive Details machen ihn zu einem unverzichtbaren Schuh f\u00fcr jeden Tag. Leichtes, minimalistisches Obermaterial mit atmungsaktivem Mesh am Vorderfu\u00df Das halbtransparente Sichtfenster unterstreicht die Flywire-Technologie im Mittelbereich. Flywire-Kabel sind in die Schn\u00fcrsenkel integriert, um eine zus\u00e4tzliche Unterst\u00fctzung des Mittelbereichs zu gew\u00e4hrleisten, wenn Sie sie schn\u00fcren. Die strukturierte Schaumstoff-Zwischensohle bietet zus\u00e4tzliche Strapazierf\u00e4higkeit, wo sie ben\u00f6tigt wird und verleiht einen knalligen Look. Die h\u00f6here Dicke des Schuhs bietet eine weiche D\u00e4mpfung bei jedem Schritt. Gummilauffl\u00e4che sorgt f\u00fcr mehr Traktion Rail auf der Seitensohle wirkt wie ein D\u00e4mpfungsger\u00e4t und Crash-Pad f\u00fcr mehr Strapazierf\u00e4higkeit im am st\u00e4rksten beanspruchten Bereich. Der weiche Schaumstoff in der Ferse bietet Komfort und Unterst\u00fctzung beim Laufen. Die mit Mesh gef\u00fctterte Zunge ist mit dem Innenfutter des Obermaterials verbunden f\u00fcr einen sicheren Sitz. Das alphanumerische Logo auf der Zunge ist mit dem &#8220;Nike Quest \u00fcbersetzbar.<\/span> <br \/> Verpackungsabmessungen \u200f : \u200e  33 x 21 x 11 cm; 1 Kilogramm <br \/> Im Angebot von Amazon.de seit \u200f : \u200e  14. Dezember 2021 <br \/> Hersteller \u200f : \u200e  Nike <br \/> ASIN \u200f : \u200e  B09NMJN2T6 <br \/> Modellnummer \u200f : \u200e  DA1106-401 <br \/> Kategorie \u200f : \u200e  Damen <\/p>\n<p>[ad_2]<\/p>\n","protected":false},"excerpt":{"rendered":"<p>Price: [price_with_discount](as of [price_update_date] &#8211; Details) [ad_1] Die Suche nach Geschwindigkeit ist mit dem Nike Quest 4 fortlaufend. Die zus\u00e4tzliche Dicke des Schaumstoffs und der gepolsterte Komfort f\u00fcgen zu einem<\/p>\n","protected":false},"featured_media":73010,"comment_status":"open","ping_status":"closed","template":"","meta":[],"product_cat":[234],"product_tag":[236],"class_list":{"0":"post-73009","1":"product","2":"type-product","3":"status-publish","4":"has-post-thumbnail","6":"product_cat-shoes","7":"product_tag-womens-road-running-shoes","9":"first","10":"instock","11":"shipping-taxable","12":"product-type-external"},"aioseo_notices":[],"_links":{"self":[{"href":"https:\/\/topgetestet.de\/index.php?rest_route=\/wp\/v2\/product\/73009","targetHints":{"allow":["GET"]}}],"collection":[{"href":"https:\/\/topgetestet.de\/index.php?rest_route=\/wp\/v2\/product"}],"about":[{"href":"https:\/\/topgetestet.de\/index.php?rest_route=\/wp\/v2\/types\/product"}],"replies":[{"embeddable":true,"href":"https:\/\/topgetestet.de\/index.php?rest_route=%2Fwp%2Fv2%2Fcomments&post=73009"}],"wp:featuredmedia":[{"embeddable":true,"href":"https:\/\/topgetestet.de\/index.php?rest_route=\/wp\/v2\/media\/73010"}],"wp:attachment":[{"href":"https:\/\/topgetestet.de\/index.php?rest_route=%2Fwp%2Fv2%2Fmedia&parent=73009"}],"wp:term":[{"taxonomy":"product_cat","embeddable":true,"href":"https:\/\/topgetestet.de\/index.php?rest_route=%2Fwp%2Fv2%2Fproduct_cat&post=73009"},{"taxonomy":"product_tag","embeddable":true,"href":"https:\/\/topgetestet.de\/index.php?rest_route=%2Fwp%2Fv2%2Fproduct_tag&post=73009"}],"curies":[{"name":"wp","href":"https:\/\/api.w.org\/{rel}","templated":true}]}}