{"id":72683,"date":"2022-10-16T09:19:19","date_gmt":"2022-10-16T09:19:19","guid":{"rendered":"https:\/\/topgetestet.de\/?product=columbia-herren-m-csc-logo-fleece-jogger-ii"},"modified":"2022-10-16T09:19:19","modified_gmt":"2022-10-16T09:19:19","slug":"columbia-herren-m-csc-logo-fleece-jogger-ii","status":"publish","type":"product","link":"https:\/\/topgetestet.de\/?product=columbia-herren-m-csc-logo-fleece-jogger-ii","title":{"rendered":"Columbia Herren M CSC Logo Fleece-Jogger II"},"content":{"rendered":"<p>Price: <span style=\"color:#b12704\">[price_with_discount]<\/span><br \/><i><small>(as of [price_update_date] &#8211; <span class=\"wp_automatic_amazon_disclaimer\" title=\"Product prices and availability are accurate as of the date\/time indicated and are subject to change. Any price and availability information displayed on [relevant Amazon Site(s), as applicable] at the time of purchase will apply to the purchase of this product.\">Details<\/span>)<\/small><\/i><\/p>\n<p><a href=\"https:\/\/amazon.de\/dp\/B08MQNFRR3?tag=topgetestet09-21\"><img decoding=\"async\" src=\"https:\/\/i.imgur.com\/ISRHEWs.png\"><\/a><br \/>\n[ad_1]<br \/>\n <span>Columbia Herren-Jogger aus einer weicher Baumwollmischung, Geeignet f\u00fcr den ganzj\u00e4hrigen Einsatz &#8211; Optimale Passform dank verstellbarem Kordelzug in der Taille, Ideal zum Trainieren oder Faulenzen &#8211; Hand- und Ges\u00e4\u00dftaschen bewahren Ihre Sachen sicher auf, ohne Angst zu haben, herunterzufallen &#8211; Erh\u00e4ltlich in verschiedenen modischen Farben mit dem Columbia-Logo &#8211; Lieferumfang: 1 x Columbia M CSC Logo Fleece-Jogger II f\u00fcr Herren, Material: 80% Baumwolle, 20% Polyester.<\/span> <br \/> Produktabmessungen \u200f : \u200e  33.2 x 27.3 x 3 cm; 422 Gramm <br \/> Im Angebot von Amazon.de seit \u200f : \u200e  6. November 2020 <br \/> Hersteller \u200f : \u200e  Columbia <br \/> ASIN \u200f : \u200e  B08MQQ31NM <br \/> Modellnummer \u200f : \u200e  1911601 <br \/> Kategorie \u200f : \u200e  Herren <\/p>\n<p>Optimale Passform dank verstellbarem Tunnelzugbund, Ideal zum Trainieren oder Faulenzen<br \/>Verschluss: Tunnelzug<br \/>80% Baumwolle, 20% Polyester<br \/>M CSC Logo II<br \/>Pflegehinweis: Maschinenw\u00e4sche<br \/>Modellnummer: 1911601<br \/>\n<br \/>[ad_2]<\/p>\n","protected":false},"excerpt":{"rendered":"<p>Price: [price_with_discount](as of [price_update_date] &#8211; Details) [ad_1] Columbia Herren-Jogger aus einer weicher Baumwollmischung, Geeignet f\u00fcr den ganzj\u00e4hrigen Einsatz &#8211; Optimale Passform dank verstellbarem Kordelzug in der Taille, Ideal zum Trainieren<\/p>\n","protected":false},"featured_media":72684,"comment_status":"open","ping_status":"closed","template":"","meta":[],"product_cat":[231],"product_tag":[],"class_list":{"0":"post-72683","1":"product","2":"type-product","3":"status-publish","4":"has-post-thumbnail","6":"product_cat-mens-fashion","8":"first","9":"instock","10":"shipping-taxable","11":"product-type-external"},"aioseo_notices":[],"_links":{"self":[{"href":"https:\/\/topgetestet.de\/index.php?rest_route=\/wp\/v2\/product\/72683","targetHints":{"allow":["GET"]}}],"collection":[{"href":"https:\/\/topgetestet.de\/index.php?rest_route=\/wp\/v2\/product"}],"about":[{"href":"https:\/\/topgetestet.de\/index.php?rest_route=\/wp\/v2\/types\/product"}],"replies":[{"embeddable":true,"href":"https:\/\/topgetestet.de\/index.php?rest_route=%2Fwp%2Fv2%2Fcomments&post=72683"}],"wp:featuredmedia":[{"embeddable":true,"href":"https:\/\/topgetestet.de\/index.php?rest_route=\/wp\/v2\/media\/72684"}],"wp:attachment":[{"href":"https:\/\/topgetestet.de\/index.php?rest_route=%2Fwp%2Fv2%2Fmedia&parent=72683"}],"wp:term":[{"taxonomy":"product_cat","embeddable":true,"href":"https:\/\/topgetestet.de\/index.php?rest_route=%2Fwp%2Fv2%2Fproduct_cat&post=72683"},{"taxonomy":"product_tag","embeddable":true,"href":"https:\/\/topgetestet.de\/index.php?rest_route=%2Fwp%2Fv2%2Fproduct_tag&post=72683"}],"curies":[{"name":"wp","href":"https:\/\/api.w.org\/{rel}","templated":true}]}}