{"id":72525,"date":"2022-10-16T08:44:10","date_gmt":"2022-10-16T08:44:10","guid":{"rendered":"https:\/\/topgetestet.de\/?product=josef-seibel-damen-fergey-20-59692-sneaker"},"modified":"2022-10-16T08:44:10","modified_gmt":"2022-10-16T08:44:10","slug":"josef-seibel-damen-fergey-20-59692-sneaker","status":"publish","type":"product","link":"https:\/\/topgetestet.de\/?product=josef-seibel-damen-fergey-20-59692-sneaker","title":{"rendered":"Josef Seibel Damen Fergey 20 59692 Sneaker"},"content":{"rendered":"<p>Price: <span style=\"color:#b12704\">[price_with_discount]<\/span><br \/><i><small>(as of [price_update_date] &#8211; <span class=\"wp_automatic_amazon_disclaimer\" title=\"Product prices and availability are accurate as of the date\/time indicated and are subject to change. Any price and availability information displayed on [relevant Amazon Site(s), as applicable] at the time of purchase will apply to the purchase of this product.\">Details<\/span>)<\/small><\/i><\/p>\n<p><a href=\"https:\/\/amazon.de\/dp\/B08VS41THM?tag=topgetestet09-21\"><img decoding=\"async\" src=\"https:\/\/i.imgur.com\/ISRHEWs.png\"><\/a><br \/>\n[ad_1]<\/p>\n<p>       Produktinformation <\/p>\n<p>          <img decoding=\"async\" alt=\"Lifestylebild_970x600px\" src=\"https:\/\/images-na.ssl-images-amazon.com\/images\/G\/01\/x-locale\/common\/grey-pixel.gif\" class=\"a-spacing-base a-lazy-loaded\" data-src=\"https:\/\/m.media-amazon.com\/images\/W\/IMAGERENDERING_521856-T2\/images\/S\/aplus-media-library-service-media\/6fbfccd8-2447-477f-8848-96de21bf9769.__CR0,0,970,600_PT0_SX970_V1___.jpg\"><\/p>\n<p>           <img decoding=\"async\" alt=\"Lifestylebild_970x600px\" src=\"https:\/\/m.media-amazon.com\/images\/W\/IMAGERENDERING_521856-T2\/images\/S\/aplus-media-library-service-media\/6fbfccd8-2447-477f-8848-96de21bf9769.__CR0,0,970,600_PT0_SX970_V1___.jpg\"><\/p>\n<p>          <img decoding=\"async\" alt=\"Markenlogo - Josef Seibel\" src=\"https:\/\/images-na.ssl-images-amazon.com\/images\/G\/01\/x-locale\/common\/grey-pixel.gif\" class=\"a-lazy-loaded\" data-src=\"https:\/\/m.media-amazon.com\/images\/W\/IMAGERENDERING_521856-T2\/images\/S\/aplus-media-library-service-media\/4870b8a7-78e2-4731-87e4-1d848e4060e2.__CR0,0,1200,360_PT0_SX600_V1___.jpg\"><\/p>\n<p>           <img decoding=\"async\" alt=\"Markenlogo - Josef Seibel\" src=\"https:\/\/m.media-amazon.com\/images\/W\/IMAGERENDERING_521856-T2\/images\/S\/aplus-media-library-service-media\/4870b8a7-78e2-4731-87e4-1d848e4060e2.__CR0,0,1200,360_PT0_SX600_V1___.jpg\"><\/p>\n<p class=\"description\"> F\u00fcr Menschen, die sich aufmachen, neue Geschichten zu erleben und neue Welten zu entdecken. <\/p>\n<p class=\"description\"> F\u00fcr Menschen, die f\u00fcr ihren Weg bequeme und haltbare Schuhe brauchen. <\/p>\n<p class=\"description\"> JOSEF SEIBEL ist f\u00fcr Menschen, die selbst bestimmen, welchen Weg sie nehmen. <\/p>\n<p class=\"description\"> Die unabh\u00e4ngig von Witterung und gesellschaftlichen Konventionen die Freiheit ihrer Schritte genie\u00dfen. <\/p>\n<p class=\"description\"> Gehe Deinen Weg. <\/p>\n<p>              <img decoding=\"async\" alt=\"Kampagnenfoto_300x300px_Fergey20.jpg\" src=\"https:\/\/images-na.ssl-images-amazon.com\/images\/G\/01\/x-locale\/common\/grey-pixel.gif\" class=\"a-lazy-loaded\" data-src=\"https:\/\/m.media-amazon.com\/images\/W\/IMAGERENDERING_521856-T2\/images\/S\/aplus-media-library-service-media\/73cb2689-9e1c-40fe-bf1f-17ba6929a441.__CR0,0,300,300_PT0_SX300_V1___.jpg\"><\/p>\n<p>               <img decoding=\"async\" alt=\"Kampagnenfoto_300x300px_Fergey20.jpg\" src=\"https:\/\/m.media-amazon.com\/images\/W\/IMAGERENDERING_521856-T2\/images\/S\/aplus-media-library-service-media\/73cb2689-9e1c-40fe-bf1f-17ba6929a441.__CR0,0,300,300_PT0_SX300_V1___.jpg\"><\/p>\n<h3 class=\"a-spacing-mini\"> Josef Seibel 59692 Fergey 20 <\/h3>\n<p> Der bequeme Damen-Halbschuh der Marke JOSEF SEIBEL aus Leder wird von nun an Ihr st\u00e4ndiger Begleiter sein. Die Decksohle aus Leder ist hochwertig verarbeitet und bietet optimalen Komfort. Der Schuh verf\u00fcgt \u00fcber eine Weite G, ideal f\u00fcr den ganz normalen Fu\u00df.Die Schahlensohle hat eine Absatzh\u00f6he von 1,5 cm. Die stabile Laufsohle ist aus EVO, diese Sohle hat eine sehr hohe Festigkeit. Die geschlossene Schuhspitze macht den Schuh elegant am Fu\u00df. Der Schuh ist perfekt geeignet f\u00fcrs ganzt\u00e4gige Tragen, da Tragegef\u00fchl, Komfort und Verarbeitung so ausgerichtet sind, dass Sie den Schuh den ganzen Tag \u00fcber ohne Probleme tragen k\u00f6nnen. <\/p>\n<p> WEITERE MERKMALE: <\/p>\n<\/p>\n<p>               Leichter Ein- und Ausstieg mit bestem Halt durch Schn\u00fcrung<br \/>\n               Hinweis zur Passform: f\u00e4llt gr\u00f6\u00dfengetreu aus<br \/>\n               Muster: unifarben<br \/>\n               Pflegehinweis: nicht waschen<\/p>\n<p> <img decoding=\"async\" alt=\"Icon_Decksohle_Leder\" src=\"https:\/\/images-na.ssl-images-amazon.com\/images\/G\/01\/x-locale\/common\/grey-pixel.gif\" class=\"a-lazy-loaded\" data-src=\"https:\/\/m.media-amazon.com\/images\/S\/aplus-media-library-service-media\/9d5c2b36-08b2-4877-942a-3695a24e455b.__CR0,0,1250,1250_PT0_SX220_V1___.png\">\n                     <\/p>\n<p>                      <img decoding=\"async\" alt=\"Icon_Decksohle_Leder\" src=\"https:\/\/m.media-amazon.com\/images\/S\/aplus-media-library-service-media\/9d5c2b36-08b2-4877-942a-3695a24e455b.__CR0,0,1250,1250_PT0_SX220_V1___.png\"><\/p>\n<p> <img decoding=\"async\" alt=\"Icon_Futter_Leder_Textil.png\" src=\"https:\/\/images-na.ssl-images-amazon.com\/images\/G\/01\/x-locale\/common\/grey-pixel.gif\" class=\"a-lazy-loaded\" data-src=\"https:\/\/m.media-amazon.com\/images\/S\/aplus-media-library-service-media\/265d4763-588b-401d-9cc4-c43b0874ab77.__CR0,0,1250,1250_PT0_SX220_V1___.png\">\n                     <\/p>\n<p>                      <img decoding=\"async\" alt=\"Icon_Futter_Leder_Textil.png\" src=\"https:\/\/m.media-amazon.com\/images\/S\/aplus-media-library-service-media\/265d4763-588b-401d-9cc4-c43b0874ab77.__CR0,0,1250,1250_PT0_SX220_V1___.png\"><\/p>\n<p> <img decoding=\"async\" alt=\"G_weite\" src=\"https:\/\/images-na.ssl-images-amazon.com\/images\/G\/01\/x-locale\/common\/grey-pixel.gif\" class=\"a-lazy-loaded\" data-src=\"https:\/\/m.media-amazon.com\/images\/S\/aplus-media-library-service-media\/b20ab26b-6c79-40fa-928b-fa3ba5b82449.__CR0,0,1250,1250_PT0_SX220_V1___.png\">\n                     <\/p>\n<p>                      <img decoding=\"async\" alt=\"G_weite\" src=\"https:\/\/m.media-amazon.com\/images\/S\/aplus-media-library-service-media\/b20ab26b-6c79-40fa-928b-fa3ba5b82449.__CR0,0,1250,1250_PT0_SX220_V1___.png\"><\/p>\n<p> <img decoding=\"async\" alt=\"Icon_Herausnehmbare_Einlegesohle\" src=\"https:\/\/images-na.ssl-images-amazon.com\/images\/G\/01\/x-locale\/common\/grey-pixel.gif\" class=\"a-lazy-loaded\" data-src=\"https:\/\/m.media-amazon.com\/images\/S\/aplus-media-library-service-media\/5a09c7bf-c359-4060-9b46-8bd8721e58f9.__CR0,0,1250,1250_PT0_SX220_V1___.png\">\n                     <\/p>\n<p>                      <img decoding=\"async\" alt=\"Icon_Herausnehmbare_Einlegesohle\" src=\"https:\/\/m.media-amazon.com\/images\/S\/aplus-media-library-service-media\/5a09c7bf-c359-4060-9b46-8bd8721e58f9.__CR0,0,1250,1250_PT0_SX220_V1___.png\"><\/p>\n<p>                     DECKSOHLE  <\/p>\n<p class=\"a-size-small\"> Innensohle aus echtem Leder f\u00fcr hohen Tragekomfort. <\/p>\n<p>                     INNENMATERIAL  <\/p>\n<p class=\"a-size-small\"> Innenfutter aus Leder-Textil f\u00fcr hohen Tragekomfort. <\/p>\n<p>                     WEITE  <\/p>\n<p class=\"a-size-small\"> Dieser Schuh in Bequemschuhweite G ist ideal f\u00fcr den ganz normalen Fu\u00df. <\/p>\n<p>                     WECHSELFUSSBETT  <\/p>\n<p class=\"a-size-small\"> Die Einlegesohle ist herausnehmbar und kann somit durch eigene Schuheinlagen f\u00fcr Ihren individuellen Tragekomfort ersetzt werden. <\/p>\n<p> <img decoding=\"async\" alt=\"Icon_Schaft_Leder\" src=\"https:\/\/images-na.ssl-images-amazon.com\/images\/G\/01\/x-locale\/common\/grey-pixel.gif\" class=\"a-lazy-loaded\" data-src=\"https:\/\/m.media-amazon.com\/images\/S\/aplus-media-library-service-media\/73b35886-b690-4ece-a905-466e37dfe0ac.__CR0,0,1250,1250_PT0_SX220_V1___.png\">\n                     <\/p>\n<p>                      <img decoding=\"async\" alt=\"Icon_Schaft_Leder\" src=\"https:\/\/m.media-amazon.com\/images\/S\/aplus-media-library-service-media\/73b35886-b690-4ece-a905-466e37dfe0ac.__CR0,0,1250,1250_PT0_SX220_V1___.png\"><\/p>\n<p> <img decoding=\"async\" alt=\"Absatzh\u00f6he_15mm.png\" src=\"https:\/\/images-na.ssl-images-amazon.com\/images\/G\/01\/x-locale\/common\/grey-pixel.gif\" class=\"a-lazy-loaded\" data-src=\"https:\/\/m.media-amazon.com\/images\/S\/aplus-media-library-service-media\/00a2e02f-1a3c-4e11-bbc2-51cd04084e8a.__CR0,0,1250,1250_PT0_SX220_V1___.png\">\n                     <\/p>\n<p>                      <img decoding=\"async\" alt=\"Absatzh\u00f6he_15mm.png\" src=\"https:\/\/m.media-amazon.com\/images\/S\/aplus-media-library-service-media\/00a2e02f-1a3c-4e11-bbc2-51cd04084e8a.__CR0,0,1250,1250_PT0_SX220_V1___.png\"><\/p>\n<p> <img decoding=\"async\" alt=\"Icon_Handnaht\" src=\"https:\/\/images-na.ssl-images-amazon.com\/images\/G\/01\/x-locale\/common\/grey-pixel.gif\" class=\"a-lazy-loaded\" data-src=\"https:\/\/m.media-amazon.com\/images\/S\/aplus-media-library-service-media\/481bc2dc-c98f-4444-9379-cb64dcee71cf.__CR0,0,1250,1250_PT0_SX220_V1___.png\">\n                     <\/p>\n<p>                      <img decoding=\"async\" alt=\"Icon_Handnaht\" src=\"https:\/\/m.media-amazon.com\/images\/S\/aplus-media-library-service-media\/481bc2dc-c98f-4444-9379-cb64dcee71cf.__CR0,0,1250,1250_PT0_SX220_V1___.png\"><\/p>\n<p> <img decoding=\"async\" alt=\"Icon_Sohle_EVO.png\" src=\"https:\/\/images-na.ssl-images-amazon.com\/images\/G\/01\/x-locale\/common\/grey-pixel.gif\" class=\"a-lazy-loaded\" data-src=\"https:\/\/m.media-amazon.com\/images\/S\/aplus-media-library-service-media\/7ae57187-7b30-4ce7-ae6b-14e7ded6740b.__CR0,0,1250,1250_PT0_SX220_V1___.png\">\n                     <\/p>\n<p>                      <img decoding=\"async\" alt=\"Icon_Sohle_EVO.png\" src=\"https:\/\/m.media-amazon.com\/images\/S\/aplus-media-library-service-media\/7ae57187-7b30-4ce7-ae6b-14e7ded6740b.__CR0,0,1250,1250_PT0_SX220_V1___.png\"><\/p>\n<p>                     OBERMATERIAL  <\/p>\n<p class=\"a-size-small\"> Damen-Halbschuh aus hochwertigem echten Leder <\/p>\n<p>                     ABSATZH\u00d6HE  <\/p>\n<p class=\"a-size-small\"> Schalensohle mit einer H\u00f6he von 1,5 cm <\/p>\n<p>                     HANDNAHT  <\/p>\n<p class=\"a-size-small\"> Handstiched-Machart (Handnaht): Hochwertige Schuhe mit besonders flexiblen Laufsohlen <\/p>\n<p>                     LAUFSOHLE  <\/p>\n<p class=\"a-size-small\"> Die stabile Laufsohle aus EVO hat eine sehr hohe Festigkeit. <\/p>\n<p> Im Angebot von Amazon.de seit \u200f : \u200e  9. Oktober 2022 <br \/> Hersteller \u200f : \u200e  Josef Seibel <br \/> ASIN \u200f : \u200e  B0BHRR2MJ6 <br \/> Modellnummer \u200f : \u200e  59692 <br \/> Kategorie \u200f : \u200e  Damen <\/p>\n<p>[ad_2]<\/p>\n","protected":false},"excerpt":{"rendered":"<p>Price: [price_with_discount](as of [price_update_date] &#8211; Details) [ad_1] Produktinformation F\u00fcr Menschen, die sich aufmachen, neue Geschichten zu erleben und neue Welten zu entdecken. F\u00fcr Menschen, die f\u00fcr ihren Weg bequeme und<\/p>\n","protected":false},"featured_media":72526,"comment_status":"open","ping_status":"closed","template":"","meta":[],"product_cat":[230],"product_tag":[266],"class_list":{"0":"post-72525","1":"product","2":"type-product","3":"status-publish","4":"has-post-thumbnail","6":"product_cat-fashion","7":"product_tag-womens-fashion-sneakers","9":"first","10":"instock","11":"sale","12":"shipping-taxable","13":"product-type-external"},"aioseo_notices":[],"_links":{"self":[{"href":"https:\/\/topgetestet.de\/index.php?rest_route=\/wp\/v2\/product\/72525","targetHints":{"allow":["GET"]}}],"collection":[{"href":"https:\/\/topgetestet.de\/index.php?rest_route=\/wp\/v2\/product"}],"about":[{"href":"https:\/\/topgetestet.de\/index.php?rest_route=\/wp\/v2\/types\/product"}],"replies":[{"embeddable":true,"href":"https:\/\/topgetestet.de\/index.php?rest_route=%2Fwp%2Fv2%2Fcomments&post=72525"}],"wp:featuredmedia":[{"embeddable":true,"href":"https:\/\/topgetestet.de\/index.php?rest_route=\/wp\/v2\/media\/72526"}],"wp:attachment":[{"href":"https:\/\/topgetestet.de\/index.php?rest_route=%2Fwp%2Fv2%2Fmedia&parent=72525"}],"wp:term":[{"taxonomy":"product_cat","embeddable":true,"href":"https:\/\/topgetestet.de\/index.php?rest_route=%2Fwp%2Fv2%2Fproduct_cat&post=72525"},{"taxonomy":"product_tag","embeddable":true,"href":"https:\/\/topgetestet.de\/index.php?rest_route=%2Fwp%2Fv2%2Fproduct_tag&post=72525"}],"curies":[{"name":"wp","href":"https:\/\/api.w.org\/{rel}","templated":true}]}}