{"id":72328,"date":"2022-10-16T07:44:14","date_gmt":"2022-10-16T07:44:14","guid":{"rendered":"https:\/\/topgetestet.de\/?product=champion-herren-kapuzenpullover-powerblend-pullover-hoodie"},"modified":"2022-10-16T07:44:14","modified_gmt":"2022-10-16T07:44:14","slug":"champion-herren-kapuzenpullover-powerblend-pullover-hoodie","status":"publish","type":"product","link":"https:\/\/topgetestet.de\/?product=champion-herren-kapuzenpullover-powerblend-pullover-hoodie","title":{"rendered":"Champion Herren Kapuzenpullover Powerblend Pullover Hoodie"},"content":{"rendered":"<p>Price: <span style=\"color:#b12704\">[price_with_discount]<\/span><br \/><i><small>(as of [price_update_date] &#8211; <span class=\"wp_automatic_amazon_disclaimer\" title=\"Product prices and availability are accurate as of the date\/time indicated and are subject to change. Any price and availability information displayed on [relevant Amazon Site(s), as applicable] at the time of purchase will apply to the purchase of this product.\">Details<\/span>)<\/small><\/i><\/p>\n<p><a href=\"https:\/\/amazon.de\/dp\/B01HIUTDZW?tag=topgetestet09-21\"><img decoding=\"async\" src=\"https:\/\/i.imgur.com\/ISRHEWs.png\"><\/a><br \/>\n[ad_1]<br \/>\n <span>Hergestellt f\u00fcr jede Jahreszeit, unser Powerblend Fleece-Hoodie ist ein Favorit der Kunden, die das Beste aus W\u00e4rme und Haltbarkeit bietet, ohne das zus\u00e4tzliche Gewicht. Au\u00dfergew\u00f6hnlich weich, resistent gegen Kn\u00f6tchenbildung und Schrumpfung, sodass es seine tolle Passform und Komfort beibeh\u00e4lt, egal wie hart Sie spielen. Tragen Sie dieses mittelschwere Fleece-Workout am Wochenende, es ist mit extra Stichdetails f\u00fcr Strapazierf\u00e4higkeit, einer doppellagigen Kapuze mit Metall\u00f6sen, weichem Nackenband und einer handw\u00e4rmenden Beuteltasche ausgestattet. Low-key gesticktes C-Logo veredelt Ihren sportlichen Stil mit Jogger oder Sweatpants. Teil unserer Champion\u00ae Made Initiative, umweltfreundliches Powerblend Fleece wird aus r\u00fcckverfolgbarer Baumwolle hergestellt und ben\u00f6tigt 2-5 mal weniger Wasser. Noch besser, wir verwenden bis zu 10% recycelte Polyesterfasern, was hilft, recycelte Plastikflaschen von Deponien fernzuhalten.<\/span> <br \/> Produktabmessungen \u200f : \u200e  33.02 x 20.32 x 2.54 cm; 294.84 Gramm <br \/> Im Angebot von Amazon.de seit \u200f : \u200e  6. September 2017 <br \/> Hersteller \u200f : \u200e  Champion Men&#8217;s Athletic <br \/> ASIN \u200f : \u200e  B071KP5N1Z <br \/> Modellnummer \u200f : \u200e  S0889 <br \/> Kategorie \u200f : \u200e  Herren <\/p>\n<p>[ad_2]<\/p>\n","protected":false},"excerpt":{"rendered":"<p>Price: [price_with_discount](as of [price_update_date] &#8211; Details) [ad_1] Hergestellt f\u00fcr jede Jahreszeit, unser Powerblend Fleece-Hoodie ist ein Favorit der Kunden, die das Beste aus W\u00e4rme und Haltbarkeit bietet, ohne das zus\u00e4tzliche<\/p>\n","protected":false},"featured_media":72329,"comment_status":"open","ping_status":"closed","template":"","meta":[],"product_cat":[231],"product_tag":[],"class_list":{"0":"post-72328","1":"product","2":"type-product","3":"status-publish","4":"has-post-thumbnail","6":"product_cat-mens-fashion","8":"first","9":"instock","10":"shipping-taxable","11":"product-type-external"},"aioseo_notices":[],"_links":{"self":[{"href":"https:\/\/topgetestet.de\/index.php?rest_route=\/wp\/v2\/product\/72328","targetHints":{"allow":["GET"]}}],"collection":[{"href":"https:\/\/topgetestet.de\/index.php?rest_route=\/wp\/v2\/product"}],"about":[{"href":"https:\/\/topgetestet.de\/index.php?rest_route=\/wp\/v2\/types\/product"}],"replies":[{"embeddable":true,"href":"https:\/\/topgetestet.de\/index.php?rest_route=%2Fwp%2Fv2%2Fcomments&post=72328"}],"wp:featuredmedia":[{"embeddable":true,"href":"https:\/\/topgetestet.de\/index.php?rest_route=\/wp\/v2\/media\/72329"}],"wp:attachment":[{"href":"https:\/\/topgetestet.de\/index.php?rest_route=%2Fwp%2Fv2%2Fmedia&parent=72328"}],"wp:term":[{"taxonomy":"product_cat","embeddable":true,"href":"https:\/\/topgetestet.de\/index.php?rest_route=%2Fwp%2Fv2%2Fproduct_cat&post=72328"},{"taxonomy":"product_tag","embeddable":true,"href":"https:\/\/topgetestet.de\/index.php?rest_route=%2Fwp%2Fv2%2Fproduct_tag&post=72328"}],"curies":[{"name":"wp","href":"https:\/\/api.w.org\/{rel}","templated":true}]}}