{"id":71634,"date":"2022-10-16T03:11:27","date_gmt":"2022-10-16T03:11:27","guid":{"rendered":"https:\/\/topgetestet.de\/?product=vaude-damen-womens-ubn-redmont-2-0-ps-sneakers-3"},"modified":"2022-10-16T03:11:27","modified_gmt":"2022-10-16T03:11:27","slug":"vaude-damen-womens-ubn-redmont-2-0-ps-sneakers-3","status":"publish","type":"product","link":"https:\/\/topgetestet.de\/?product=vaude-damen-womens-ubn-redmont-2-0-ps-sneakers-3","title":{"rendered":"Vaude Damen Women&#8217;s UBN Redmont 2.0 PS Sneakers"},"content":{"rendered":"<p>Price: <span style=\"color:#b12704\">[price_with_discount]<\/span><br \/><i><small>(as of [price_update_date] &#8211; <span class=\"wp_automatic_amazon_disclaimer\" title=\"Product prices and availability are accurate as of the date\/time indicated and are subject to change. Any price and availability information displayed on [relevant Amazon Site(s), as applicable] at the time of purchase will apply to the purchase of this product.\">Details<\/span>)<\/small><\/i><\/p>\n<p><a href=\"https:\/\/amazon.de\/dp\/B089VTVS58?tag=topgetestet09-21\"><img decoding=\"async\" src=\"https:\/\/i.imgur.com\/ISRHEWs.png\"><\/a><br \/>\n[ad_1]<br \/>\n <span>Urbaner Sneaker f\u00fcr den sommerlichen Stadtalltag. Der sportive, bequeme UBN Sneaker f\u00fcr Damen ist ein echter Allrounder &#8211; durch seine Optik und funktionelle Ausstattung eignet er sich f\u00fcr urbane Freizeitaktivit\u00e4ten genauso wie f\u00fcrs B\u00fcro. Das atmungsaktive Canvasmaterial aus GOTS-zertifizierter Bio-Baumwolle in Kombination mit dem chromfrei gegerbten Leder sorgt f\u00fcr ein gutes Fu\u00dfklima. Das Fu\u00dfbett wurde aus Naturfasern erstellt und kann herausgenommen werden &#8211; was praktisch ist, wenn man eigene Einlagen verwenden will. Die Gummisohle aus recyceltem Naturkautschuk in Verbindung mit weiteren Recyclingmaterialien ist wiederbesohlbar. Der Schuh ist und komplett ohne synthetische Kunststoffe erstellt. F\u00fcr die Entwicklung hat sich VAUDE in einer Kooperation mit dem etablierten Eco Streetwear-Label LANGBRETT zusammengeschlossen und partizipiert damit von deren umfangreichen Produktions-KnowHow f\u00fcr nachhaltige Schuhe. Das VAUDE Green Shape-Label steht f\u00fcr ein umweltfreundliches, funktionelles Produkt aus nachhaltigen Materialien.<\/span> <br \/> Verpackungsabmessungen \u200f : \u200e  32.1 x 22.8 x 12.1 cm; 820 Gramm <br \/> Im Angebot von Amazon.de seit \u200f : \u200e  9. Juni 2020 <br \/> Hersteller \u200f : \u200e  Vaude <br \/> ASIN \u200f : \u200e  B089VNY5YB <br \/> Modellnummer \u200f : \u200e  20511 <br \/> Kategorie \u200f : \u200e  Damen <\/p>\n<p>Innenmaterial: Textil<br \/>Sohle: Gummi<br \/>Verschluss: Schn\u00fcrung<br \/>Absatzform: Flach<br \/>Materialzusammensetzung: Au\u00dfensohle: VD UBN Sneaker II &#8211; with poppy seeds, Innenmaterial: Organic Cotton, Obermaterial: Organic Cotton \/ Leather<br \/>Schuhweite: medium<br \/>Nicht wasserfest<br \/>\n<br \/>[ad_2]<\/p>\n","protected":false},"excerpt":{"rendered":"<p>Price: [price_with_discount](as of [price_update_date] &#8211; Details) [ad_1] Urbaner Sneaker f\u00fcr den sommerlichen Stadtalltag. Der sportive, bequeme UBN Sneaker f\u00fcr Damen ist ein echter Allrounder &#8211; durch seine Optik und funktionelle<\/p>\n","protected":false},"featured_media":71635,"comment_status":"open","ping_status":"closed","template":"","meta":[],"product_cat":[230],"product_tag":[266],"class_list":{"0":"post-71634","1":"product","2":"type-product","3":"status-publish","4":"has-post-thumbnail","6":"product_cat-fashion","7":"product_tag-womens-fashion-sneakers","9":"first","10":"instock","11":"shipping-taxable","12":"product-type-external"},"aioseo_notices":[],"_links":{"self":[{"href":"https:\/\/topgetestet.de\/index.php?rest_route=\/wp\/v2\/product\/71634","targetHints":{"allow":["GET"]}}],"collection":[{"href":"https:\/\/topgetestet.de\/index.php?rest_route=\/wp\/v2\/product"}],"about":[{"href":"https:\/\/topgetestet.de\/index.php?rest_route=\/wp\/v2\/types\/product"}],"replies":[{"embeddable":true,"href":"https:\/\/topgetestet.de\/index.php?rest_route=%2Fwp%2Fv2%2Fcomments&post=71634"}],"wp:featuredmedia":[{"embeddable":true,"href":"https:\/\/topgetestet.de\/index.php?rest_route=\/wp\/v2\/media\/71635"}],"wp:attachment":[{"href":"https:\/\/topgetestet.de\/index.php?rest_route=%2Fwp%2Fv2%2Fmedia&parent=71634"}],"wp:term":[{"taxonomy":"product_cat","embeddable":true,"href":"https:\/\/topgetestet.de\/index.php?rest_route=%2Fwp%2Fv2%2Fproduct_cat&post=71634"},{"taxonomy":"product_tag","embeddable":true,"href":"https:\/\/topgetestet.de\/index.php?rest_route=%2Fwp%2Fv2%2Fproduct_tag&post=71634"}],"curies":[{"name":"wp","href":"https:\/\/api.w.org\/{rel}","templated":true}]}}