{"id":71487,"date":"2022-10-16T01:31:19","date_gmt":"2022-10-16T01:31:19","guid":{"rendered":"https:\/\/topgetestet.de\/?product=vaude-damen-regenhose-womens-drop-pants-ii-4"},"modified":"2022-10-16T01:31:19","modified_gmt":"2022-10-16T01:31:19","slug":"vaude-damen-regenhose-womens-drop-pants-ii-4","status":"publish","type":"product","link":"https:\/\/topgetestet.de\/?product=vaude-damen-regenhose-womens-drop-pants-ii-4","title":{"rendered":"VAUDE Damen Regenhose Women&#8217;s Drop Pants Ii"},"content":{"rendered":"<p>Price: <span style=\"color:#b12704\">[price_with_discount]<\/span><br \/><i><small>(as of [price_update_date] &#8211; <span class=\"wp_automatic_amazon_disclaimer\" title=\"Product prices and availability are accurate as of the date\/time indicated and are subject to change. Any price and availability information displayed on [relevant Amazon Site(s), as applicable] at the time of purchase will apply to the purchase of this product.\">Details<\/span>)<\/small><\/i><\/p>\n<p><a href=\"https:\/\/amazon.de\/dp\/B0858BMCVX?tag=topgetestet09-21\"><img decoding=\"async\" src=\"https:\/\/i.imgur.com\/ISRHEWs.png\"><\/a><br \/>\n[ad_1]<\/p>\n<p>       Von der Marke <\/p>\n<p>             <img decoding=\"async\" alt=\"Keep outdoor cool\" src=\"https:\/\/images-na.ssl-images-amazon.com\/images\/G\/01\/x-locale\/common\/grey-pixel.gif\" class=\"a-lazy-loaded\" data-src=\"https:\/\/m.media-amazon.com\/images\/S\/aplus-media-library-service-media\/27d30e7e-976f-443c-a68c-1dabe84752e8.__CR0,0,1464,625_PT0_SX1464_V1___.jpg\"><\/p>\n<p>              <img decoding=\"async\" alt=\"Keep outdoor cool\" src=\"https:\/\/m.media-amazon.com\/images\/S\/aplus-media-library-service-media\/27d30e7e-976f-443c-a68c-1dabe84752e8.__CR0,0,1464,625_PT0_SX1464_V1___.jpg\"><\/p>\n<p>                   <img decoding=\"async\" alt=\"Klimaneutral\" src=\"https:\/\/images-na.ssl-images-amazon.com\/images\/G\/01\/x-locale\/common\/grey-pixel.gif\" class=\"a-lazy-loaded\" data-src=\"https:\/\/m.media-amazon.com\/images\/S\/aplus-media-library-service-media\/2e8710ed-ad81-440e-8d36-c696f5c078d7.__CR0,0,893,411_PT0_SX315_V1___.jpg\"><\/p>\n<p>                    <img decoding=\"async\" alt=\"Klimaneutral\" src=\"https:\/\/m.media-amazon.com\/images\/S\/aplus-media-library-service-media\/2e8710ed-ad81-440e-8d36-c696f5c078d7.__CR0,0,893,411_PT0_SX315_V1___.jpg\"><\/p>\n<p> VAUDE bietet funktionelle, innovative und nachhaltige Produkte f\u00fcr Berg- und Bike-Sportler. Dabei setzt das Familienunternehmen weltweit \u00f6kologische und soziale Standards. In Zusammenarbeit mit der Fair Wear Foundation setzt sich der Outdoor-Ausr\u00fcster weltweit f\u00fcr gute Arbeitsbedingungen und eine faire Herstellung ein. In Deutschland ist VAUDE bereits seit 2012 klimaneutral, mit allen Produkten weltweit seit 2022. <\/p>\n<p>                     Seit 2022 ist VAUDE mit allen Produkten klimaneutral! Was bedeutet das?  <\/p>\n<p> Das bedeutet konkret, dass wir unsere weltweiten Treibhausgasemissionen f\u00fcr VAUDE als Unternehmen inkl. aller Produkte in einem aufwendigen Prozess berechnet haben und alle derzeit nicht vermeidbaren Emissionen vollst\u00e4ndig kompensieren. Parallel dazu werden wir gem\u00e4\u00df wissenschaftsbasierten Zielen (SBTs) sukzessive unsere Emissionen weiter reduzieren, um unseren Beitrag zur Einhaltung des 1,5-Grad-Ziels zu leisten. <\/p>\n<p>                     Was ist die Science Based Targets Initiative bzw. was sind Science Based Targets?  <\/p>\n<p> Die internationale Science Based Targets Initiative (SBTi) unterst\u00fctzt Unternehmen dabei, sich messbare und realistische Klimaziele zur Emissionsreduzierung zu setzen. Indem wir uns als Unternehmen der SBTi angeschlossen haben, haben wir uns dazu verpflichtet, unseren Beitrag zur Einhaltung des 1,5\u00b0 Ziels zu leisten. Das bedeutet also, dass wir gem\u00e4\u00df der SBT-Methodik unsere Emissionen reduzieren und zus\u00e4tzlich ab 2022 freiwillig alle noch nicht vermiedenen Emissionen kompensieren. Damit sind wir klimaneutral. <\/p>\n<p>                     Welche CO2-Reduzierungsziele haben wir uns gesetzt?  <\/p>\n<p> Wir haben uns drei konkrete SBTs gesetzt und bei der SBTi eingereicht. Diese werden nun gepr\u00fcft und voraussichtlich bis Ende 2022 verifiziert. Danach werden wir j\u00e4hrlich \u00fcberpr\u00fcft, ob wir die Teilziele einhalten. <\/p>\n<p> 1. Bis 2026: 30 % weniger Emissionen aus Firmenfuhrpark gg\u00fc. 2019 (Scope 1) <\/p>\n<p> 2. Bis 2030: weiterhin 100 % \u00d6kostrom am deutschen Firmensitz (Scope 2) <\/p>\n<p> 3. Bis 2030: 50 % Reduzierung der Scope 3-Treibhausgasemissionen gg\u00fc. 2019, insbesondere Emissionen aus Materialverbrauch und Energieverbrauch bei der Materialherstellung <\/p>\n<p>                     Wie hoch ist die Bedeutung einzusch\u00e4tzen, dass VAUDE weltweit klimaneutral ist?  <\/p>\n<p> Sehr hoch! Der zuletzt ver\u00f6ffentliche IPCC-Bericht des Weltklimarates weist erneut eindringlich darauf hin, dass der Klimawandel menschengemachte Realit\u00e4t ist und noch schneller voranschreitet als bislang angenommen. <\/p>\n<p> Das im Pariser Klimaabkommen beschlossene 1,5-Grad-Ziel k\u00f6nnte bei einem \u201cWeiter so\u201d bereits 2030 \u00fcberschritten werden. Wir warten nicht l\u00e4nger ab, sondern handeln jetzt konsequent. <\/p>\n<p>[ad_2]<\/p>\n","protected":false},"excerpt":{"rendered":"<p>Price: [price_with_discount](as of [price_update_date] &#8211; Details) [ad_1] Von der Marke VAUDE bietet funktionelle, innovative und nachhaltige Produkte f\u00fcr Berg- und Bike-Sportler. Dabei setzt das Familienunternehmen weltweit \u00f6kologische und soziale Standards.<\/p>\n","protected":false},"featured_media":71488,"comment_status":"open","ping_status":"closed","template":"","meta":[],"product_cat":[232],"product_tag":[],"class_list":{"0":"post-71487","1":"product","2":"type-product","3":"status-publish","4":"has-post-thumbnail","6":"product_cat-women-fashion","8":"first","9":"instock","10":"shipping-taxable","11":"product-type-external"},"aioseo_notices":[],"_links":{"self":[{"href":"https:\/\/topgetestet.de\/index.php?rest_route=\/wp\/v2\/product\/71487","targetHints":{"allow":["GET"]}}],"collection":[{"href":"https:\/\/topgetestet.de\/index.php?rest_route=\/wp\/v2\/product"}],"about":[{"href":"https:\/\/topgetestet.de\/index.php?rest_route=\/wp\/v2\/types\/product"}],"replies":[{"embeddable":true,"href":"https:\/\/topgetestet.de\/index.php?rest_route=%2Fwp%2Fv2%2Fcomments&post=71487"}],"wp:featuredmedia":[{"embeddable":true,"href":"https:\/\/topgetestet.de\/index.php?rest_route=\/wp\/v2\/media\/71488"}],"wp:attachment":[{"href":"https:\/\/topgetestet.de\/index.php?rest_route=%2Fwp%2Fv2%2Fmedia&parent=71487"}],"wp:term":[{"taxonomy":"product_cat","embeddable":true,"href":"https:\/\/topgetestet.de\/index.php?rest_route=%2Fwp%2Fv2%2Fproduct_cat&post=71487"},{"taxonomy":"product_tag","embeddable":true,"href":"https:\/\/topgetestet.de\/index.php?rest_route=%2Fwp%2Fv2%2Fproduct_tag&post=71487"}],"curies":[{"name":"wp","href":"https:\/\/api.w.org\/{rel}","templated":true}]}}