{"id":70799,"date":"2022-10-15T21:27:26","date_gmt":"2022-10-15T21:27:26","guid":{"rendered":"https:\/\/topgetestet.de\/?product=remonte-damen-d1315-sneaker"},"modified":"2022-10-15T21:27:26","modified_gmt":"2022-10-15T21:27:26","slug":"remonte-damen-d1315-sneaker","status":"publish","type":"product","link":"https:\/\/topgetestet.de\/?product=remonte-damen-d1315-sneaker","title":{"rendered":"Remonte Damen D1315 Sneaker"},"content":{"rendered":"<p>Price: <span style=\"color:#b12704\">[price_with_discount]<\/span><br \/><i><small>(as of [price_update_date] &#8211; <span class=\"wp_automatic_amazon_disclaimer\" title=\"Product prices and availability are accurate as of the date\/time indicated and are subject to change. Any price and availability information displayed on [relevant Amazon Site(s), as applicable] at the time of purchase will apply to the purchase of this product.\">Details<\/span>)<\/small><\/i><\/p>\n<p><a href=\"https:\/\/amazon.de\/dp\/B09NNQH6V6?tag=topgetestet09-21\"><img decoding=\"async\" src=\"https:\/\/i.imgur.com\/ISRHEWs.png\"><\/a><br \/>\n[ad_1]<\/p>\n<p>       Produktbeschreibung des Herstellers <\/p>\n<p>             D1315-02<br \/>\n             Remonte Sneaker  <\/p>\n<p class=\"aplus-p2 aplus-module-1-description\"> Die Suche nach dem perfekten Sneaker hat endlich ein Ende! Ob cool oder chic- Dieser trendy low-top Sneaker in Schwarz matcht mit jedem Look! Minimalistische Details wie die zweifarbige Sohle sorgen f\u00fcr einen auff\u00e4llig sch\u00f6nen Style. Der Schn\u00fcrschuh aus Glattleder ist super leicht und hat eine angenehm d\u00e4mpfende Laufsohle. Die Einlegesohle ist lose und aus Leder. Der Schuh ist auch in gro\u00dfen Gr\u00f6\u00dfen erh\u00e4ltlich. <\/p>\n<p>            <img decoding=\"async\" alt=\"D1315-02\" src=\"https:\/\/images-na.ssl-images-amazon.com\/images\/G\/01\/x-locale\/common\/grey-pixel.gif\" class=\"a-lazy-loaded\" data-src=\"https:\/\/m.media-amazon.com\/images\/S\/aplus-media-library-service-media\/e3efe1ef-d39e-47b5-8b3a-b147a50d6b68.__CR0,0,800,600_PT0_SX800_V1___.jpg\"><\/p>\n<p>             <img decoding=\"async\" alt=\"D1315-02\" src=\"https:\/\/m.media-amazon.com\/images\/S\/aplus-media-library-service-media\/e3efe1ef-d39e-47b5-8b3a-b147a50d6b68.__CR0,0,800,600_PT0_SX800_V1___.jpg\"><\/p>\n<p>            <img decoding=\"async\" alt=\"D1315-02\" src=\"https:\/\/images-na.ssl-images-amazon.com\/images\/G\/01\/x-locale\/common\/grey-pixel.gif\" class=\"a-lazy-loaded\" data-src=\"https:\/\/m.media-amazon.com\/images\/S\/aplus-media-library-service-media\/bb4c6c42-2b40-4b73-a1c5-f018dc291caa.__CR2,0,1464,600_PT0_SX1464_V1___.jpg\"><\/p>\n<p>             <img decoding=\"async\" alt=\"D1315-02\" src=\"https:\/\/m.media-amazon.com\/images\/S\/aplus-media-library-service-media\/bb4c6c42-2b40-4b73-a1c5-f018dc291caa.__CR2,0,1464,600_PT0_SX1464_V1___.jpg\"><\/p>\n<p>            <img decoding=\"async\" alt=\"D1315-02\" src=\"https:\/\/images-na.ssl-images-amazon.com\/images\/G\/01\/x-locale\/common\/grey-pixel.gif\" class=\"a-lazy-loaded\" data-src=\"https:\/\/m.media-amazon.com\/images\/S\/aplus-media-library-service-media\/b3d8e0fb-5ed8-48f6-ac7b-5730c4fd93cc.__CR2,0,1464,600_PT0_SX1464_V1___.jpg\"><\/p>\n<p>             <img decoding=\"async\" alt=\"D1315-02\" src=\"https:\/\/m.media-amazon.com\/images\/S\/aplus-media-library-service-media\/b3d8e0fb-5ed8-48f6-ac7b-5730c4fd93cc.__CR2,0,1464,600_PT0_SX1464_V1___.jpg\"><\/p>\n<p>            <img decoding=\"async\" alt=\"D1315-02\" src=\"https:\/\/images-na.ssl-images-amazon.com\/images\/G\/01\/x-locale\/common\/grey-pixel.gif\" class=\"a-lazy-loaded\" data-src=\"https:\/\/m.media-amazon.com\/images\/S\/aplus-media-library-service-media\/df6a5a7c-0a94-42cc-a6ac-7fc4f90be2ca.__CR2,0,1464,600_PT0_SX1464_V1___.jpg\"><\/p>\n<p>             <img decoding=\"async\" alt=\"D1315-02\" src=\"https:\/\/m.media-amazon.com\/images\/S\/aplus-media-library-service-media\/df6a5a7c-0a94-42cc-a6ac-7fc4f90be2ca.__CR2,0,1464,600_PT0_SX1464_V1___.jpg\"><\/p>\n<p>            <img decoding=\"async\" alt=\"D1315-02\" src=\"https:\/\/images-na.ssl-images-amazon.com\/images\/G\/01\/x-locale\/common\/grey-pixel.gif\" class=\"a-lazy-loaded\" data-src=\"https:\/\/m.media-amazon.com\/images\/S\/aplus-media-library-service-media\/89feb3e6-a426-4827-803d-a983356cbe26.__CR2,0,1464,600_PT0_SX1464_V1___.jpg\"><\/p>\n<p>             <img decoding=\"async\" alt=\"D1315-02\" src=\"https:\/\/m.media-amazon.com\/images\/S\/aplus-media-library-service-media\/89feb3e6-a426-4827-803d-a983356cbe26.__CR2,0,1464,600_PT0_SX1464_V1___.jpg\"><\/p>\n<p>            <img decoding=\"async\" alt=\"D1315-02\" src=\"https:\/\/images-na.ssl-images-amazon.com\/images\/G\/01\/x-locale\/common\/grey-pixel.gif\" class=\"a-lazy-loaded\" data-src=\"https:\/\/m.media-amazon.com\/images\/S\/aplus-media-library-service-media\/eaf09be3-61ae-4d30-989c-dbe75687d666.__CR2,0,1464,600_PT0_SX1464_V1___.jpg\"><\/p>\n<p>             <img decoding=\"async\" alt=\"D1315-02\" src=\"https:\/\/m.media-amazon.com\/images\/S\/aplus-media-library-service-media\/eaf09be3-61ae-4d30-989c-dbe75687d666.__CR2,0,1464,600_PT0_SX1464_V1___.jpg\"><\/p>\n<p> Verpackungsabmessungen \u200f : \u200e  34.7 x 20.4 x 12.2 cm; 770 Gramm <br \/> Im Angebot von Amazon.de seit \u200f : \u200e  15. Dezember 2021 <br \/> Hersteller \u200f : \u200e  Remonte <br \/> ASIN \u200f : \u200e  B09NNNQC2R <br \/> Modellnummer \u200f : \u200e  D1315 <br \/> Kategorie \u200f : \u200e  Damen <\/p>\n<p>[ad_2]<\/p>\n","protected":false},"excerpt":{"rendered":"<p>Price: [price_with_discount](as of [price_update_date] &#8211; Details) [ad_1] Produktbeschreibung des Herstellers D1315-02 Remonte Sneaker Die Suche nach dem perfekten Sneaker hat endlich ein Ende! Ob cool oder chic- Dieser trendy low-top<\/p>\n","protected":false},"featured_media":70800,"comment_status":"open","ping_status":"closed","template":"","meta":[],"product_cat":[230],"product_tag":[266],"class_list":{"0":"post-70799","1":"product","2":"type-product","3":"status-publish","4":"has-post-thumbnail","6":"product_cat-fashion","7":"product_tag-womens-fashion-sneakers","9":"first","10":"instock","11":"shipping-taxable","12":"product-type-external"},"aioseo_notices":[],"_links":{"self":[{"href":"https:\/\/topgetestet.de\/index.php?rest_route=\/wp\/v2\/product\/70799","targetHints":{"allow":["GET"]}}],"collection":[{"href":"https:\/\/topgetestet.de\/index.php?rest_route=\/wp\/v2\/product"}],"about":[{"href":"https:\/\/topgetestet.de\/index.php?rest_route=\/wp\/v2\/types\/product"}],"replies":[{"embeddable":true,"href":"https:\/\/topgetestet.de\/index.php?rest_route=%2Fwp%2Fv2%2Fcomments&post=70799"}],"wp:featuredmedia":[{"embeddable":true,"href":"https:\/\/topgetestet.de\/index.php?rest_route=\/wp\/v2\/media\/70800"}],"wp:attachment":[{"href":"https:\/\/topgetestet.de\/index.php?rest_route=%2Fwp%2Fv2%2Fmedia&parent=70799"}],"wp:term":[{"taxonomy":"product_cat","embeddable":true,"href":"https:\/\/topgetestet.de\/index.php?rest_route=%2Fwp%2Fv2%2Fproduct_cat&post=70799"},{"taxonomy":"product_tag","embeddable":true,"href":"https:\/\/topgetestet.de\/index.php?rest_route=%2Fwp%2Fv2%2Fproduct_tag&post=70799"}],"curies":[{"name":"wp","href":"https:\/\/api.w.org\/{rel}","templated":true}]}}