{"id":70660,"date":"2022-10-15T20:41:43","date_gmt":"2022-10-15T20:41:43","guid":{"rendered":"https:\/\/topgetestet.de\/?product=minecraft-adventskalender-2022-kinder-schreibwaren-adventskalender"},"modified":"2022-10-15T20:41:43","modified_gmt":"2022-10-15T20:41:43","slug":"minecraft-adventskalender-2022-kinder-schreibwaren-adventskalender","status":"publish","type":"product","link":"https:\/\/topgetestet.de\/?product=minecraft-adventskalender-2022-kinder-schreibwaren-adventskalender","title":{"rendered":"Minecraft Adventskalender 2022 Kinder Schreibwaren Adventskalender"},"content":{"rendered":"<p>Price: <span style=\"color:#b12704\">[price_with_discount]<\/span><br \/><i><small>(as of [price_update_date] &#8211; <span class=\"wp_automatic_amazon_disclaimer\" title=\"Product prices and availability are accurate as of the date\/time indicated and are subject to change. Any price and availability information displayed on [relevant Amazon Site(s), as applicable] at the time of purchase will apply to the purchase of this product.\">Details<\/span>)<\/small><\/i><\/p>\n<p><a href=\"https:\/\/amazon.de\/dp\/B09WN3V4BS?tag=topgetestet09-21\"><img decoding=\"async\" src=\"https:\/\/i.imgur.com\/ISRHEWs.png\"><\/a><br \/>\n[ad_1]<br \/>\n <br \/>Enth\u00e4lt 24 \u00dcberraschungen: dieser Weihnachts-Adventskalender enth\u00e4lt: 2 Mini-Notizb\u00fccher, 2 Notizbl\u00f6cke, 2 Kugelschreiber, 2 Bleistifte, 3 Textmarker, 2 Minecraft-Aufkleberb\u00f6gen, 1 Lineal, 1 Radiergummi, 1 Spitzer, 2 Metallabzeichen, 4 Gummianh\u00e4nger, 1 Gurtband Abzieher und 1 Lanyard<br \/>Offizielle Minecraft Fanartikel &#8211; Voll lizenzierter Adventskalender f\u00fcr Kinder, vollgepackt mit offiziellem Minecraft Stationery Box<br \/>Machen Sie das Warten bis Weihnachten lustig und spannend mit diesen tollen Minecraft Zubeh\u00f6re<br \/>Das perfekte Minecraft Geschenk \u2013 unser Gamer-Adventskalender ist das perfekte Geschenk, um Ihre Kleinen mit lustigen Minecraft-Briefpapier und Spielzeug zu begeistern<br \/>\n<br \/>[ad_2]<\/p>\n","protected":false},"excerpt":{"rendered":"<p>Price: [price_with_discount](as of [price_update_date] &#8211; Details) [ad_1] Enth\u00e4lt 24 \u00dcberraschungen: dieser Weihnachts-Adventskalender enth\u00e4lt: 2 Mini-Notizb\u00fccher, 2 Notizbl\u00f6cke, 2 Kugelschreiber, 2 Bleistifte, 3 Textmarker, 2 Minecraft-Aufkleberb\u00f6gen, 1 Lineal, 1 Radiergummi, 1<\/p>\n","protected":false},"featured_media":70661,"comment_status":"open","ping_status":"closed","template":"","meta":[],"product_cat":[227],"product_tag":[264],"class_list":{"0":"post-70660","1":"product","2":"type-product","3":"status-publish","4":"has-post-thumbnail","6":"product_cat-gaming","7":"product_tag-playstation-4-accessories","9":"first","10":"instock","11":"sale","12":"shipping-taxable","13":"product-type-external"},"aioseo_notices":[],"_links":{"self":[{"href":"https:\/\/topgetestet.de\/index.php?rest_route=\/wp\/v2\/product\/70660","targetHints":{"allow":["GET"]}}],"collection":[{"href":"https:\/\/topgetestet.de\/index.php?rest_route=\/wp\/v2\/product"}],"about":[{"href":"https:\/\/topgetestet.de\/index.php?rest_route=\/wp\/v2\/types\/product"}],"replies":[{"embeddable":true,"href":"https:\/\/topgetestet.de\/index.php?rest_route=%2Fwp%2Fv2%2Fcomments&post=70660"}],"wp:featuredmedia":[{"embeddable":true,"href":"https:\/\/topgetestet.de\/index.php?rest_route=\/wp\/v2\/media\/70661"}],"wp:attachment":[{"href":"https:\/\/topgetestet.de\/index.php?rest_route=%2Fwp%2Fv2%2Fmedia&parent=70660"}],"wp:term":[{"taxonomy":"product_cat","embeddable":true,"href":"https:\/\/topgetestet.de\/index.php?rest_route=%2Fwp%2Fv2%2Fproduct_cat&post=70660"},{"taxonomy":"product_tag","embeddable":true,"href":"https:\/\/topgetestet.de\/index.php?rest_route=%2Fwp%2Fv2%2Fproduct_tag&post=70660"}],"curies":[{"name":"wp","href":"https:\/\/api.w.org\/{rel}","templated":true}]}}