{"id":70644,"date":"2022-10-15T20:34:47","date_gmt":"2022-10-15T20:34:47","guid":{"rendered":"https:\/\/topgetestet.de\/?product=puma-damen-klassischer-trikotanzug-op-trainingsanzug"},"modified":"2022-10-15T20:34:47","modified_gmt":"2022-10-15T20:34:47","slug":"puma-damen-klassischer-trikotanzug-op-trainingsanzug","status":"publish","type":"product","link":"https:\/\/topgetestet.de\/?product=puma-damen-klassischer-trikotanzug-op-trainingsanzug","title":{"rendered":"PUMA Damen Klassischer Trikotanzug Op Trainingsanzug"},"content":{"rendered":"<p>Price: <span style=\"color:#b12704\">[price_with_discount]<\/span><br \/><i><small>(as of [price_update_date] &#8211; <span class=\"wp_automatic_amazon_disclaimer\" title=\"Product prices and availability are accurate as of the date\/time indicated and are subject to change. Any price and availability information displayed on [relevant Amazon Site(s), as applicable] at the time of purchase will apply to the purchase of this product.\">Details<\/span>)<\/small><\/i><\/p>\n<p><a href=\"https:\/\/amazon.de\/dp\/B09MWGLX96?tag=topgetestet09-21\"><img decoding=\"async\" src=\"https:\/\/i.imgur.com\/ISRHEWs.png\"><\/a><br \/>\n[ad_1]<br \/>\n <span>Rocke den Zweiteiler-Look in dieser sportlichen Trainings-Combo. Stilvolle Slim-Fit-Hosen kombiniert mit einem klassischen Rei\u00dfverschluss-Oberteil f\u00fcr ein athletisches Gef\u00fchl, abgerundet mit kontrastierenden Highlights an den Taschen und \u00c4rmeln und dem PUMA Cat-Logo. Zu 100&nbsp;% hergestellt aus recycelten Materialien als Teil unserer Bem\u00fchungen, unsere Umweltauswirkungen zu verringern.<\/span> <br \/> Produktabmessungen \u200f : \u200e  28 x 39 x 6 cm; 700 Gramm <br \/> Im Angebot von Amazon.de seit \u200f : \u200e  2. Mai 2022 <br \/> Hersteller \u200f : \u200e  PUMA <br \/> ASIN \u200f : \u200e  B09ZCHQBGN <br \/> Modellnummer \u200f : \u200e  847130 <br \/> Kategorie \u200f : \u200e  Damen <\/p>\n<p>[ad_2]<\/p>\n","protected":false},"excerpt":{"rendered":"<p>Price: [price_with_discount](as of [price_update_date] &#8211; Details) [ad_1] Rocke den Zweiteiler-Look in dieser sportlichen Trainings-Combo. Stilvolle Slim-Fit-Hosen kombiniert mit einem klassischen Rei\u00dfverschluss-Oberteil f\u00fcr ein athletisches Gef\u00fchl, abgerundet mit kontrastierenden Highlights an<\/p>\n","protected":false},"featured_media":70645,"comment_status":"open","ping_status":"closed","template":"","meta":[],"product_cat":[232],"product_tag":[],"class_list":{"0":"post-70644","1":"product","2":"type-product","3":"status-publish","4":"has-post-thumbnail","6":"product_cat-women-fashion","8":"first","9":"instock","10":"shipping-taxable","11":"product-type-external"},"aioseo_notices":[],"_links":{"self":[{"href":"https:\/\/topgetestet.de\/index.php?rest_route=\/wp\/v2\/product\/70644","targetHints":{"allow":["GET"]}}],"collection":[{"href":"https:\/\/topgetestet.de\/index.php?rest_route=\/wp\/v2\/product"}],"about":[{"href":"https:\/\/topgetestet.de\/index.php?rest_route=\/wp\/v2\/types\/product"}],"replies":[{"embeddable":true,"href":"https:\/\/topgetestet.de\/index.php?rest_route=%2Fwp%2Fv2%2Fcomments&post=70644"}],"wp:featuredmedia":[{"embeddable":true,"href":"https:\/\/topgetestet.de\/index.php?rest_route=\/wp\/v2\/media\/70645"}],"wp:attachment":[{"href":"https:\/\/topgetestet.de\/index.php?rest_route=%2Fwp%2Fv2%2Fmedia&parent=70644"}],"wp:term":[{"taxonomy":"product_cat","embeddable":true,"href":"https:\/\/topgetestet.de\/index.php?rest_route=%2Fwp%2Fv2%2Fproduct_cat&post=70644"},{"taxonomy":"product_tag","embeddable":true,"href":"https:\/\/topgetestet.de\/index.php?rest_route=%2Fwp%2Fv2%2Fproduct_tag&post=70644"}],"curies":[{"name":"wp","href":"https:\/\/api.w.org\/{rel}","templated":true}]}}