{"id":70267,"date":"2022-10-15T18:39:17","date_gmt":"2022-10-15T18:39:17","guid":{"rendered":"https:\/\/topgetestet.de\/?product=tamaris-damen-sneaker-1-1-25204-27-normal-grose-eu"},"modified":"2022-10-15T18:39:17","modified_gmt":"2022-10-15T18:39:17","slug":"tamaris-damen-sneaker-1-1-25204-27-normal-grose-eu","status":"publish","type":"product","link":"https:\/\/topgetestet.de\/?product=tamaris-damen-sneaker-1-1-25204-27-normal-grose-eu","title":{"rendered":"Tamaris Damen Sneaker 1-1-25204-27 normal Gr\u00f6\u00dfe: EU"},"content":{"rendered":"<p>Price: <span style=\"color:#b12704\">[price_with_discount]<\/span><br \/><i><small>(as of [price_update_date] &#8211; <span class=\"wp_automatic_amazon_disclaimer\" title=\"Product prices and availability are accurate as of the date\/time indicated and are subject to change. Any price and availability information displayed on [relevant Amazon Site(s), as applicable] at the time of purchase will apply to the purchase of this product.\">Details<\/span>)<\/small><\/i><\/p>\n<p><a href=\"https:\/\/amazon.de\/dp\/B08W1YBFRH?tag=topgetestet09-21\"><img decoding=\"async\" src=\"https:\/\/i.imgur.com\/ISRHEWs.png\"><\/a><br \/>\n[ad_1]<br \/>\n <span>Ein Schuh, viel Wei\u00dffl\u00e4che und jede Menge Raum f\u00fcr Fantasie \u2013 die Erfolgsformel von Tamaris ist so einfach wie genial, die Liebe zum Produkt seit jeher ungebrochen. Tamaris steht f\u00fcr den Modeanspruch der qualit\u00e4tsorientierten und preisbewussten Frau, die eine Marke nicht nur als Lifestyle-Label, sondern als ein Leistungsversprechen in ihrer pers\u00f6nlichen Lebenswelt sch\u00e4tzt.<\/span> <br \/> Verpackungsabmessungen \u200f : \u200e  1 x 1 x 1 cm; 1 Kilogramm <br \/> Im Angebot von Amazon.de seit \u200f : \u200e  5. Februar 2021 <br \/> Hersteller \u200f : \u200e  Tamaris <br \/> ASIN \u200f : \u200e  B08W21MCSM <br \/> Modellnummer \u200f : \u200e  1-1-25204-27 <br \/> Kategorie \u200f : \u200e  Damen <\/p>\n<p>[ad_2]<\/p>\n","protected":false},"excerpt":{"rendered":"<p>Price: [price_with_discount](as of [price_update_date] &#8211; Details) [ad_1] Ein Schuh, viel Wei\u00dffl\u00e4che und jede Menge Raum f\u00fcr Fantasie \u2013 die Erfolgsformel von Tamaris ist so einfach wie genial, die Liebe zum<\/p>\n","protected":false},"featured_media":70268,"comment_status":"open","ping_status":"closed","template":"","meta":[],"product_cat":[230],"product_tag":[266],"class_list":{"0":"post-70267","1":"product","2":"type-product","3":"status-publish","4":"has-post-thumbnail","6":"product_cat-fashion","7":"product_tag-womens-fashion-sneakers","9":"first","10":"instock","11":"shipping-taxable","12":"product-type-external"},"aioseo_notices":[],"_links":{"self":[{"href":"https:\/\/topgetestet.de\/index.php?rest_route=\/wp\/v2\/product\/70267","targetHints":{"allow":["GET"]}}],"collection":[{"href":"https:\/\/topgetestet.de\/index.php?rest_route=\/wp\/v2\/product"}],"about":[{"href":"https:\/\/topgetestet.de\/index.php?rest_route=\/wp\/v2\/types\/product"}],"replies":[{"embeddable":true,"href":"https:\/\/topgetestet.de\/index.php?rest_route=%2Fwp%2Fv2%2Fcomments&post=70267"}],"wp:featuredmedia":[{"embeddable":true,"href":"https:\/\/topgetestet.de\/index.php?rest_route=\/wp\/v2\/media\/70268"}],"wp:attachment":[{"href":"https:\/\/topgetestet.de\/index.php?rest_route=%2Fwp%2Fv2%2Fmedia&parent=70267"}],"wp:term":[{"taxonomy":"product_cat","embeddable":true,"href":"https:\/\/topgetestet.de\/index.php?rest_route=%2Fwp%2Fv2%2Fproduct_cat&post=70267"},{"taxonomy":"product_tag","embeddable":true,"href":"https:\/\/topgetestet.de\/index.php?rest_route=%2Fwp%2Fv2%2Fproduct_tag&post=70267"}],"curies":[{"name":"wp","href":"https:\/\/api.w.org\/{rel}","templated":true}]}}