{"id":69408,"date":"2022-10-15T14:43:19","date_gmt":"2022-10-15T14:43:19","guid":{"rendered":"https:\/\/topgetestet.de\/?product=jako-herren-trainingshose-active"},"modified":"2022-10-15T14:43:19","modified_gmt":"2022-10-15T14:43:19","slug":"jako-herren-trainingshose-active","status":"publish","type":"product","link":"https:\/\/topgetestet.de\/?product=jako-herren-trainingshose-active","title":{"rendered":"JAKO Herren Trainingshose Active"},"content":{"rendered":"<p>Price: <span style=\"color:#b12704\">[price_with_discount]<\/span><br \/><i><small>(as of [price_update_date] &#8211; <span class=\"wp_automatic_amazon_disclaimer\" title=\"Product prices and availability are accurate as of the date\/time indicated and are subject to change. Any price and availability information displayed on [relevant Amazon Site(s), as applicable] at the time of purchase will apply to the purchase of this product.\">Details<\/span>)<\/small><\/i><\/p>\n<p><a href=\"https:\/\/amazon.de\/dp\/B00IN4JPYC?tag=topgetestet09-21\"><img decoding=\"async\" src=\"https:\/\/i.imgur.com\/ISRHEWs.png\"><\/a><br \/>\n[ad_1]<br \/>\n <span>Perfekt f\u00fcr dasTraining ger\u00fcstet sein? Das gelingt am besten mit der JAKO Trainingshose ACTIVE. Der Stoff Polyester-Terry ist sehr strapazierf\u00e4hig und eignet sich deshalb optimal f\u00fcr das Training im Freien. Die Funktion KEEP DRY transportiert die Feuchtigkeit unmittelbar an die Oberfl\u00e4che des Stoffes. So trocknet das Material sehr schnell, sch\u00fctzt vor Ausk\u00fchlung und gibt ein angenehmes K\u00f6rpergef\u00fchl beim Sport. Die JAKO Trainingshose ACTIVE gibt es sowohl f\u00fcr M\u00e4nner in den Gr\u00f6\u00dfen S bis 3XL als auch f\u00fcr Kinder in den Gr\u00f6\u00dfen 116 bis 164. Mit dem dynamischen Branding-Element, den JAKO Dots passt die Trainingshose perfekt zu den Produkten weiterer Teamlines von JAKO. Pflegehinweise: Maschinenw\u00e4sche bei 40\u00b0C, Nicht bleichen, Trocknen mit niedriger Temperatur, B\u00fcgeln geringe Temperatur, Keine chemische Reinigung.<\/span> <br \/>Beinabschluss mit Rei\u00dfverschluss<br \/>Elastischer Bund mit Kordelzug<br \/>Ripp-Einsatz an der Wade<br \/>\n<br \/>[ad_2]<\/p>\n","protected":false},"excerpt":{"rendered":"<p>Price: [price_with_discount](as of [price_update_date] &#8211; Details) [ad_1] Perfekt f\u00fcr dasTraining ger\u00fcstet sein? Das gelingt am besten mit der JAKO Trainingshose ACTIVE. Der Stoff Polyester-Terry ist sehr strapazierf\u00e4hig und eignet sich<\/p>\n","protected":false},"featured_media":69409,"comment_status":"open","ping_status":"closed","template":"","meta":[],"product_cat":[231],"product_tag":[],"class_list":{"0":"post-69408","1":"product","2":"type-product","3":"status-publish","4":"has-post-thumbnail","6":"product_cat-mens-fashion","8":"first","9":"instock","10":"shipping-taxable","11":"product-type-external"},"aioseo_notices":[],"_links":{"self":[{"href":"https:\/\/topgetestet.de\/index.php?rest_route=\/wp\/v2\/product\/69408","targetHints":{"allow":["GET"]}}],"collection":[{"href":"https:\/\/topgetestet.de\/index.php?rest_route=\/wp\/v2\/product"}],"about":[{"href":"https:\/\/topgetestet.de\/index.php?rest_route=\/wp\/v2\/types\/product"}],"replies":[{"embeddable":true,"href":"https:\/\/topgetestet.de\/index.php?rest_route=%2Fwp%2Fv2%2Fcomments&post=69408"}],"wp:featuredmedia":[{"embeddable":true,"href":"https:\/\/topgetestet.de\/index.php?rest_route=\/wp\/v2\/media\/69409"}],"wp:attachment":[{"href":"https:\/\/topgetestet.de\/index.php?rest_route=%2Fwp%2Fv2%2Fmedia&parent=69408"}],"wp:term":[{"taxonomy":"product_cat","embeddable":true,"href":"https:\/\/topgetestet.de\/index.php?rest_route=%2Fwp%2Fv2%2Fproduct_cat&post=69408"},{"taxonomy":"product_tag","embeddable":true,"href":"https:\/\/topgetestet.de\/index.php?rest_route=%2Fwp%2Fv2%2Fproduct_tag&post=69408"}],"curies":[{"name":"wp","href":"https:\/\/api.w.org\/{rel}","templated":true}]}}