{"id":69162,"date":"2022-10-15T13:40:35","date_gmt":"2022-10-15T13:40:35","guid":{"rendered":"https:\/\/topgetestet.de\/?product=echo-auto-bringen-sie-alexa-in-ihr-auto"},"modified":"2022-10-15T13:40:35","modified_gmt":"2022-10-15T13:40:35","slug":"echo-auto-bringen-sie-alexa-in-ihr-auto","status":"publish","type":"product","link":"https:\/\/topgetestet.de\/?product=echo-auto-bringen-sie-alexa-in-ihr-auto","title":{"rendered":"Echo Auto \u2013 Bringen Sie Alexa in Ihr Auto"},"content":{"rendered":"<p>Price: <span style=\"color:#b12704\">[price_with_discount]<\/span><br \/><i><small>(as of [price_update_date] &#8211; <span class=\"wp_automatic_amazon_disclaimer\" title=\"Product prices and availability are accurate as of the date\/time indicated and are subject to change. Any price and availability information displayed on [relevant Amazon Site(s), as applicable] at the time of purchase will apply to the purchase of this product.\">Details<\/span>)<\/small><\/i><\/p>\n<p><a href=\"https:\/\/amazon.de\/dp\/B078YP59TT?tag=topgetestet09-21\"><img decoding=\"async\" src=\"https:\/\/i.imgur.com\/ISRHEWs.png\"><\/a><br \/>\n[ad_1]<br \/>\n<br \/>F\u00fcr die Stra\u00dfe entworfen \u2013 Echo Auto verf\u00fcgt \u00fcber acht Mikrofone sowie Fernfeld-Technologie und h\u00f6rt Sie auch bei laufender Musik, Klimaanlage oder Verkehrsl\u00e4rm.<br \/>Mehr als nur Autoradio \u2013 \u00dcber die Alexa App k\u00f6nnen Sie Echo Auto per Sprachbefehl steuern und Audible-H\u00f6rb\u00fccher wiedergeben oder Musik von Amazon Music, Apple Music, Spotify und Deezer streamen sowie mit TuneIn Radiosender aus aller Welt h\u00f6ren.<br \/>Einfach fragen \u2013 Verwenden Sie Ihre Stimme, um Musik wiederzugeben, die Nachrichten zu h\u00f6ren, Anrufe zu t\u00e4tigen, Eintr\u00e4ge zu Ihrer To-do-Liste hinzuzuf\u00fcgen, Erinnerungen zu erstellen, die Benzinpreise zu \u00fcberpr\u00fcfen und vieles mehr.<br \/>Mehr M\u00f6glichkeiten mit dem Automodus \u2013 Verwandeln Sie Ihr Smartphone in ein fahrerfreundliches Display, das mit Echo Auto harmoniert. Sparen Sie Zeit mit der Touch-Steuerung und einfachen Kurzbefehlen, f\u00fcr Ihre Lieblings-Ziele, -Kontakte und -Medien.<br \/>Echo Auto sch\u00fctzt Ihre Privatsph\u00e4re \u2013 Mit der Mikrofon-aus-Taste k\u00f6nnen Sie die Stromzufuhr zu den Mikrofonen unterbrechen und sie somit deaktivieren.<br \/>Kompatibilit\u00e4t \u00fcberpr\u00fcfen \u2013 Echo Auto ist nicht mit allen Fahrzeugen und Mobiltelefonen kompatibel. Sehen Sie unten nach, ob das Ger\u00e4t f\u00fcr Sie geeignet ist.<br \/>\n<br \/>[ad_2]<\/p>\n","protected":false},"excerpt":{"rendered":"<p>Price: [price_with_discount](as of [price_update_date] &#8211; Details) [ad_1] F\u00fcr die Stra\u00dfe entworfen \u2013 Echo Auto verf\u00fcgt \u00fcber acht Mikrofone sowie Fernfeld-Technologie und h\u00f6rt Sie auch bei laufender Musik, Klimaanlage oder Verkehrsl\u00e4rm.Mehr<\/p>\n","protected":false},"featured_media":69163,"comment_status":"open","ping_status":"closed","template":"","meta":[],"product_cat":[225],"product_tag":[],"class_list":{"0":"post-69162","1":"product","2":"type-product","3":"status-publish","4":"has-post-thumbnail","6":"product_cat-electronics","8":"first","9":"instock","10":"shipping-taxable","11":"product-type-external"},"aioseo_notices":[],"_links":{"self":[{"href":"https:\/\/topgetestet.de\/index.php?rest_route=\/wp\/v2\/product\/69162","targetHints":{"allow":["GET"]}}],"collection":[{"href":"https:\/\/topgetestet.de\/index.php?rest_route=\/wp\/v2\/product"}],"about":[{"href":"https:\/\/topgetestet.de\/index.php?rest_route=\/wp\/v2\/types\/product"}],"replies":[{"embeddable":true,"href":"https:\/\/topgetestet.de\/index.php?rest_route=%2Fwp%2Fv2%2Fcomments&post=69162"}],"wp:featuredmedia":[{"embeddable":true,"href":"https:\/\/topgetestet.de\/index.php?rest_route=\/wp\/v2\/media\/69163"}],"wp:attachment":[{"href":"https:\/\/topgetestet.de\/index.php?rest_route=%2Fwp%2Fv2%2Fmedia&parent=69162"}],"wp:term":[{"taxonomy":"product_cat","embeddable":true,"href":"https:\/\/topgetestet.de\/index.php?rest_route=%2Fwp%2Fv2%2Fproduct_cat&post=69162"},{"taxonomy":"product_tag","embeddable":true,"href":"https:\/\/topgetestet.de\/index.php?rest_route=%2Fwp%2Fv2%2Fproduct_tag&post=69162"}],"curies":[{"name":"wp","href":"https:\/\/api.w.org\/{rel}","templated":true}]}}