{"id":69017,"date":"2022-10-15T12:53:26","date_gmt":"2022-10-15T12:53:26","guid":{"rendered":"https:\/\/topgetestet.de\/?product=levis-damen-315-shaping-boot-lapis-topic-jeans"},"modified":"2022-10-15T12:53:26","modified_gmt":"2022-10-15T12:53:26","slug":"levis-damen-315-shaping-boot-lapis-topic-jeans","status":"publish","type":"product","link":"https:\/\/topgetestet.de\/?product=levis-damen-315-shaping-boot-lapis-topic-jeans","title":{"rendered":"Levi&#8217;s Damen 315 Shaping Boot Lapis Topic Jeans"},"content":{"rendered":"<p>Price: <span style=\"color:#b12704\">[price_with_discount]<\/span><br \/><i><small>(as of [price_update_date] &#8211; <span class=\"wp_automatic_amazon_disclaimer\" title=\"Product prices and availability are accurate as of the date\/time indicated and are subject to change. Any price and availability information displayed on [relevant Amazon Site(s), as applicable] at the time of purchase will apply to the purchase of this product.\">Details<\/span>)<\/small><\/i><\/p>\n<p><a href=\"https:\/\/amazon.de\/dp\/B098SNQWT5?tag=topgetestet09-21\"><img decoding=\"async\" src=\"https:\/\/i.imgur.com\/ISRHEWs.png\"><\/a><br \/>\n[ad_1]<\/p>\n<p>       Produktbeschreibung des Herstellers <\/p>\n<p>              <img decoding=\"async\" alt=\"Levi's 300 Series\" src=\"https:\/\/images-na.ssl-images-amazon.com\/images\/G\/01\/x-locale\/common\/grey-pixel.gif\" class=\"a-lazy-loaded\" data-src=\"https:\/\/m.media-amazon.com\/images\/S\/aplus-media\/sota\/f47bf4d0-1f72-44e5-9917-78fe3de96062.__CR0,0,970,300_PT0_SX970_V1___.jpg\"><\/p>\n<p>               <img decoding=\"async\" alt=\"Levi's 300 Series\" src=\"https:\/\/m.media-amazon.com\/images\/S\/aplus-media\/sota\/f47bf4d0-1f72-44e5-9917-78fe3de96062.__CR0,0,970,300_PT0_SX970_V1___.jpg\"><\/p>\n<h3 class=\"a-spacing-mini\"> Levi&#8217;s 300 Series <\/h3>\n<p>          <img decoding=\"async\" alt=\"Levi's 300 series\" src=\"https:\/\/images-na.ssl-images-amazon.com\/images\/G\/01\/x-locale\/common\/grey-pixel.gif\" class=\"a-spacing-base a-lazy-loaded\" data-src=\"https:\/\/m.media-amazon.com\/images\/S\/aplus-media\/sota\/5cbc838e-6863-4bd1-928a-bf3db368610b.__CR0,0,970,600_PT0_SX970_V1___.jpg\"><\/p>\n<p>           <img decoding=\"async\" alt=\"Levi's 300 series\" src=\"https:\/\/m.media-amazon.com\/images\/S\/aplus-media\/sota\/5cbc838e-6863-4bd1-928a-bf3db368610b.__CR0,0,970,600_PT0_SX970_V1___.jpg\"><\/p>\n<h3 class=\"a-spacing-mini\"> Jeans, die deinen Mittelteil verschlanken und die Kurven formen. <\/h3>\n<p class=\"a-spacing-base\"> Nur, falls es dir noch nicht aufgefallen ist: Wir haben ziemlich viele verschiedene Jeans. Und hier zeigen wir dir ganz genau, was jede Passform besonders macht. Lass dich ausgiebig informieren und lege dir dann deine neue Lieblingsjeans zu. <\/p>\n<p>                 Schnitt<br \/>\n                 Extra eng<br \/>\n                 Eng<br \/>\n                 Schmal<br \/>\n                 Gerade<br \/>\n                 Bootcut   <\/p>\n<p>                 Taille<br \/>\n                 Mittlerer Bund<br \/>\n                 Mittlerer Bund<br \/>\n                 Mittlerer Bund<br \/>\n                 Mittlerer Bund<br \/>\n                 Mittlerer Bund   <\/p>\n<p>                 Bein\u00f6ffnung (cm)<br \/>\n                 24.8<br \/>\n                 27.9<br \/>\n                 33<br \/>\n                 36.2<br \/>\n                 43.2   <\/p>\n<p>                 Hosenschlitz<br \/>\n                 Rei\u00dfverschluss<br \/>\n                 Rei\u00dfverschluss<br \/>\n                 Rei\u00dfverschluss<br \/>\n                 Rei\u00dfverschluss<br \/>\n                 Rei\u00dfverschluss   <\/p>\n<p>                 5-Taschen-Design<br \/>\n                 \u2713<br \/>\n                 \u2713<br \/>\n                 \u2713<br \/>\n                 \u2713<br \/>\n                 \u2713   <\/p>\n<h3 class=\"a-spacing-mini\"> Finde deine Gr\u00f6\u00dfe <\/h3>\n<p>          <img decoding=\"async\" alt=\"Levi's size chart\" src=\"https:\/\/images-na.ssl-images-amazon.com\/images\/G\/01\/x-locale\/common\/grey-pixel.gif\" class=\"a-spacing-base a-lazy-loaded\" data-src=\"https:\/\/m.media-amazon.com\/images\/S\/aplus-media\/sota\/ea4ab2d0-909e-4170-9748-58affc8286c6.__CR0,0,1347,833_PT0_SX970_V1___.png\"><\/p>\n<p>           <img decoding=\"async\" alt=\"Levi's size chart\" src=\"https:\/\/m.media-amazon.com\/images\/S\/aplus-media\/sota\/ea4ab2d0-909e-4170-9748-58affc8286c6.__CR0,0,1347,833_PT0_SX970_V1___.png\"><\/p>\n<h3 class=\"a-spacing-mini\"> Messanweisung <\/h3>\n<p class=\"a-spacing-base\"> 1) Taille: Miss deinen Taillenumfang an der schmalsten Stelle. Nicht zu eng, nicht zu weit. <\/p>\n<p class=\"a-spacing-base\"> 2) H\u00fcfte: Miss deinen H\u00fcftumfang an der breitesten Stelle. <\/p>\n<p class=\"a-spacing-base\"> 3) Schrittl\u00e4nge: Miss die Innenbeinl\u00e4nge vom Schritt bis zum Kn\u00f6chel. <\/p>\n<p>              <img decoding=\"async\" alt=\"Levi's Jeans\" src=\"https:\/\/images-na.ssl-images-amazon.com\/images\/G\/01\/x-locale\/common\/grey-pixel.gif\" class=\"a-lazy-loaded\" data-src=\"https:\/\/m.media-amazon.com\/images\/S\/aplus-media\/sota\/a0fc0780-b52e-4cf7-90a0-adc8acc962f5.__CR0,0,1347,417_PT0_SX970_V1___.jpg\"><\/p>\n<p>               <img decoding=\"async\" alt=\"Levi's Jeans\" src=\"https:\/\/m.media-amazon.com\/images\/S\/aplus-media\/sota\/a0fc0780-b52e-4cf7-90a0-adc8acc962f5.__CR0,0,1347,417_PT0_SX970_V1___.jpg\"><\/p>\n<p> Verpackungsabmessungen \u200f : \u200e  35.7 x 27 x 5.8 cm; 590 Gramm <br \/> Im Angebot von Amazon.de seit \u200f : \u200e  2. Dezember 2020 <br \/> Hersteller \u200f : \u200e  Levi&#8217;s <br \/> ASIN \u200f : \u200e  B08PF88YM1 <br \/> Modellnummer \u200f : \u200e  19632-0091 <br \/> Kategorie \u200f : \u200e  Damen <\/p>\n<p>[ad_2]<\/p>\n","protected":false},"excerpt":{"rendered":"<p>Price: [price_with_discount](as of [price_update_date] &#8211; Details) [ad_1] Produktbeschreibung des Herstellers Levi&#8217;s 300 Series Jeans, die deinen Mittelteil verschlanken und die Kurven formen. Nur, falls es dir noch nicht aufgefallen ist:<\/p>\n","protected":false},"featured_media":69018,"comment_status":"open","ping_status":"closed","template":"","meta":[],"product_cat":[232],"product_tag":[],"class_list":{"0":"post-69017","1":"product","2":"type-product","3":"status-publish","4":"has-post-thumbnail","6":"product_cat-women-fashion","8":"first","9":"instock","10":"shipping-taxable","11":"product-type-external"},"aioseo_notices":[],"_links":{"self":[{"href":"https:\/\/topgetestet.de\/index.php?rest_route=\/wp\/v2\/product\/69017","targetHints":{"allow":["GET"]}}],"collection":[{"href":"https:\/\/topgetestet.de\/index.php?rest_route=\/wp\/v2\/product"}],"about":[{"href":"https:\/\/topgetestet.de\/index.php?rest_route=\/wp\/v2\/types\/product"}],"replies":[{"embeddable":true,"href":"https:\/\/topgetestet.de\/index.php?rest_route=%2Fwp%2Fv2%2Fcomments&post=69017"}],"wp:featuredmedia":[{"embeddable":true,"href":"https:\/\/topgetestet.de\/index.php?rest_route=\/wp\/v2\/media\/69018"}],"wp:attachment":[{"href":"https:\/\/topgetestet.de\/index.php?rest_route=%2Fwp%2Fv2%2Fmedia&parent=69017"}],"wp:term":[{"taxonomy":"product_cat","embeddable":true,"href":"https:\/\/topgetestet.de\/index.php?rest_route=%2Fwp%2Fv2%2Fproduct_cat&post=69017"},{"taxonomy":"product_tag","embeddable":true,"href":"https:\/\/topgetestet.de\/index.php?rest_route=%2Fwp%2Fv2%2Fproduct_tag&post=69017"}],"curies":[{"name":"wp","href":"https:\/\/api.w.org\/{rel}","templated":true}]}}