{"id":68577,"date":"2022-10-15T10:57:22","date_gmt":"2022-10-15T10:57:22","guid":{"rendered":"https:\/\/topgetestet.de\/?product=pieces-female-straight-fit-jeans-pckesia"},"modified":"2022-10-15T10:57:22","modified_gmt":"2022-10-15T10:57:22","slug":"pieces-female-straight-fit-jeans-pckesia","status":"publish","type":"product","link":"https:\/\/topgetestet.de\/?product=pieces-female-straight-fit-jeans-pckesia","title":{"rendered":"PIECES Female Straight Fit Jeans PCKESIA"},"content":{"rendered":"<p>Price: <span style=\"color:#b12704\">[price_with_discount]<\/span><br \/><i><small>(as of [price_update_date] &#8211; <span class=\"wp_automatic_amazon_disclaimer\" title=\"Product prices and availability are accurate as of the date\/time indicated and are subject to change. Any price and availability information displayed on [relevant Amazon Site(s), as applicable] at the time of purchase will apply to the purchase of this product.\">Details<\/span>)<\/small><\/i><\/p>\n<p><a href=\"https:\/\/amazon.de\/dp\/B09Q8X3YQN?tag=topgetestet09-21\"><img decoding=\"async\" src=\"https:\/\/i.imgur.com\/ISRHEWs.png\"><\/a><br \/>\n[ad_1]<br \/>\n <span>Diese sch\u00f6ne Jeans von PIECES f\u00fcr Damen ist ein echter Hingucker. Aufgrund des kn\u00f6chellangen Hosenbeins kann im Sommer ein Fu\u00dfkettchen dazu getragen werden.<\/span> <br \/> Verpackungsabmessungen \u200f : \u200e  33.2 x 28.4 x 6.4 cm; 510 Gramm <br \/> Im Angebot von Amazon.de seit \u200f : \u200e  12. Januar 2022 <br \/> Hersteller \u200f : \u200e  Bestseller A\/S <br \/> ASIN \u200f : \u200e  B09Q8X3YQN <br \/> Modellnummer \u200f : \u200e  17120949 <br \/> Kategorie \u200f : \u200e  Damen <\/p>\n<p>G\u00fcrtelschlaufen<br \/>Normaler Bund<br \/>Verschluss: Rei\u00dfverschluss<br \/>99% Baumwolle, 1% Elasthan<br \/>Carrot<br \/>Pflegehinweis: keine Angabe<br \/>\n<br \/>[ad_2]<\/p>\n","protected":false},"excerpt":{"rendered":"<p>Price: [price_with_discount](as of [price_update_date] &#8211; Details) [ad_1] Diese sch\u00f6ne Jeans von PIECES f\u00fcr Damen ist ein echter Hingucker. Aufgrund des kn\u00f6chellangen Hosenbeins kann im Sommer ein Fu\u00dfkettchen dazu getragen werden.<\/p>\n","protected":false},"featured_media":68578,"comment_status":"open","ping_status":"closed","template":"","meta":[],"product_cat":[232],"product_tag":[],"class_list":{"0":"post-68577","1":"product","2":"type-product","3":"status-publish","4":"has-post-thumbnail","6":"product_cat-women-fashion","8":"first","9":"instock","10":"shipping-taxable","11":"product-type-external"},"aioseo_notices":[],"_links":{"self":[{"href":"https:\/\/topgetestet.de\/index.php?rest_route=\/wp\/v2\/product\/68577","targetHints":{"allow":["GET"]}}],"collection":[{"href":"https:\/\/topgetestet.de\/index.php?rest_route=\/wp\/v2\/product"}],"about":[{"href":"https:\/\/topgetestet.de\/index.php?rest_route=\/wp\/v2\/types\/product"}],"replies":[{"embeddable":true,"href":"https:\/\/topgetestet.de\/index.php?rest_route=%2Fwp%2Fv2%2Fcomments&post=68577"}],"wp:featuredmedia":[{"embeddable":true,"href":"https:\/\/topgetestet.de\/index.php?rest_route=\/wp\/v2\/media\/68578"}],"wp:attachment":[{"href":"https:\/\/topgetestet.de\/index.php?rest_route=%2Fwp%2Fv2%2Fmedia&parent=68577"}],"wp:term":[{"taxonomy":"product_cat","embeddable":true,"href":"https:\/\/topgetestet.de\/index.php?rest_route=%2Fwp%2Fv2%2Fproduct_cat&post=68577"},{"taxonomy":"product_tag","embeddable":true,"href":"https:\/\/topgetestet.de\/index.php?rest_route=%2Fwp%2Fv2%2Fproduct_tag&post=68577"}],"curies":[{"name":"wp","href":"https:\/\/api.w.org\/{rel}","templated":true}]}}