{"id":68549,"date":"2022-10-15T10:51:44","date_gmt":"2022-10-15T10:51:44","guid":{"rendered":"https:\/\/topgetestet.de\/?product=asics-herren-gel-pulse-13-laufschuh-50-5-eu-4"},"modified":"2022-10-15T10:51:44","modified_gmt":"2022-10-15T10:51:44","slug":"asics-herren-gel-pulse-13-laufschuh-50-5-eu-4","status":"publish","type":"product","link":"https:\/\/topgetestet.de\/?product=asics-herren-gel-pulse-13-laufschuh-50-5-eu-4","title":{"rendered":"ASICS Herren Gel-Pulse 13 Laufschuh, 50.5 EU"},"content":{"rendered":"<p>Price: <span style=\"color:#b12704\">[price_with_discount]<\/span><br \/><i><small>(as of [price_update_date] &#8211; <span class=\"wp_automatic_amazon_disclaimer\" title=\"Product prices and availability are accurate as of the date\/time indicated and are subject to change. Any price and availability information displayed on [relevant Amazon Site(s), as applicable] at the time of purchase will apply to the purchase of this product.\">Details<\/span>)<\/small><\/i><\/p>\n<p><a href=\"https:\/\/amazon.de\/dp\/B096NV4XCX?tag=topgetestet09-21\"><img decoding=\"async\" src=\"https:\/\/i.imgur.com\/ISRHEWs.png\"><\/a><br \/>\n[ad_1]<br \/>\n <span>Der Asics GEL-Pulse 13 ist ein neutraler Laufschuh. Das leichte und innovative Mesh ist weicher und atmungsaktiver als das von seinem Vorg\u00e4nger. Die verbesserte Fersenkonstruktion sorgt f\u00fcr eine perfekte Passform und damit f\u00fcr ein angenehmes Tragegef\u00fchl. Die Amplifoam-Zwischensohle in Kombination mit der Gel-D\u00e4mpfung bietet eine ideale Basis f\u00fcr deinen Lauf.<\/span> <br \/> Verpackungsabmessungen \u200f : \u200e  32.29 x 19.9 x 12.2 cm; 700 Gramm <br \/> Im Angebot von Amazon.de seit \u200f : \u200e  17. Juni 2021 <br \/> Hersteller \u200f : \u200e  Asics <br \/> ASIN \u200f : \u200e  B097DZRBLC <br \/> Modellnummer \u200f : \u200e  1011B175-001 <br \/> Kategorie \u200f : \u200e  Herren <\/p>\n<p>[ad_2]<\/p>\n","protected":false},"excerpt":{"rendered":"<p>Price: [price_with_discount](as of [price_update_date] &#8211; Details) [ad_1] Der Asics GEL-Pulse 13 ist ein neutraler Laufschuh. Das leichte und innovative Mesh ist weicher und atmungsaktiver als das von seinem Vorg\u00e4nger. Die<\/p>\n","protected":false},"featured_media":68550,"comment_status":"open","ping_status":"closed","template":"","meta":[],"product_cat":[234],"product_tag":[235],"class_list":{"0":"post-68549","1":"product","2":"type-product","3":"status-publish","4":"has-post-thumbnail","6":"product_cat-shoes","7":"product_tag-mens-road-running-shoes","9":"first","10":"instock","11":"shipping-taxable","12":"product-type-external"},"aioseo_notices":[],"_links":{"self":[{"href":"https:\/\/topgetestet.de\/index.php?rest_route=\/wp\/v2\/product\/68549","targetHints":{"allow":["GET"]}}],"collection":[{"href":"https:\/\/topgetestet.de\/index.php?rest_route=\/wp\/v2\/product"}],"about":[{"href":"https:\/\/topgetestet.de\/index.php?rest_route=\/wp\/v2\/types\/product"}],"replies":[{"embeddable":true,"href":"https:\/\/topgetestet.de\/index.php?rest_route=%2Fwp%2Fv2%2Fcomments&post=68549"}],"wp:featuredmedia":[{"embeddable":true,"href":"https:\/\/topgetestet.de\/index.php?rest_route=\/wp\/v2\/media\/68550"}],"wp:attachment":[{"href":"https:\/\/topgetestet.de\/index.php?rest_route=%2Fwp%2Fv2%2Fmedia&parent=68549"}],"wp:term":[{"taxonomy":"product_cat","embeddable":true,"href":"https:\/\/topgetestet.de\/index.php?rest_route=%2Fwp%2Fv2%2Fproduct_cat&post=68549"},{"taxonomy":"product_tag","embeddable":true,"href":"https:\/\/topgetestet.de\/index.php?rest_route=%2Fwp%2Fv2%2Fproduct_tag&post=68549"}],"curies":[{"name":"wp","href":"https:\/\/api.w.org\/{rel}","templated":true}]}}