{"id":6814,"date":"2022-09-02T16:30:36","date_gmt":"2022-09-02T16:30:36","guid":{"rendered":"https:\/\/topgetestet.de\/?product=adidas-herren-lite-racer-3-0-running-shoe"},"modified":"2022-09-02T16:30:36","modified_gmt":"2022-09-02T16:30:36","slug":"adidas-herren-lite-racer-3-0-running-shoe","status":"publish","type":"product","link":"https:\/\/topgetestet.de\/?product=adidas-herren-lite-racer-3-0-running-shoe","title":{"rendered":"adidas Herren Lite Racer 3.0 Running Shoe"},"content":{"rendered":"<p>Price: <span style=\"color:#b12704\">[price_with_discount]<\/span><br \/><i><small>(as of [price_update_date] &#8211; <span class=\"wp_automatic_amazon_disclaimer\" title=\"Product prices and availability are accurate as of the date\/time indicated and are subject to change. Any price and availability information displayed on [relevant Amazon Site(s), as applicable] at the time of purchase will apply to the purchase of this product.\">Details<\/span>)<\/small><\/i><\/p>\n<p><a href=\"https:\/\/amazon.de\/dp\/B096NB3656?tag=topgetestet09-21\"><img decoding=\"async\" src=\"https:\/\/i.imgur.com\/ISRHEWs.png\"><\/a><br \/>\n[ad_1]<br \/>\n <span>Dieser Slip-on-Schuh von adidas ist der perfekte Begleiter. Die socken\u00e4hnliche Passform und die d\u00e4mpfende Zwischensohle sorgen f\u00fcr Komfort, w\u00e4hrend adidas Logos und elastische Schn\u00fcrsenkel den Look abrunden.<\/span> <br \/> Sprache \u200f : \u200e  Englisch, Englisch, Englisch, Englisch, Englisch <br \/> Verpackungsabmessungen \u200f : \u200e  33 x 21 x 11 cm; 820 Gramm <br \/> Im Angebot von Amazon.de seit \u200f : \u200e  1. Juli 2021 <br \/> Hersteller \u200f : \u200e  adidas <br \/> ASIN \u200f : \u200e  B098FHR3DZ <br \/> Modellnummer \u200f : \u200e  GY3095 <br \/> Kategorie \u200f : \u200e  Herren <\/p>\n<p>[ad_2]<\/p>\n","protected":false},"excerpt":{"rendered":"<p>Price: [price_with_discount](as of [price_update_date] &#8211; Details) [ad_1] Dieser Slip-on-Schuh von adidas ist der perfekte Begleiter. Die socken\u00e4hnliche Passform und die d\u00e4mpfende Zwischensohle sorgen f\u00fcr Komfort, w\u00e4hrend adidas Logos und elastische<\/p>\n","protected":false},"featured_media":6815,"comment_status":"open","ping_status":"closed","template":"","meta":[],"product_cat":[234],"product_tag":[235],"class_list":{"0":"post-6814","1":"product","2":"type-product","3":"status-publish","4":"has-post-thumbnail","6":"product_cat-shoes","7":"product_tag-mens-road-running-shoes","9":"first","10":"instock","11":"shipping-taxable","12":"product-type-external"},"aioseo_notices":[],"_links":{"self":[{"href":"https:\/\/topgetestet.de\/index.php?rest_route=\/wp\/v2\/product\/6814","targetHints":{"allow":["GET"]}}],"collection":[{"href":"https:\/\/topgetestet.de\/index.php?rest_route=\/wp\/v2\/product"}],"about":[{"href":"https:\/\/topgetestet.de\/index.php?rest_route=\/wp\/v2\/types\/product"}],"replies":[{"embeddable":true,"href":"https:\/\/topgetestet.de\/index.php?rest_route=%2Fwp%2Fv2%2Fcomments&post=6814"}],"wp:featuredmedia":[{"embeddable":true,"href":"https:\/\/topgetestet.de\/index.php?rest_route=\/wp\/v2\/media\/6815"}],"wp:attachment":[{"href":"https:\/\/topgetestet.de\/index.php?rest_route=%2Fwp%2Fv2%2Fmedia&parent=6814"}],"wp:term":[{"taxonomy":"product_cat","embeddable":true,"href":"https:\/\/topgetestet.de\/index.php?rest_route=%2Fwp%2Fv2%2Fproduct_cat&post=6814"},{"taxonomy":"product_tag","embeddable":true,"href":"https:\/\/topgetestet.de\/index.php?rest_route=%2Fwp%2Fv2%2Fproduct_tag&post=6814"}],"curies":[{"name":"wp","href":"https:\/\/api.w.org\/{rel}","templated":true}]}}