{"id":67554,"date":"2022-10-15T05:47:07","date_gmt":"2022-10-15T05:47:07","guid":{"rendered":"https:\/\/topgetestet.de\/?product=puma-unisex-baby-teamliga-training-sw-langarmshirt"},"modified":"2022-10-15T05:47:07","modified_gmt":"2022-10-15T05:47:07","slug":"puma-unisex-baby-teamliga-training-sw-langarmshirt","status":"publish","type":"product","link":"https:\/\/topgetestet.de\/?product=puma-unisex-baby-teamliga-training-sw-langarmshirt","title":{"rendered":"PUMA Unisex Baby Teamliga Training Sw Langarmshirt"},"content":{"rendered":"<p>Price: <span style=\"color:#b12704\">[price_with_discount]<\/span><br \/><i><small>(as of [price_update_date] &#8211; <span class=\"wp_automatic_amazon_disclaimer\" title=\"Product prices and availability are accurate as of the date\/time indicated and are subject to change. Any price and availability information displayed on [relevant Amazon Site(s), as applicable] at the time of purchase will apply to the purchase of this product.\">Details<\/span>)<\/small><\/i><\/p>\n<p><a href=\"https:\/\/amazon.de\/dp\/B096BFC5T4?tag=topgetestet09-21\"><img decoding=\"async\" src=\"https:\/\/i.imgur.com\/ISRHEWs.png\"><\/a><br \/>\n[ad_1]<br \/>\n <span>Mit unserem teamLIGA Fu\u00dfballpulli verbesserst du nicht nur dein Spiel, sondern auch deinen Look. Die Kombi aus dryCELL Feuchtigkeitsmanagement und sportlichen Details macht das Oberteil zum perfekten Mix aus Form und Funktion. Dazu bekommst du den legend\u00e4ren PUMA Formstrip in Kontrastfarben und das klassische PUMA Cat Logo auf vollst\u00e4ndig recycelten Materialien f\u00fcr noch mehr Nachhaltigkeit.<\/span> <br \/> Verpackungsabmessungen \u200f : \u200e  39.5 x 27 x 3.4 cm; 140 Gramm <br \/> Im Angebot von Amazon.de seit \u200f : \u200e  25. Mai 2021 <br \/> Hersteller \u200f : \u200e  Puma <br \/> ASIN \u200f : \u200e  B096BJH2GG <br \/> Modellnummer \u200f : \u200e  657239 <br \/> Kategorie \u200f : \u200e  Unisex Baby <\/p>\n<p>dryCELL: Technologie von PUMA zum Transport der Feuchtigkeit nach au\u00dfen f\u00fcr trockenen Tragekomfort<br \/>Kragenform: 1 St\u00fcck<br \/>Langarm<br \/>Verschluss: Ziehen Sie einfach an<br \/>Komposit<br \/>Sport<br \/>\n<br \/>[ad_2]<\/p>\n","protected":false},"excerpt":{"rendered":"<p>Price: [price_with_discount](as of [price_update_date] &#8211; Details) [ad_1] Mit unserem teamLIGA Fu\u00dfballpulli verbesserst du nicht nur dein Spiel, sondern auch deinen Look. Die Kombi aus dryCELL Feuchtigkeitsmanagement und sportlichen Details macht<\/p>\n","protected":false},"featured_media":67555,"comment_status":"open","ping_status":"closed","template":"","meta":[],"product_cat":[227],"product_tag":[272],"class_list":{"0":"post-67554","1":"product","2":"type-product","3":"status-publish","4":"has-post-thumbnail","6":"product_cat-gaming","7":"product_tag-sports-outdoors","9":"first","10":"instock","11":"shipping-taxable","12":"product-type-external"},"aioseo_notices":[],"_links":{"self":[{"href":"https:\/\/topgetestet.de\/index.php?rest_route=\/wp\/v2\/product\/67554","targetHints":{"allow":["GET"]}}],"collection":[{"href":"https:\/\/topgetestet.de\/index.php?rest_route=\/wp\/v2\/product"}],"about":[{"href":"https:\/\/topgetestet.de\/index.php?rest_route=\/wp\/v2\/types\/product"}],"replies":[{"embeddable":true,"href":"https:\/\/topgetestet.de\/index.php?rest_route=%2Fwp%2Fv2%2Fcomments&post=67554"}],"wp:featuredmedia":[{"embeddable":true,"href":"https:\/\/topgetestet.de\/index.php?rest_route=\/wp\/v2\/media\/67555"}],"wp:attachment":[{"href":"https:\/\/topgetestet.de\/index.php?rest_route=%2Fwp%2Fv2%2Fmedia&parent=67554"}],"wp:term":[{"taxonomy":"product_cat","embeddable":true,"href":"https:\/\/topgetestet.de\/index.php?rest_route=%2Fwp%2Fv2%2Fproduct_cat&post=67554"},{"taxonomy":"product_tag","embeddable":true,"href":"https:\/\/topgetestet.de\/index.php?rest_route=%2Fwp%2Fv2%2Fproduct_tag&post=67554"}],"curies":[{"name":"wp","href":"https:\/\/api.w.org\/{rel}","templated":true}]}}