{"id":67355,"date":"2022-10-15T05:06:34","date_gmt":"2022-10-15T05:06:34","guid":{"rendered":"https:\/\/topgetestet.de\/?product=silex-ds-510-high-performance-usb-device-server"},"modified":"2022-10-15T05:06:34","modified_gmt":"2022-10-15T05:06:34","slug":"silex-ds-510-high-performance-usb-device-server","status":"publish","type":"product","link":"https:\/\/topgetestet.de\/?product=silex-ds-510-high-performance-usb-device-server","title":{"rendered":"SILEX DS-510 High-Performance-USB-Device-Server"},"content":{"rendered":"<p>Price: <span style=\"color:#b12704\">[price_with_discount]<\/span><br \/><i><small>(as of [price_update_date] &#8211; <span class=\"wp_automatic_amazon_disclaimer\" title=\"Product prices and availability are accurate as of the date\/time indicated and are subject to change. Any price and availability information displayed on [relevant Amazon Site(s), as applicable] at the time of purchase will apply to the purchase of this product.\">Details<\/span>)<\/small><\/i><\/p>\n<p><a href=\"https:\/\/amazon.de\/dp\/B00WS8QCP4?tag=topgetestet09-21\"><img decoding=\"async\" src=\"https:\/\/i.imgur.com\/ISRHEWs.png\"><\/a><br \/>\n[ad_1]<\/p>\n<p>        Produktbeschreibung des Herstellers <\/p>\n<p>                <img decoding=\"async\" alt=\"DS-510 USB Device Server, USB zu Nertzwerk, USBNetzwerkadapter,Citrix ready\" src=\"https:\/\/images-na.ssl-images-amazon.com\/images\/G\/01\/x-locale\/common\/grey-pixel.gif\" class=\"a-spacing-mini a-lazy-loaded\" data-src=\"https:\/\/m.media-amazon.com\/images\/G\/03\/aplusautomation\/vendorimages\/e8bfc1b2-ceb4-4fb2-958c-f81cbd11bde9.jpg._CB485972676__SL300__.jpg\"><\/p>\n<p>                 <img decoding=\"async\" alt=\"DS-510 USB Device Server, USB zu Nertzwerk, USBNetzwerkadapter,Citrix ready\" src=\"https:\/\/m.media-amazon.com\/images\/G\/03\/aplusautomation\/vendorimages\/e8bfc1b2-ceb4-4fb2-958c-f81cbd11bde9.jpg._CB485972676__SL300__.jpg\"><\/p>\n<h3 class=\"a-spacing-mini\"> Produktbeschreibung <\/h3>\n<p>                 Silex DS-510 High Speed USB Device Server  <\/p>\n<p class=\"a-spacing-base\"> Mit dem Silex DS-510 k\u00f6nnen Sie USB-Ger\u00e4te problemlos an ein Netzwerk anschlie\u00dfen und gemeinsam \u00fcber das Netzwerk nutzen. <\/p>\n<p class=\"a-spacing-base\"> Drucker, Scanner, Plattenlaufwerke, Dongles, Kartenleser und alle anderen USB-Ger\u00e4tearten sind nun netzwerkf\u00e4hig. Das USB-Ger\u00e4t kann jetzt an beliebiger Stelle im Netzwerk platziert und muss nicht direkt mit dem Computer verbunden werden. <\/p>\n<p class=\"a-spacing-base\"> Au\u00dferdem k\u00f6nnen mehrere Benutzer nacheinander auf das USB-Ger\u00e4t zugreifen. <\/p>\n<p>                 Silex DS-510 als Nachfolger des bew\u00e4hrten SX-3000GB  <\/p>\n<p class=\"a-spacing-base\"> In jedem Unternehmen existiert eine Vielzahl unterschiedlicher Ger\u00e4te, die den t\u00e4glichen Arbeitsablauf bei der B\u00fcrokommunikation erleichtern \u2013 ob Scanner, Multifunktionsdrucker, Dongles oder externe Speichermedien. Viele dieser Ger\u00e4te gibt es nur mit einer USB-Schnittstelle (Universal Serial Bus) zur Anbindung an einen einzelnen Computer. Ein integrierter Netzwerkanschluss wird aufgrund des h\u00f6heren Anschaffungspreises selten angeboten. Dennoch kann es Probleme mit diesen B\u00fcrohelfern geben: <\/p>\n<p class=\"a-spacing-base\"> Die USB-Kabel sind mit maximal 5 Metern zu kurz oder mehrere Benutzer wollen auf ein und dasselbe Ger\u00e4t zugreifen. Kabel umstecken, Wartezeiten und l\u00e4stiges Hin- und Herlaufen sind uneffektiv. Eine L\u00f6sung bieten Device Server wie die USB-Netzwerkverteiler von Silex Technology. Diese externen Netzwerkboxen binden USB-Ger\u00e4te ins LAN (Local Area Network) oder WLAN (Wireless LAN) ein. Damit k\u00f6nnen Benutzer eines Computers, der an das Firmennetzwerk angeschlossen ist, die entfernt stehenden Ger\u00e4te so benutzen, als seien sie lokal damit verbunden. Die Ger\u00e4te k\u00f6nnen im B\u00fcro an einem zentralen Ort aufgestellt werden und sind f\u00fcr viele Mitarbeiter erreichbar. Gleichzeitig sind die Funktionen der Dokumenten-, Barcode- oder Multifunktionsger\u00e4te komfortabel vom jeweiligen Arbeitsplatz aus bedienbar. Auch f\u00fcr Arbeitsgruppen, die sich ein Ger\u00e4t \u00fcber das Netzwerk teilen, ist ein Device Server eine kostensparende Alternative. <\/p>\n<p class=\"a-spacing-base\"> Realisiert wird die Anbindung \u00fcber einen Treiber, der Daten, die normalerweise direkt zum physikalischen USB-Port des Computers gesendet werden, \u00fcber das Netzwerk erst an den Server und dann weiter an das angeschlossene USB-Ger\u00e4t leitet. Der Server sollte die bi-direktionale Kommunikation unterst\u00fctzen und damit sicher stellen, dass der Anwender auch Statusmeldungen beispielsweise \u00fcber den Tintenstand von Druckerpatronen erh\u00e4lt oder seine bisherige Software-Anwendung f\u00fcr das Scannen von Dokumenten genau so weiterverwenden kann, wie er es gewohnt ist. <\/p>\n<p>                 Applikationsbeispiel Dokumentenscanner  <\/p>\n<p class=\"a-spacing-base\"> Mit dem Silex DS-510 machen Sie Ihren Scanner mit bis zu 90 Seiten pro Minute netzwerkf\u00e4hig. Hochwertige Dokumentenscanner haben ihren Preis. Sie sind \u00fcblicherweise an einen Computer direkt angeschlossen. Wenn der Scanner jedoch von mehreren Personen oder Gruppen verwendet werden k\u00f6nnte, w\u00e4re das Investment effektiver genutzt und das Unternehmen kann Kosten sparen. Mit USB Device Servern von Silex k\u00f6nnen die meisten Dokumentenscanner im Markt kosteng\u00fcnstig und komfortabel netzwerkf\u00e4hig werden. <\/p>\n<p class=\"a-spacing-base\"> Der USB Device Server DS-510 von Silex hat zwei USB Ports, die sich \u00fcber passive oder aktive USB Hubs erweitern lassen, sowie einen Anschluss f\u00fcr die Netzwerkkommunikation (RJ45). \u00dcber einen virtuellen USB-Port, den die Silex Software f\u00fcr Windows und Macintosh Betriebssysteme zur Verf\u00fcgung stellt, wird der Scanner mit dem Computer so verbunden, dass der Benutzer den Scanner verwenden kann, als sei er lokal damit verbunden. Durch die schnelle Rechenleistung und den Gigabit-Anschluss des DS-510 wird selbst bei Hochleistungsdokumentenscannern ein sehr akzeptabler Datendurchsatz erzielt. <\/p>\n<p>                 Features  <\/p>\n<p>                     Alle USB-Ger\u00e4tearten werden netzwerkf\u00e4hig<br \/>\n                     1 \u00d7 Gigabit-LAN \/ 2 \u00d7 USB 2.0 High-Speed<br \/>\n                     Kompatibel und erweiterbar mit USB-Hub<br \/>\n                     Unterst\u00fctzt g\u00e4ngige Herstellersoftware zum Scannen und Druckmonitoring<br \/>\n                     Inkl. Silex-Software SX-Virtual Link (emuliert exakt eine USB-Verbindung auf einem Windows- oder Macintosh- Computer)<br \/>\n                     Unterst\u00fctzt isochronen Datentransfer   <\/p>\n<p>                <img decoding=\"async\" alt=\"Dongle Server, USB zu Netzwerk, USB an VM Ware, USB Citrix\" src=\"https:\/\/images-na.ssl-images-amazon.com\/images\/G\/01\/x-locale\/common\/grey-pixel.gif\" class=\"a-spacing-mini a-lazy-loaded\" data-src=\"https:\/\/m.media-amazon.com\/images\/G\/03\/aplusautomation\/vendorimages\/56e3eea4-18b8-41a3-b3b0-0483a28544b4.jpg._CB485969398__SR285,285_.jpg\"><\/p>\n<p>                 <img decoding=\"async\" alt=\"Dongle Server, USB zu Netzwerk, USB an VM Ware, USB Citrix\" src=\"https:\/\/m.media-amazon.com\/images\/G\/03\/aplusautomation\/vendorimages\/56e3eea4-18b8-41a3-b3b0-0483a28544b4.jpg._CB485969398__SR285,285_.jpg\"><\/p>\n<p> <\/p>\n<p>  Scanner oder Softwareschutzmodule (Dongles) stehen problemlos in virtuellen Umgebungen zur Verf\u00fcgung  <\/p>\n<p>                 <img decoding=\"async\" alt=\"Verbindungssoftware SX-Virtual Link\" src=\"https:\/\/images-na.ssl-images-amazon.com\/images\/G\/01\/x-locale\/common\/grey-pixel.gif\" class=\"a-spacing-mini a-lazy-loaded\" data-src=\"https:\/\/m.media-amazon.com\/images\/G\/03\/aplusautomation\/vendorimages\/a25a4846-7212-4876-89ca-02070a648ee9.jpg._CB485980103__SR230,100_.jpg\"><\/p>\n<p>                  <img decoding=\"async\" alt=\"Verbindungssoftware SX-Virtual Link\" src=\"https:\/\/m.media-amazon.com\/images\/G\/03\/aplusautomation\/vendorimages\/a25a4846-7212-4876-89ca-02070a648ee9.jpg._CB485980103__SR230,100_.jpg\"><\/p>\n<p>                  Verbindungssoftware SX-Virtual Link  <\/p>\n<p class=\"a-spacing-small a-size-small a-color-secondary\"> Intuitive Installation und Bedienung <\/p>\n<p>                      Als Dienstversion f\u00fcr Serverbetriebssysteme erh\u00e4ltlich.<br \/>\n                      Silent Installer Version f\u00fcr gr\u00f6\u00dfere Installationen erh\u00e4ltlich.<br \/>\n                      SDK zur Integration der Funktionalit\u00e4ten in Ihre Anwendung erh\u00e4ltlich.   <\/p>\n<h3 class=\"a-spacing-mini\"> SILEX USB Device Server kompatibel mit virtuellen Maschinen (VMs) <\/h3>\n<p>                 Klarer Nutzen mit vielen Vorteilen  <\/p>\n<p class=\"a-spacing-base\"> Die Installation der Netzwerk-Server ins bestehende LAN oder WLAN erfolgt mit wenigen Maus-Klicks \u00fcber einen Installations-Assistenten, der dem Produkt auf einer Setup-CD beigef\u00fcgt ist. Ger\u00e4te-Server gibt es mit passender Software sowohl f\u00fcr g\u00e4ngige Windows- als auch f\u00fcr Macintosh Betriebssysteme. An virtuellen Maschinen unter VMware lie\u00dfen sich bislang keine Hardware basierten Endger\u00e4te wie Smartcard-Reader, USB-Sticks oder Dongles anschlie\u00dfen, da das Betriebssystem den Zugriff auf physikalische Anschl\u00fcsse nicht unterst\u00fctzt. Dank der USB-Device-Server von Silex wird dies auf eine sehr stabile und einfache Art m\u00f6glich: Die Silex-Server stellen im Netzwerk USB-Ports zur Verf\u00fcgung, die sich durch virtuelle Treiber so benutzen lassen, als seien die Endger\u00e4te lokal angeschlossen. <\/p>\n<p class=\"a-spacing-base\"> Dadurch steht dem Einsatz von z.B. Dongle-gesch\u00fctzter Software, Drucker- und Scannerfunktionen oder Faxdiensten \u00fcber USB ISDN Adaptern unter VMware nichts mehr im Wege. Die Produktfamilien von Silex bieten f\u00fcr jeden VMware-Einsatz die passende L\u00f6sung. Auch die Virtualisierungsprodukte von Citrix (Xen-Server) und Microsoft (Hyper-V) werden unterst\u00fctzt. <\/p>\n<p>                      Alternativprodukte f\u00fcr WLAN Konnektivit\u00e4t:<br \/>\n                      DS-520AN, alle USB-Ger\u00e4tearten werden WLAN f\u00e4hig.<br \/>\n                      SX-BR-4600WAN, alle Netzwerkger\u00e4te werden WLAN f\u00e4hig.   <\/p>\n<p> Auslaufartikel (Produktion durch Hersteller eingestellt) \u200f : \u200e  Nein <br \/> Produktabmessungen \u200f : \u200e  10 x 10 x 2.55 cm; 96 Gramm <br \/> Im Angebot von Amazon.de seit \u200f : \u200e  28. April 2015 <br \/> Hersteller \u200f : \u200e  Silex Technology Europe <br \/> ASIN \u200f : \u200e  B00WS8QCP4 <br \/> Modellnummer \u200f : \u200e  2422G18 <\/p>\n<p>[ad_2]<\/p>\n","protected":false},"excerpt":{"rendered":"<p>Price: [price_with_discount](as of [price_update_date] &#8211; Details) [ad_1] Produktbeschreibung des Herstellers Produktbeschreibung Silex DS-510 High Speed USB Device Server Mit dem Silex DS-510 k\u00f6nnen Sie USB-Ger\u00e4te problemlos an ein Netzwerk anschlie\u00dfen<\/p>\n","protected":false},"featured_media":67356,"comment_status":"open","ping_status":"closed","template":"","meta":[],"product_cat":[225],"product_tag":[],"class_list":{"0":"post-67355","1":"product","2":"type-product","3":"status-publish","4":"has-post-thumbnail","6":"product_cat-electronics","8":"first","9":"instock","10":"shipping-taxable","11":"product-type-external"},"aioseo_notices":[],"_links":{"self":[{"href":"https:\/\/topgetestet.de\/index.php?rest_route=\/wp\/v2\/product\/67355","targetHints":{"allow":["GET"]}}],"collection":[{"href":"https:\/\/topgetestet.de\/index.php?rest_route=\/wp\/v2\/product"}],"about":[{"href":"https:\/\/topgetestet.de\/index.php?rest_route=\/wp\/v2\/types\/product"}],"replies":[{"embeddable":true,"href":"https:\/\/topgetestet.de\/index.php?rest_route=%2Fwp%2Fv2%2Fcomments&post=67355"}],"wp:featuredmedia":[{"embeddable":true,"href":"https:\/\/topgetestet.de\/index.php?rest_route=\/wp\/v2\/media\/67356"}],"wp:attachment":[{"href":"https:\/\/topgetestet.de\/index.php?rest_route=%2Fwp%2Fv2%2Fmedia&parent=67355"}],"wp:term":[{"taxonomy":"product_cat","embeddable":true,"href":"https:\/\/topgetestet.de\/index.php?rest_route=%2Fwp%2Fv2%2Fproduct_cat&post=67355"},{"taxonomy":"product_tag","embeddable":true,"href":"https:\/\/topgetestet.de\/index.php?rest_route=%2Fwp%2Fv2%2Fproduct_tag&post=67355"}],"curies":[{"name":"wp","href":"https:\/\/api.w.org\/{rel}","templated":true}]}}