{"id":66564,"date":"2022-10-15T01:03:04","date_gmt":"2022-10-15T01:03:04","guid":{"rendered":"https:\/\/topgetestet.de\/?product=hogl-damen-athletic-9-102301-sneaker"},"modified":"2022-10-15T01:03:04","modified_gmt":"2022-10-15T01:03:04","slug":"hogl-damen-athletic-9-102301-sneaker","status":"publish","type":"product","link":"https:\/\/topgetestet.de\/?product=hogl-damen-athletic-9-102301-sneaker","title":{"rendered":"H\u00d6GL Damen Athletic 9-102301 Sneaker"},"content":{"rendered":"<p>Price: <span style=\"color:#b12704\">[price_with_discount]<\/span><br \/><i><small>(as of [price_update_date] &#8211; <span class=\"wp_automatic_amazon_disclaimer\" title=\"Product prices and availability are accurate as of the date\/time indicated and are subject to change. Any price and availability information displayed on [relevant Amazon Site(s), as applicable] at the time of purchase will apply to the purchase of this product.\">Details<\/span>)<\/small><\/i><\/p>\n<p><a href=\"https:\/\/amazon.de\/dp\/B07VH119MV?tag=topgetestet09-21\"><img decoding=\"async\" src=\"https:\/\/i.imgur.com\/ISRHEWs.png\"><\/a><br \/>\n[ad_1]<br \/>\n <span>Edel und trendig. Sneaker gelten als das Must-have der Stunde. H\u00f6gl interpretiert den Runner beeindruckend luxuri\u00f6s. Eins\u00e4tze in Metallic-Optik und die Verarbeitung unterschiedlicher Materialien verleihen dem sportlichen Appeal ein elegantes Upgrade. Damit wird der leichte Sneaker sogar Office- und Party-tauglich.<\/span> <br \/> Auslaufartikel (Produktion durch Hersteller eingestellt) \u200f : \u200e  Nein <br \/> Verpackungsabmessungen \u200f : \u200e  30.48 x 21.34 x 10.41 cm; 820 Gramm <br \/> Im Angebot von Amazon.de seit \u200f : \u200e  19. Juli 2019 <br \/> Hersteller \u200f : \u200e  H\u00f6gl <br \/> ASIN \u200f : \u200e  B07VFWVWGF <br \/> Modellnummer \u200f : \u200e  9-102311-0200 <br \/> Kategorie \u200f : \u200e  Damen <\/p>\n<p>Innenmaterial: Leder<br \/>Sohle: Kunststoff<br \/>Verschluss: Schn\u00fcrung<br \/>Absatzh\u00f6he: 25 Millimeter<br \/>Absatzform: Flach<br \/>Schaftweite: Normal<br \/>\n<br \/>[ad_2]<\/p>\n","protected":false},"excerpt":{"rendered":"<p>Price: [price_with_discount](as of [price_update_date] &#8211; Details) [ad_1] Edel und trendig. Sneaker gelten als das Must-have der Stunde. H\u00f6gl interpretiert den Runner beeindruckend luxuri\u00f6s. Eins\u00e4tze in Metallic-Optik und die Verarbeitung unterschiedlicher<\/p>\n","protected":false},"featured_media":66565,"comment_status":"open","ping_status":"closed","template":"","meta":[],"product_cat":[230],"product_tag":[266],"class_list":{"0":"post-66564","1":"product","2":"type-product","3":"status-publish","4":"has-post-thumbnail","6":"product_cat-fashion","7":"product_tag-womens-fashion-sneakers","9":"first","10":"instock","11":"shipping-taxable","12":"product-type-external"},"aioseo_notices":[],"_links":{"self":[{"href":"https:\/\/topgetestet.de\/index.php?rest_route=\/wp\/v2\/product\/66564","targetHints":{"allow":["GET"]}}],"collection":[{"href":"https:\/\/topgetestet.de\/index.php?rest_route=\/wp\/v2\/product"}],"about":[{"href":"https:\/\/topgetestet.de\/index.php?rest_route=\/wp\/v2\/types\/product"}],"replies":[{"embeddable":true,"href":"https:\/\/topgetestet.de\/index.php?rest_route=%2Fwp%2Fv2%2Fcomments&post=66564"}],"wp:featuredmedia":[{"embeddable":true,"href":"https:\/\/topgetestet.de\/index.php?rest_route=\/wp\/v2\/media\/66565"}],"wp:attachment":[{"href":"https:\/\/topgetestet.de\/index.php?rest_route=%2Fwp%2Fv2%2Fmedia&parent=66564"}],"wp:term":[{"taxonomy":"product_cat","embeddable":true,"href":"https:\/\/topgetestet.de\/index.php?rest_route=%2Fwp%2Fv2%2Fproduct_cat&post=66564"},{"taxonomy":"product_tag","embeddable":true,"href":"https:\/\/topgetestet.de\/index.php?rest_route=%2Fwp%2Fv2%2Fproduct_tag&post=66564"}],"curies":[{"name":"wp","href":"https:\/\/api.w.org\/{rel}","templated":true}]}}