{"id":66023,"date":"2022-10-14T22:48:21","date_gmt":"2022-10-14T22:48:21","guid":{"rendered":"https:\/\/topgetestet.de\/?product=tom-tailor-damen-strickpullover-mit-struktur-1033125"},"modified":"2022-10-14T22:48:21","modified_gmt":"2022-10-14T22:48:21","slug":"tom-tailor-damen-strickpullover-mit-struktur-1033125","status":"publish","type":"product","link":"https:\/\/topgetestet.de\/?product=tom-tailor-damen-strickpullover-mit-struktur-1033125","title":{"rendered":"TOM TAILOR Damen Strickpullover mit Struktur 1033125"},"content":{"rendered":"<p>Price: <span style=\"color:#b12704\">[price_with_discount]<\/span><br \/><i><small>(as of [price_update_date] &#8211; <span class=\"wp_automatic_amazon_disclaimer\" title=\"Product prices and availability are accurate as of the date\/time indicated and are subject to change. Any price and availability information displayed on [relevant Amazon Site(s), as applicable] at the time of purchase will apply to the purchase of this product.\">Details<\/span>)<\/small><\/i><\/p>\n<p><a href=\"https:\/\/amazon.de\/dp\/B09QMN5BLQ?tag=topgetestet09-21\"><img decoding=\"async\" src=\"https:\/\/i.imgur.com\/ISRHEWs.png\"><\/a><br \/>\n[ad_1]<\/p>\n<p>       Produktbeschreibung des Herstellers <\/p>\n<p>              <img decoding=\"async\" alt=\"1032095\" src=\"https:\/\/images-na.ssl-images-amazon.com\/images\/G\/01\/x-locale\/common\/grey-pixel.gif\" class=\"a-lazy-loaded\" data-src=\"https:\/\/m.media-amazon.com\/images\/S\/aplus-media-library-service-media\/3964e204-085a-4757-82f5-35e087cb240a.__CR0,150,970,300_PT0_SX970_V1___.jpg\"><\/p>\n<p>               <img decoding=\"async\" alt=\"1032095\" src=\"https:\/\/m.media-amazon.com\/images\/S\/aplus-media-library-service-media\/3964e204-085a-4757-82f5-35e087cb240a.__CR0,150,970,300_PT0_SX970_V1___.jpg\"><\/p>\n<p>              <img decoding=\"async\" alt=\"1030418\" src=\"https:\/\/images-na.ssl-images-amazon.com\/images\/G\/01\/x-locale\/common\/grey-pixel.gif\" class=\"a-lazy-loaded\" data-src=\"https:\/\/m.media-amazon.com\/images\/S\/aplus-media-library-service-media\/98bc0f3a-209b-4a3c-b18f-e98bf0fc2dce.__CR100,40,373,373_PT0_SX300_V1___.jpg\"><\/p>\n<p>               <img decoding=\"async\" alt=\"1030418\" src=\"https:\/\/m.media-amazon.com\/images\/S\/aplus-media-library-service-media\/98bc0f3a-209b-4a3c-b18f-e98bf0fc2dce.__CR100,40,373,373_PT0_SX300_V1___.jpg\"><\/p>\n<h3 class=\"a-spacing-mini\"> Produktdetails <\/h3>\n<\/p>\n<p>               Fein strukturierter Pullover mit Rollb\u00fcndchen am Saum<br \/>\n               Passform: Regular Fit, R\u00fcckenl\u00e4nge bei Gr. M ca. 57 cm<br \/>\n               In Unifarben mit feiner Struktur<br \/>\n               Aus weicher Baumwolle f\u00fcr einen angenehmen Tragekomfort<\/p>\n<p>              <img decoding=\"async\" alt=\"1030418\" src=\"https:\/\/images-na.ssl-images-amazon.com\/images\/G\/01\/x-locale\/common\/grey-pixel.gif\" class=\"a-lazy-loaded\" data-src=\"https:\/\/m.media-amazon.com\/images\/S\/aplus-media-library-service-media\/b90bf8bf-931c-4831-98bb-d175bb41d198.__CR90,0,373,373_PT0_SX300_V1___.jpg\"><\/p>\n<p>               <img decoding=\"async\" alt=\"1030418\" src=\"https:\/\/m.media-amazon.com\/images\/S\/aplus-media-library-service-media\/b90bf8bf-931c-4831-98bb-d175bb41d198.__CR90,0,373,373_PT0_SX300_V1___.jpg\"><\/p>\n<h3 class=\"a-spacing-mini\"> Waschhinweis <\/h3>\n<\/p>\n<p>               Reinigen mit Perchlorethylen<br \/>\n               Trocknen im Trockner nicht m\u00f6glich<br \/>\n               Kein Bleichmittel erlaubt<br \/>\n               Bei niedriger Temperatur b\u00fcgeln (110\u00b0 C)<br \/>\n               Schonwaschgang bei max. 30\u00b0C<\/p>\n<p>          <img decoding=\"async\" alt=\"organic cotton\" src=\"https:\/\/images-na.ssl-images-amazon.com\/images\/G\/01\/x-locale\/common\/grey-pixel.gif\" class=\"a-spacing-base a-lazy-loaded\" data-src=\"https:\/\/m.media-amazon.com\/images\/S\/aplus-media-library-service-media\/51726fc3-a351-4a1b-b741-f2fcb05bf4ea.__CR0,0,970,600_PT0_SX970_V1___.jpg\"><\/p>\n<p>           <img decoding=\"async\" alt=\"organic cotton\" src=\"https:\/\/m.media-amazon.com\/images\/S\/aplus-media-library-service-media\/51726fc3-a351-4a1b-b741-f2fcb05bf4ea.__CR0,0,970,600_PT0_SX970_V1___.jpg\"><\/p>\n<h3 class=\"a-spacing-mini\"> BE PART of more sustainable fashion <\/h3>\n<p class=\"a-spacing-base\">\n<p>           BE PART: Der Artikel enth\u00e4lt 100% Bio-Baumwolle (Organic Cotton). Bio-Baumwolle wird mit nat\u00fcrlichen D\u00fcngemitteln angebaut. Der Anbau schont nat\u00fcrliche Ressourcen und erfolgt ohne Einsatz von sch\u00e4dlichen Chemikalien. Dadurch wird ein ges\u00fcnderes Arbeitsumfeld f\u00fcr die Landwirte geschaffen.<\/p>\n<p>          <img decoding=\"async\" alt=\"tt women\" src=\"https:\/\/images-na.ssl-images-amazon.com\/images\/G\/01\/x-locale\/common\/grey-pixel.gif\" class=\"a-spacing-base a-lazy-loaded\" data-src=\"https:\/\/m.media-amazon.com\/images\/S\/aplus-media-library-service-media\/e5890447-04a1-439f-aad0-191a00b0f7c0.__CR0,0,1617,1000_PT0_SX970_V1___.jpg\"><\/p>\n<p>           <img decoding=\"async\" alt=\"tt women\" src=\"https:\/\/m.media-amazon.com\/images\/S\/aplus-media-library-service-media\/e5890447-04a1-439f-aad0-191a00b0f7c0.__CR0,0,1617,1000_PT0_SX970_V1___.jpg\"><\/p>\n<p>[ad_2]<\/p>\n","protected":false},"excerpt":{"rendered":"<p>Price: [price_with_discount](as of [price_update_date] &#8211; Details) [ad_1] Produktbeschreibung des Herstellers Produktdetails Fein strukturierter Pullover mit Rollb\u00fcndchen am Saum Passform: Regular Fit, R\u00fcckenl\u00e4nge bei Gr. M ca. 57 cm In Unifarben<\/p>\n","protected":false},"featured_media":66024,"comment_status":"open","ping_status":"closed","template":"","meta":[],"product_cat":[232],"product_tag":[],"class_list":{"0":"post-66023","1":"product","2":"type-product","3":"status-publish","4":"has-post-thumbnail","6":"product_cat-women-fashion","8":"first","9":"instock","10":"shipping-taxable","11":"product-type-external"},"aioseo_notices":[],"_links":{"self":[{"href":"https:\/\/topgetestet.de\/index.php?rest_route=\/wp\/v2\/product\/66023","targetHints":{"allow":["GET"]}}],"collection":[{"href":"https:\/\/topgetestet.de\/index.php?rest_route=\/wp\/v2\/product"}],"about":[{"href":"https:\/\/topgetestet.de\/index.php?rest_route=\/wp\/v2\/types\/product"}],"replies":[{"embeddable":true,"href":"https:\/\/topgetestet.de\/index.php?rest_route=%2Fwp%2Fv2%2Fcomments&post=66023"}],"wp:featuredmedia":[{"embeddable":true,"href":"https:\/\/topgetestet.de\/index.php?rest_route=\/wp\/v2\/media\/66024"}],"wp:attachment":[{"href":"https:\/\/topgetestet.de\/index.php?rest_route=%2Fwp%2Fv2%2Fmedia&parent=66023"}],"wp:term":[{"taxonomy":"product_cat","embeddable":true,"href":"https:\/\/topgetestet.de\/index.php?rest_route=%2Fwp%2Fv2%2Fproduct_cat&post=66023"},{"taxonomy":"product_tag","embeddable":true,"href":"https:\/\/topgetestet.de\/index.php?rest_route=%2Fwp%2Fv2%2Fproduct_tag&post=66023"}],"curies":[{"name":"wp","href":"https:\/\/api.w.org\/{rel}","templated":true}]}}