{"id":65877,"date":"2022-10-14T22:08:18","date_gmt":"2022-10-14T22:08:18","guid":{"rendered":"https:\/\/topgetestet.de\/?product=nike-damen-revolution-6-flyease-nn-laufschuh"},"modified":"2022-10-14T22:08:18","modified_gmt":"2022-10-14T22:08:18","slug":"nike-damen-revolution-6-flyease-nn-laufschuh","status":"publish","type":"product","link":"https:\/\/topgetestet.de\/?product=nike-damen-revolution-6-flyease-nn-laufschuh","title":{"rendered":"Nike Damen Revolution 6 Flyease Nn Laufschuh"},"content":{"rendered":"<p>Price: <span style=\"color:#b12704\">[price_with_discount]<\/span><br \/><i><small>(as of [price_update_date] &#8211; <span class=\"wp_automatic_amazon_disclaimer\" title=\"Product prices and availability are accurate as of the date\/time indicated and are subject to change. Any price and availability information displayed on [relevant Amazon Site(s), as applicable] at the time of purchase will apply to the purchase of this product.\">Details<\/span>)<\/small><\/i><\/p>\n<p><a href=\"https:\/\/amazon.de\/dp\/B09NMHWGG2?tag=topgetestet09-21\"><img decoding=\"async\" src=\"https:\/\/i.imgur.com\/ISRHEWs.png\"><\/a><br \/>\n[ad_1]<br \/>\n <span>Der Nike Revolution 6 FlyEase wurde f\u00fcr alle Athleten entwickelt und bietet ein weicheres Design und ein weicheres Laufgef\u00fchl als sein Vorg\u00e4nger. Die Nike FlyEase-Technologie macht das An- und Ausziehen superleicht. Es hat einen einfachen, aber klassischen Look mit auff\u00e4lligen Grafiken, was es ideal zum Laufen oder f\u00fcr Freizeitkleidung macht.<\/span> <br \/> Sprache \u200f : \u200e  Deutsch, Deutsch, Deutsch, Deutsch, Deutsch <br \/> Verpackungsabmessungen \u200f : \u200e  33.29 x 21.1 x 11.2 cm; 600 Gramm <br \/> Im Angebot von Amazon.de seit \u200f : \u200e  27. Juni 2022 <br \/> Hersteller \u200f : \u200e  Nike <br \/> ASIN \u200f : \u200e  B0B5717RPP <br \/> Modellnummer \u200f : \u200e  DC8997-500 <br \/> Kategorie \u200f : \u200e  Damen <\/p>\n<p>Innenmaterial: Synthetik<br \/>Sohle: Gummi<br \/>Verschluss: Schn\u00fcrung<br \/>Absatzform: Kein Absatz<br \/>Schuhweite: Schmal<br \/>Nicht wasserfest<br \/>Ankle Strap<br \/>\n<br \/>[ad_2]<\/p>\n","protected":false},"excerpt":{"rendered":"<p>Price: [price_with_discount](as of [price_update_date] &#8211; Details) [ad_1] Der Nike Revolution 6 FlyEase wurde f\u00fcr alle Athleten entwickelt und bietet ein weicheres Design und ein weicheres Laufgef\u00fchl als sein Vorg\u00e4nger. Die<\/p>\n","protected":false},"featured_media":65878,"comment_status":"open","ping_status":"closed","template":"","meta":[],"product_cat":[234],"product_tag":[236],"class_list":{"0":"post-65877","1":"product","2":"type-product","3":"status-publish","4":"has-post-thumbnail","6":"product_cat-shoes","7":"product_tag-womens-road-running-shoes","9":"first","10":"instock","11":"shipping-taxable","12":"product-type-external"},"aioseo_notices":[],"_links":{"self":[{"href":"https:\/\/topgetestet.de\/index.php?rest_route=\/wp\/v2\/product\/65877","targetHints":{"allow":["GET"]}}],"collection":[{"href":"https:\/\/topgetestet.de\/index.php?rest_route=\/wp\/v2\/product"}],"about":[{"href":"https:\/\/topgetestet.de\/index.php?rest_route=\/wp\/v2\/types\/product"}],"replies":[{"embeddable":true,"href":"https:\/\/topgetestet.de\/index.php?rest_route=%2Fwp%2Fv2%2Fcomments&post=65877"}],"wp:featuredmedia":[{"embeddable":true,"href":"https:\/\/topgetestet.de\/index.php?rest_route=\/wp\/v2\/media\/65878"}],"wp:attachment":[{"href":"https:\/\/topgetestet.de\/index.php?rest_route=%2Fwp%2Fv2%2Fmedia&parent=65877"}],"wp:term":[{"taxonomy":"product_cat","embeddable":true,"href":"https:\/\/topgetestet.de\/index.php?rest_route=%2Fwp%2Fv2%2Fproduct_cat&post=65877"},{"taxonomy":"product_tag","embeddable":true,"href":"https:\/\/topgetestet.de\/index.php?rest_route=%2Fwp%2Fv2%2Fproduct_tag&post=65877"}],"curies":[{"name":"wp","href":"https:\/\/api.w.org\/{rel}","templated":true}]}}