{"id":65684,"date":"2022-10-14T21:05:50","date_gmt":"2022-10-14T21:05:50","guid":{"rendered":"https:\/\/topgetestet.de\/?product=ara-damen-rom-1224453-sneaker"},"modified":"2022-10-14T21:05:50","modified_gmt":"2022-10-14T21:05:50","slug":"ara-damen-rom-1224453-sneaker","status":"publish","type":"product","link":"https:\/\/topgetestet.de\/?product=ara-damen-rom-1224453-sneaker","title":{"rendered":"ara Damen ROM 1224453 Sneaker"},"content":{"rendered":"<p>Price: <span style=\"color:#b12704\">[price_with_discount]<\/span><br \/><i><small>(as of [price_update_date] &#8211; <span class=\"wp_automatic_amazon_disclaimer\" title=\"Product prices and availability are accurate as of the date\/time indicated and are subject to change. Any price and availability information displayed on [relevant Amazon Site(s), as applicable] at the time of purchase will apply to the purchase of this product.\">Details<\/span>)<\/small><\/i><\/p>\n<p><a href=\"https:\/\/amazon.de\/dp\/B09QQPY7LP?tag=topgetestet09-21\"><img decoding=\"async\" src=\"https:\/\/i.imgur.com\/ISRHEWs.png\"><\/a><br \/>\n[ad_1]<\/p>\n<p>       Produktbeschreibung des Herstellers <\/p>\n<p>              <img decoding=\"async\" alt=\"ara Shoes - Mode f\u00fcr alle\" src=\"https:\/\/images-na.ssl-images-amazon.com\/images\/G\/01\/x-locale\/common\/grey-pixel.gif\" class=\"a-lazy-loaded\" data-src=\"https:\/\/m.media-amazon.com\/images\/S\/aplus-media-library-service-media\/97db2460-576e-42f8-bc7f-070ec5319ca6.__CR583,0,946,946_PT0_SX300_V1___.jpg\"><\/p>\n<p>               <img decoding=\"async\" alt=\"ara Shoes - Mode f\u00fcr alle\" src=\"https:\/\/m.media-amazon.com\/images\/S\/aplus-media-library-service-media\/97db2460-576e-42f8-bc7f-070ec5319ca6.__CR583,0,946,946_PT0_SX300_V1___.jpg\"><\/p>\n<h3 class=\"a-spacing-mini\"> ara shoes \u2013 reine Familienangelegenheit <\/h3>\n<p> Wir sind ein Unternehmen mit \u00fcber 3.300 Mitarbeitern, entwickeln, fertigen und vertreiben Schuhe auf der ganzen Welt und haben unseren Firmensitz in Langenfeld\/ NRW\/ Deutschland. Seit \u00fcber 70 Jahren sind wir in Familienbesitz. Verantwortung ist ein wichtiger Bestandteil unserer Firmenpolitik \u2013 gegen\u00fcber der Umwelt bei Materialbeschaffung und Produktion, gegen\u00fcber Mitarbeitern, Lieferanten und ihren Familien. Und besonders gegen\u00fcber unseren Handelspartnern und Kunden, die unser wichtigster Vertriebspfeiler sind. Verantwortung ist auch der Grund f\u00fcr die kontinuierlichen Qualit\u00e4tskontrollen unserer Produkte durch unabh\u00e4ngige Institute. Damit unsere Kunden auch bei der Qualit\u00e4t sagen: \u201ePasst zu mir\u201c. <\/p>\n<p> <img decoding=\"async\" alt=\"Logomania\" src=\"https:\/\/images-na.ssl-images-amazon.com\/images\/G\/01\/x-locale\/common\/grey-pixel.gif\" class=\"a-spacing-mini a-lazy-loaded\" data-src=\"https:\/\/m.media-amazon.com\/images\/S\/aplus-media-library-service-media\/b8d6c9c5-3b4a-4017-8771-a949f8624f10.__CR0,532,2126,2126_PT0_SX300_V1___.jpg\">\n                   <\/p>\n<p>                    <img decoding=\"async\" alt=\"Logomania\" src=\"https:\/\/m.media-amazon.com\/images\/S\/aplus-media-library-service-media\/b8d6c9c5-3b4a-4017-8771-a949f8624f10.__CR0,532,2126,2126_PT0_SX300_V1___.jpg\"><\/p>\n<p> <img decoding=\"async\" alt=\"HighSoft\" src=\"https:\/\/images-na.ssl-images-amazon.com\/images\/G\/01\/x-locale\/common\/grey-pixel.gif\" class=\"a-spacing-mini a-lazy-loaded\" data-src=\"https:\/\/m.media-amazon.com\/images\/S\/aplus-media-library-service-media\/dc3eb882-48df-4130-a071-d70f08558a47.__CR428,959,1519,1519_PT0_SX300_V1___.jpg\">\n                   <\/p>\n<p>                    <img decoding=\"async\" alt=\"HighSoft\" src=\"https:\/\/m.media-amazon.com\/images\/S\/aplus-media-library-service-media\/dc3eb882-48df-4130-a071-d70f08558a47.__CR428,959,1519,1519_PT0_SX300_V1___.jpg\"><\/p>\n<p> <img decoding=\"async\" alt=\"Passform Langschaft\" src=\"https:\/\/images-na.ssl-images-amazon.com\/images\/G\/01\/x-locale\/common\/grey-pixel.gif\" class=\"a-spacing-mini a-lazy-loaded\" data-src=\"https:\/\/m.media-amazon.com\/images\/S\/aplus-media-library-service-media\/9dc876b8-acf1-44c3-8ab1-88e9c7f4425e.__CR234,1008,1772,1772_PT0_SX300_V1___.jpg\">\n                   <\/p>\n<p>                    <img decoding=\"async\" alt=\"Passform Langschaft\" src=\"https:\/\/m.media-amazon.com\/images\/S\/aplus-media-library-service-media\/9dc876b8-acf1-44c3-8ab1-88e9c7f4425e.__CR234,1008,1772,1772_PT0_SX300_V1___.jpg\"><\/p>\n<p>                   Die Marke ara passt \u2013 gestern, heute, morgen  <\/p>\n<p> Fr\u00fcher waren Schuhe eher von Nutzen. Mittlerweile sind sie Leidenschaft \u2013 Komfort und Funktionalit\u00e4t inklusive. Wer dies und seine Kunden versteht, wei\u00df auch, was sie morgen tragen wollen. Wir haben verstanden und entwickeln mit Leidenschaft Schuhe, die unseren Kundinnen und Kunden passen. Im Hinblick auf Passform, aber auch auf Trend und Funktionalit\u00e4t \u2013 und Qualit\u00e4tsanspruch. Der ist uns besonders wichtig und hat ara zu einer weltweiten Marke werden lassen, die im Schuhmarkt einen festen Platz hat. Wie auch in den Schuhschr\u00e4nken vieler Kundinnen. <\/p>\n<p>                   Mode \u2013 nicht einfach Schuhe  <\/p>\n<p> Wir entwickeln Schuhe, die modern und doch zeitlos sind. Als Teil eines Ganzen, eines Looks \u2013 passend zu Kleidung und Accessoires. Wir bieten Kollektionen f\u00fcr jeden Stil, Modelle mit durchdachten Details und au\u00dferdem die passenden Handtaschen dazu. Hinzu kommen Tipps, wie man alles zur Mode kombiniert. Damit es auch hier passt. <\/p>\n<p>                   Wohlf\u00fchlfaktor \u2013 keine Modeerscheinung  <\/p>\n<p> Wir denken bequem, damit jeder Fu\u00df modisch Schritt h\u00e4lt und sich trotzdem wohlf\u00fchlt. Besondere Fu\u00dfbetten sind bei uns deshalb kein Widerspruch. Sie zeigen, dass wir unsere Kunden kennen und verstehen. Wir bleiben dieser Ausrichtung trotz aller Trends treu. So, wie unsere Kunden uns treu bleiben. <\/p>\n<h3 class=\"a-spacing-small\"> Schuhgr\u00f6\u00dfe messen &#8211; so geht&#8217;s richtig <\/h3>\n<p> <img decoding=\"async\" alt=\"Fu\u00dfl\u00e4nge messen\" src=\"https:\/\/images-na.ssl-images-amazon.com\/images\/G\/01\/x-locale\/common\/grey-pixel.gif\" class=\"a-spacing-mini a-lazy-loaded\" data-src=\"https:\/\/m.media-amazon.com\/images\/S\/aplus-media-library-service-media\/b3635837-6f6a-4cc4-97ad-f8ed3b7ac361.__CR0,0,300,300_PT0_SX300_V1___.png\">\n                   <\/p>\n<p>                    <img decoding=\"async\" alt=\"Fu\u00dfl\u00e4nge messen\" src=\"https:\/\/m.media-amazon.com\/images\/S\/aplus-media-library-service-media\/b3635837-6f6a-4cc4-97ad-f8ed3b7ac361.__CR0,0,300,300_PT0_SX300_V1___.png\"><\/p>\n<p> <img decoding=\"async\" alt=\"Fu\u00df richtig bemessen\" src=\"https:\/\/images-na.ssl-images-amazon.com\/images\/G\/01\/x-locale\/common\/grey-pixel.gif\" class=\"a-spacing-mini a-lazy-loaded\" data-src=\"https:\/\/m.media-amazon.com\/images\/S\/aplus-media-library-service-media\/59c59d7c-d526-415b-8d25-e170b6bd1ca6.__CR0,0,300,300_PT0_SX300_V1___.png\">\n                   <\/p>\n<p>                    <img decoding=\"async\" alt=\"Fu\u00df richtig bemessen\" src=\"https:\/\/m.media-amazon.com\/images\/S\/aplus-media-library-service-media\/59c59d7c-d526-415b-8d25-e170b6bd1ca6.__CR0,0,300,300_PT0_SX300_V1___.png\"><\/p>\n<p> <img decoding=\"async\" alt=\"Schritt 2: L\u00e4nge bemessen\" src=\"https:\/\/images-na.ssl-images-amazon.com\/images\/G\/01\/x-locale\/common\/grey-pixel.gif\" class=\"a-spacing-mini a-lazy-loaded\" data-src=\"https:\/\/m.media-amazon.com\/images\/S\/aplus-media-library-service-media\/93a8b285-e522-44ac-a73d-5b9edcec0d5f.__CR0,0,300,300_PT0_SX300_V1___.png\">\n                   <\/p>\n<p>                    <img decoding=\"async\" alt=\"Schritt 2: L\u00e4nge bemessen\" src=\"https:\/\/m.media-amazon.com\/images\/S\/aplus-media-library-service-media\/93a8b285-e522-44ac-a73d-5b9edcec0d5f.__CR0,0,300,300_PT0_SX300_V1___.png\"><\/p>\n<p>                   Was ist wichtig zu beachten?  <\/p>\n<p> Schuhgr\u00f6\u00dfen sind nicht standardisiert. Jeder Schuhhersteller verwendet andere Ma\u00dfe in Bezug auf Spannh\u00f6he, Zehenform und Fu\u00dfweite. Grundlage f\u00fcr die eigene Schuhgr\u00f6\u00dfe ist jedoch immer die L\u00e4nge deiner F\u00fc\u00dfe. Du solltest also vor dem Kauf immer erst deine Fu\u00dfl\u00e4nge ermitteln, um den passenden Schuh auszuw\u00e4hlen. <\/p>\n<p>                   Schritt 1: Nachzeichnen  <\/p>\n<p> Ziehe deine Socken aus, lege ein Blatt Papier an eine Wand und stelle deinen Fu\u00df so darauf, dass die Ferse die Wand ber\u00fchrt. Jetzt zeichne mit einem Stift die Fu\u00dfform vorne an den Zehen nach. Halte den Stift dabei genau senkrecht. <\/p>\n<p> Wichtig: Beide F\u00fc\u00dfe m\u00fcssen vermessen werden, da sie oft unterschiedlich lang sind! F\u00fc\u00dfe schwellen h\u00e4ufig im Laufe des Tages an, weshalb wir empfehlen, die Messung am sp\u00e4ten <\/p>\n<p>                   Schritt 2: Messen  <\/p>\n<p> Nun kannst du den Papierrand von der Ferse bis hin zur l\u00e4ngsten Zehe ausmessen und so die Fu\u00dfl\u00e4nge bestimmen. Orientiere dich hierbei an deinem l\u00e4ngeren Fu\u00df. Wir berechnen die notwendige Zugabe f\u00fcr gen\u00fcgend Platz im Schuh f\u00fcr dich. Lie\u00df die zu deiner Fu\u00dfl\u00e4nge passende Gr\u00f6\u00dfe und eingerechnete Zugabe in unserer Schuhgr\u00f6\u00dfentabelle ab, um die richtige Wahl zu treffen. <\/p>\n<h3 class=\"a-spacing-mini\"> Schritt 3: In der Schuhgr\u00f6\u00dfentabelle nachschauen <\/h3>\n<p>          <img decoding=\"async\" alt=\"Gr\u00f6\u00dfentabelle\" src=\"https:\/\/images-na.ssl-images-amazon.com\/images\/G\/01\/x-locale\/common\/grey-pixel.gif\" class=\"a-spacing-base a-lazy-loaded\" data-src=\"https:\/\/m.media-amazon.com\/images\/S\/aplus-media-library-service-media\/24fbd74c-2a10-4f42-a292-e79a51005276.__CR0,0,978,605_PT0_SX970_V1___.png\"><\/p>\n<p>           <img decoding=\"async\" alt=\"Gr\u00f6\u00dfentabelle\" src=\"https:\/\/m.media-amazon.com\/images\/S\/aplus-media-library-service-media\/24fbd74c-2a10-4f42-a292-e79a51005276.__CR0,0,978,605_PT0_SX970_V1___.png\"><\/p>\n<p> Verpackungsabmessungen \u200f : \u200e  32 x 20.1 x 10.8 cm; 800 Gramm <br \/> Im Angebot von Amazon.de seit \u200f : \u200e  19. Januar 2022 <br \/> Hersteller \u200f : \u200e  ara Shoes <br \/> ASIN \u200f : \u200e  B09QQPY7LP <br \/> Modellnummer \u200f : \u200e  1224453 <br \/> Herkunftsland \u200f : \u200e  Portugal <br \/> Kategorie \u200f : \u200e  Damen <\/p>\n<p>[ad_2]<\/p>\n","protected":false},"excerpt":{"rendered":"<p>Price: [price_with_discount](as of [price_update_date] &#8211; Details) [ad_1] Produktbeschreibung des Herstellers ara shoes \u2013 reine Familienangelegenheit Wir sind ein Unternehmen mit \u00fcber 3.300 Mitarbeitern, entwickeln, fertigen und vertreiben Schuhe auf der<\/p>\n","protected":false},"featured_media":65685,"comment_status":"open","ping_status":"closed","template":"","meta":[],"product_cat":[230],"product_tag":[266],"class_list":{"0":"post-65684","1":"product","2":"type-product","3":"status-publish","4":"has-post-thumbnail","6":"product_cat-fashion","7":"product_tag-womens-fashion-sneakers","9":"first","10":"instock","11":"shipping-taxable","12":"product-type-external"},"aioseo_notices":[],"_links":{"self":[{"href":"https:\/\/topgetestet.de\/index.php?rest_route=\/wp\/v2\/product\/65684","targetHints":{"allow":["GET"]}}],"collection":[{"href":"https:\/\/topgetestet.de\/index.php?rest_route=\/wp\/v2\/product"}],"about":[{"href":"https:\/\/topgetestet.de\/index.php?rest_route=\/wp\/v2\/types\/product"}],"replies":[{"embeddable":true,"href":"https:\/\/topgetestet.de\/index.php?rest_route=%2Fwp%2Fv2%2Fcomments&post=65684"}],"wp:featuredmedia":[{"embeddable":true,"href":"https:\/\/topgetestet.de\/index.php?rest_route=\/wp\/v2\/media\/65685"}],"wp:attachment":[{"href":"https:\/\/topgetestet.de\/index.php?rest_route=%2Fwp%2Fv2%2Fmedia&parent=65684"}],"wp:term":[{"taxonomy":"product_cat","embeddable":true,"href":"https:\/\/topgetestet.de\/index.php?rest_route=%2Fwp%2Fv2%2Fproduct_cat&post=65684"},{"taxonomy":"product_tag","embeddable":true,"href":"https:\/\/topgetestet.de\/index.php?rest_route=%2Fwp%2Fv2%2Fproduct_tag&post=65684"}],"curies":[{"name":"wp","href":"https:\/\/api.w.org\/{rel}","templated":true}]}}