{"id":65408,"date":"2022-10-14T20:10:43","date_gmt":"2022-10-14T20:10:43","guid":{"rendered":"https:\/\/topgetestet.de\/?product=brooks-herren-ghost-13-laufschuhe"},"modified":"2022-10-14T20:10:43","modified_gmt":"2022-10-14T20:10:43","slug":"brooks-herren-ghost-13-laufschuhe","status":"publish","type":"product","link":"https:\/\/topgetestet.de\/?product=brooks-herren-ghost-13-laufschuhe","title":{"rendered":"Brooks Herren Ghost 13 Laufschuhe"},"content":{"rendered":"<p>Price: <span style=\"color:#b12704\">[price_with_discount]<\/span><br \/><i><small>(as of [price_update_date] &#8211; <span class=\"wp_automatic_amazon_disclaimer\" title=\"Product prices and availability are accurate as of the date\/time indicated and are subject to change. Any price and availability information displayed on [relevant Amazon Site(s), as applicable] at the time of purchase will apply to the purchase of this product.\">Details<\/span>)<\/small><\/i><\/p>\n<p><a href=\"https:\/\/amazon.de\/dp\/B08BWSF4FH?tag=topgetestet09-21\"><img decoding=\"async\" src=\"https:\/\/i.imgur.com\/ISRHEWs.png\"><\/a><br \/>\n[ad_1]<br \/>\n <span>Weiche und ausgewogene D\u00e4mpfung BioMoGo DNA und DNA LOFT D\u00e4mpfung arbeiten in Synergie, um die richtige Weichheit der Fu\u00dfsohle zu schaffen, ohne Reaktionsf\u00e4higkeit und Langlebigkeit zu verlieren und leichter als je zuvor. Fl\u00fcssiger Falk Egal, wie der Fu\u00df landet, ein integriertes D\u00e4mpfungssystem &#8211; das einzigartige Segmentierte Crash Pad d\u00e4mpft jeden Schritt f\u00fcr reibungslose \u00dcberg\u00e4nge von der Ferse bis zur Zehe. Weicher und sicherer Sitz Das Mesh-Obermaterial der neuen Generation und der 3D-Druck verfliegt am Fu\u00df dank strategischer Position von Stretch- und Struktur, wo es am meisten gebraucht wird.<\/span> <br \/> Auslaufartikel (Produktion durch Hersteller eingestellt) \u200f : \u200e  Nein <br \/> Verpackungsabmessungen \u200f : \u200e  29.5 x 18.5 x 11.5 cm; 640 Gramm <br \/> Im Angebot von Amazon.de seit \u200f : \u200e  9. Dezember 2020 <br \/> Hersteller \u200f : \u200e  Brooks <br \/> ASIN \u200f : \u200e  B08BWVTLB6 <br \/> Modellnummer \u200f : \u200e  1103481D474 <br \/> Kategorie \u200f : \u200e  Herren <\/p>\n<p>Innenmaterial: Synthetik<br \/>Sohle: Gummi<br \/>Verschluss: Schn\u00fcrung<br \/>Absatzform: Kein Absatz<br \/>Schuhweite: Medium<br \/>Nicht wasserfest<br \/>\n<br \/>[ad_2]<\/p>\n","protected":false},"excerpt":{"rendered":"<p>Price: [price_with_discount](as of [price_update_date] &#8211; Details) [ad_1] Weiche und ausgewogene D\u00e4mpfung BioMoGo DNA und DNA LOFT D\u00e4mpfung arbeiten in Synergie, um die richtige Weichheit der Fu\u00dfsohle zu schaffen, ohne Reaktionsf\u00e4higkeit<\/p>\n","protected":false},"featured_media":65409,"comment_status":"open","ping_status":"closed","template":"","meta":[],"product_cat":[234],"product_tag":[235],"class_list":{"0":"post-65408","1":"product","2":"type-product","3":"status-publish","4":"has-post-thumbnail","6":"product_cat-shoes","7":"product_tag-mens-road-running-shoes","9":"first","10":"instock","11":"shipping-taxable","12":"product-type-external"},"aioseo_notices":[],"_links":{"self":[{"href":"https:\/\/topgetestet.de\/index.php?rest_route=\/wp\/v2\/product\/65408","targetHints":{"allow":["GET"]}}],"collection":[{"href":"https:\/\/topgetestet.de\/index.php?rest_route=\/wp\/v2\/product"}],"about":[{"href":"https:\/\/topgetestet.de\/index.php?rest_route=\/wp\/v2\/types\/product"}],"replies":[{"embeddable":true,"href":"https:\/\/topgetestet.de\/index.php?rest_route=%2Fwp%2Fv2%2Fcomments&post=65408"}],"wp:featuredmedia":[{"embeddable":true,"href":"https:\/\/topgetestet.de\/index.php?rest_route=\/wp\/v2\/media\/65409"}],"wp:attachment":[{"href":"https:\/\/topgetestet.de\/index.php?rest_route=%2Fwp%2Fv2%2Fmedia&parent=65408"}],"wp:term":[{"taxonomy":"product_cat","embeddable":true,"href":"https:\/\/topgetestet.de\/index.php?rest_route=%2Fwp%2Fv2%2Fproduct_cat&post=65408"},{"taxonomy":"product_tag","embeddable":true,"href":"https:\/\/topgetestet.de\/index.php?rest_route=%2Fwp%2Fv2%2Fproduct_tag&post=65408"}],"curies":[{"name":"wp","href":"https:\/\/api.w.org\/{rel}","templated":true}]}}