{"id":65331,"date":"2022-10-14T19:56:38","date_gmt":"2022-10-14T19:56:38","guid":{"rendered":"https:\/\/topgetestet.de\/?product=asics-herren-gel-mission-3-walkingschuhe"},"modified":"2022-10-14T19:56:38","modified_gmt":"2022-10-14T19:56:38","slug":"asics-herren-gel-mission-3-walkingschuhe","status":"publish","type":"product","link":"https:\/\/topgetestet.de\/?product=asics-herren-gel-mission-3-walkingschuhe","title":{"rendered":"ASICS Herren Gel-Mission 3 Walkingschuhe"},"content":{"rendered":"<p>Price: <span style=\"color:#b12704\">[price_with_discount]<\/span><br \/><i><small>(as of [price_update_date] &#8211; <span class=\"wp_automatic_amazon_disclaimer\" title=\"Product prices and availability are accurate as of the date\/time indicated and are subject to change. Any price and availability information displayed on [relevant Amazon Site(s), as applicable] at the time of purchase will apply to the purchase of this product.\">Details<\/span>)<\/small><\/i><\/p>\n<p><a href=\"https:\/\/amazon.de\/dp\/B077Y7K5G7?tag=topgetestet09-21\"><img decoding=\"async\" src=\"https:\/\/i.imgur.com\/ISRHEWs.png\"><\/a><br \/>\n[ad_1]<br \/>\n <span>Die GEL-MISSION 3 f\u00fcr Frauen ist genau das, was Sie suchen. Ein Schuh, der dich auf eine Entdeckungsreise bringt und dich in Bewegung versetzt, w\u00e4hrend du neue St\u00e4dte erkundest. Die Gummisohle, die sichtbare GEL-D\u00e4mpfung im Hinterfu\u00df und der 10 mm-Drop unterst\u00fctzen die F\u00fc\u00dfe beim Gehen. Das Obermaterial aus Kunstleder und das minimalistische Finish schaffen eine Silhouette, die sowohl mit Streetwear als auch mit sportlicher Kleidung kombiniert werden kann.<\/span> <br \/> Auslaufartikel (Produktion durch Hersteller eingestellt) \u200f : \u200e  Nein <br \/> Sprache \u200f : \u200e  Italienisch, Italienisch, Italienisch, Italienisch, Italienisch <br \/> Produktabmessungen \u200f : \u200e  1 x 1 x 1 cm; 750 Gramm <br \/> Im Angebot von Amazon.de seit \u200f : \u200e  6. Dezember 2017 <br \/> Hersteller \u200f : \u200e  Asics <br \/> ASIN \u200f : \u200e  B0785P1G77 <br \/> Modellnummer \u200f : \u200e  Q801Y <br \/> Kategorie \u200f : \u200e  Herren <\/p>\n<p>Innenmaterial: Textil<br \/>Sohle: Gummi<br \/>Verschluss: Schn\u00fcrung<br \/>Absatzform: Kein Absatz<br \/>Materialzusammensetzung: Schuhe<br \/>Schuhweite: Medium<br \/>\n<br \/>[ad_2]<\/p>\n","protected":false},"excerpt":{"rendered":"<p>Price: [price_with_discount](as of [price_update_date] &#8211; Details) [ad_1] Die GEL-MISSION 3 f\u00fcr Frauen ist genau das, was Sie suchen. Ein Schuh, der dich auf eine Entdeckungsreise bringt und dich in Bewegung<\/p>\n","protected":false},"featured_media":65332,"comment_status":"open","ping_status":"closed","template":"","meta":[],"product_cat":[234],"product_tag":[235],"class_list":{"0":"post-65331","1":"product","2":"type-product","3":"status-publish","4":"has-post-thumbnail","6":"product_cat-shoes","7":"product_tag-mens-road-running-shoes","9":"first","10":"instock","11":"shipping-taxable","12":"product-type-external"},"aioseo_notices":[],"_links":{"self":[{"href":"https:\/\/topgetestet.de\/index.php?rest_route=\/wp\/v2\/product\/65331","targetHints":{"allow":["GET"]}}],"collection":[{"href":"https:\/\/topgetestet.de\/index.php?rest_route=\/wp\/v2\/product"}],"about":[{"href":"https:\/\/topgetestet.de\/index.php?rest_route=\/wp\/v2\/types\/product"}],"replies":[{"embeddable":true,"href":"https:\/\/topgetestet.de\/index.php?rest_route=%2Fwp%2Fv2%2Fcomments&post=65331"}],"wp:featuredmedia":[{"embeddable":true,"href":"https:\/\/topgetestet.de\/index.php?rest_route=\/wp\/v2\/media\/65332"}],"wp:attachment":[{"href":"https:\/\/topgetestet.de\/index.php?rest_route=%2Fwp%2Fv2%2Fmedia&parent=65331"}],"wp:term":[{"taxonomy":"product_cat","embeddable":true,"href":"https:\/\/topgetestet.de\/index.php?rest_route=%2Fwp%2Fv2%2Fproduct_cat&post=65331"},{"taxonomy":"product_tag","embeddable":true,"href":"https:\/\/topgetestet.de\/index.php?rest_route=%2Fwp%2Fv2%2Fproduct_tag&post=65331"}],"curies":[{"name":"wp","href":"https:\/\/api.w.org\/{rel}","templated":true}]}}