{"id":64122,"date":"2022-10-14T16:01:54","date_gmt":"2022-10-14T16:01:54","guid":{"rendered":"https:\/\/topgetestet.de\/?product=nasa-space-distressed-logo-mens-t-shirt"},"modified":"2022-10-14T16:01:54","modified_gmt":"2022-10-14T16:01:54","slug":"nasa-space-distressed-logo-mens-t-shirt","status":"publish","type":"product","link":"https:\/\/topgetestet.de\/?product=nasa-space-distressed-logo-mens-t-shirt","title":{"rendered":"Nasa Space Distressed Logo Men&#8217;s T-Shirt"},"content":{"rendered":"<p>Price: <span style=\"color:#b12704\">[price_with_discount]<\/span><br \/><i><small>(as of [price_update_date] &#8211; <span class=\"wp_automatic_amazon_disclaimer\" title=\"Product prices and availability are accurate as of the date\/time indicated and are subject to change. Any price and availability information displayed on [relevant Amazon Site(s), as applicable] at the time of purchase will apply to the purchase of this product.\">Details<\/span>)<\/small><\/i><\/p>\n<p><a href=\"https:\/\/amazon.de\/dp\/B07VPKG9HZ?tag=topgetestet09-21\"><img decoding=\"async\" src=\"https:\/\/i.imgur.com\/ISRHEWs.png\"><\/a><br \/>\n[ad_1]<br \/>\n <span>F\u00fcgen Sie etwas aus dieser Welt zu Ihrem Kleiderschrank mit diesem fantastischen offiziell lizenzierten NASA T-St\u00fcck! Perfekt f\u00fcr Ihre innere Buzz Aldrin Kanalisierung dieses Top-Features das ikonische Logo f\u00fcr die National Aeronautics and Space Administration mit einem feinen Finish Effekt Not eines k\u00fchlen Retro-Gef\u00fchl hinzuf\u00fcgen. Perfekt f\u00fcr etwas ein wenig anders zu Ihrem Look hinzuf\u00fcgen, diese Baumwolle NASA-Shirt kommt in k\u00fchlem Grau Mergel an einem ordentlichen Herren-Passform und Verarbeitung mit kurzen \u00c4rmeln an. Dieser Artikel ist 100% echte lizenzierte NASA Ist und verf\u00fcgt \u00fcber offiziellen Branding im gesamten Geb\u00e4ude. Wir m\u00f6chten, dass Sie das Beste aus Ihrem neuen T-Shirt zu bekommen, so stellen Sie sicher, alle Pflegeetikette Anweisungen und Kontakt unser engagiertes Kundenservice-Team f\u00fcr weitere Informationen oder Schlichte Abfragen zu folgen.<\/span> <br \/> Produktabmessungen \u200f : \u200e  22 x 16 x 2 cm; 100 Gramm <br \/> Im Angebot von Amazon.de seit \u200f : \u200e  1. M\u00e4rz 2020 <br \/> Hersteller \u200f : \u200e  somerbond <br \/> ASIN \u200f : \u200e  B07VPKG9HZ <br \/> Herstellerreferenz \u200f : \u200e  DOES NOT APPLY <br \/> Kategorie \u200f : \u200e  Herren <\/p>\n<p>[ad_2]<\/p>\n","protected":false},"excerpt":{"rendered":"<p>Price: [price_with_discount](as of [price_update_date] &#8211; Details) [ad_1] F\u00fcgen Sie etwas aus dieser Welt zu Ihrem Kleiderschrank mit diesem fantastischen offiziell lizenzierten NASA T-St\u00fcck! Perfekt f\u00fcr Ihre innere Buzz Aldrin Kanalisierung<\/p>\n","protected":false},"featured_media":64123,"comment_status":"open","ping_status":"closed","template":"","meta":[],"product_cat":[231],"product_tag":[],"class_list":{"0":"post-64122","1":"product","2":"type-product","3":"status-publish","4":"has-post-thumbnail","6":"product_cat-mens-fashion","8":"first","9":"instock","10":"shipping-taxable","11":"product-type-external"},"aioseo_notices":[],"_links":{"self":[{"href":"https:\/\/topgetestet.de\/index.php?rest_route=\/wp\/v2\/product\/64122","targetHints":{"allow":["GET"]}}],"collection":[{"href":"https:\/\/topgetestet.de\/index.php?rest_route=\/wp\/v2\/product"}],"about":[{"href":"https:\/\/topgetestet.de\/index.php?rest_route=\/wp\/v2\/types\/product"}],"replies":[{"embeddable":true,"href":"https:\/\/topgetestet.de\/index.php?rest_route=%2Fwp%2Fv2%2Fcomments&post=64122"}],"wp:featuredmedia":[{"embeddable":true,"href":"https:\/\/topgetestet.de\/index.php?rest_route=\/wp\/v2\/media\/64123"}],"wp:attachment":[{"href":"https:\/\/topgetestet.de\/index.php?rest_route=%2Fwp%2Fv2%2Fmedia&parent=64122"}],"wp:term":[{"taxonomy":"product_cat","embeddable":true,"href":"https:\/\/topgetestet.de\/index.php?rest_route=%2Fwp%2Fv2%2Fproduct_cat&post=64122"},{"taxonomy":"product_tag","embeddable":true,"href":"https:\/\/topgetestet.de\/index.php?rest_route=%2Fwp%2Fv2%2Fproduct_tag&post=64122"}],"curies":[{"name":"wp","href":"https:\/\/api.w.org\/{rel}","templated":true}]}}