{"id":63264,"date":"2022-10-14T12:21:26","date_gmt":"2022-10-14T12:21:26","guid":{"rendered":"https:\/\/topgetestet.de\/?product=keds-champion-oxford-leder-modischer-damen-sneaker-schwarz-grose-41"},"modified":"2022-10-14T12:21:26","modified_gmt":"2022-10-14T12:21:26","slug":"keds-champion-oxford-leder-modischer-damen-sneaker-schwarz-grose-41","status":"publish","type":"product","link":"https:\/\/topgetestet.de\/?product=keds-champion-oxford-leder-modischer-damen-sneaker-schwarz-grose-41","title":{"rendered":"Keds Champion Oxford-Leder, modischer Damen-Sneaker, schwarz, Gr\u00f6\u00dfe 41"},"content":{"rendered":"<p>Price: <span style=\"color:#b12704\">[price_with_discount]<\/span><br \/><i><small>(as of [price_update_date] &#8211; <span class=\"wp_automatic_amazon_disclaimer\" title=\"Product prices and availability are accurate as of the date\/time indicated and are subject to change. Any price and availability information displayed on [relevant Amazon Site(s), as applicable] at the time of purchase will apply to the purchase of this product.\">Details<\/span>)<\/small><\/i><\/p>\n<p><a href=\"https:\/\/amazon.de\/dp\/B07BRN78NN?tag=topgetestet09-21\"><img decoding=\"async\" src=\"https:\/\/i.imgur.com\/ISRHEWs.png\"><\/a><br \/>\n[ad_1]<br \/>\n <span>Niedlich auszusehen hat sich noch nie so gut angef\u00fchlt, mit den schwarzen Champion Oxford Leder-Sneakers von Keds. Machen Sie diesen bequemen Keds Canvas-Sneaker zu einem anstrittsf\u00e4higen Kleiderschrank Essential. Der Champion Sneaker war ein sofortiger Klassiker, als er erstmals eingef\u00fchrt wurde (vor \u00fcber 100 Jahren) und sein ikonisches Design passt zu allem Stil und polsterter Komfort haben ihn heute zu einem weltweiten Favoriten gemacht.<\/span> <br \/> Verpackungsabmessungen \u200f : \u200e  29.9 x 16.1 x 10.21 cm; 558 Gramm <br \/> Im Angebot von Amazon.de seit \u200f : \u200e  5. Januar 2022 <br \/> ASIN \u200f : \u200e  B07BRN78NN <br \/> Kategorie \u200f : \u200e  Damen <\/p>\n<p>Sohle: Gummi<br \/>Verschluss: Schn\u00fcrung<br \/>Absatzform: Flach<br \/>Schuhweite: Schmal<br \/>Nicht wasserfest<br \/>\n<br \/>[ad_2]<\/p>\n","protected":false},"excerpt":{"rendered":"<p>Price: [price_with_discount](as of [price_update_date] &#8211; Details) [ad_1] Niedlich auszusehen hat sich noch nie so gut angef\u00fchlt, mit den schwarzen Champion Oxford Leder-Sneakers von Keds. Machen Sie diesen bequemen Keds Canvas-Sneaker<\/p>\n","protected":false},"featured_media":63265,"comment_status":"open","ping_status":"closed","template":"","meta":[],"product_cat":[230],"product_tag":[266],"class_list":{"0":"post-63264","1":"product","2":"type-product","3":"status-publish","4":"has-post-thumbnail","6":"product_cat-fashion","7":"product_tag-womens-fashion-sneakers","9":"first","10":"instock","11":"shipping-taxable","12":"product-type-external"},"aioseo_notices":[],"_links":{"self":[{"href":"https:\/\/topgetestet.de\/index.php?rest_route=\/wp\/v2\/product\/63264","targetHints":{"allow":["GET"]}}],"collection":[{"href":"https:\/\/topgetestet.de\/index.php?rest_route=\/wp\/v2\/product"}],"about":[{"href":"https:\/\/topgetestet.de\/index.php?rest_route=\/wp\/v2\/types\/product"}],"replies":[{"embeddable":true,"href":"https:\/\/topgetestet.de\/index.php?rest_route=%2Fwp%2Fv2%2Fcomments&post=63264"}],"wp:featuredmedia":[{"embeddable":true,"href":"https:\/\/topgetestet.de\/index.php?rest_route=\/wp\/v2\/media\/63265"}],"wp:attachment":[{"href":"https:\/\/topgetestet.de\/index.php?rest_route=%2Fwp%2Fv2%2Fmedia&parent=63264"}],"wp:term":[{"taxonomy":"product_cat","embeddable":true,"href":"https:\/\/topgetestet.de\/index.php?rest_route=%2Fwp%2Fv2%2Fproduct_cat&post=63264"},{"taxonomy":"product_tag","embeddable":true,"href":"https:\/\/topgetestet.de\/index.php?rest_route=%2Fwp%2Fv2%2Fproduct_tag&post=63264"}],"curies":[{"name":"wp","href":"https:\/\/api.w.org\/{rel}","templated":true}]}}