{"id":63120,"date":"2022-10-14T11:51:01","date_gmt":"2022-10-14T11:51:01","guid":{"rendered":"https:\/\/topgetestet.de\/?product=vaude-womens-fluid-full-zip-pants-regenhose-damen-fahrradhose-wasserdicht"},"modified":"2022-10-14T11:51:01","modified_gmt":"2022-10-14T11:51:01","slug":"vaude-womens-fluid-full-zip-pants-regenhose-damen-fahrradhose-wasserdicht","status":"publish","type":"product","link":"https:\/\/topgetestet.de\/?product=vaude-womens-fluid-full-zip-pants-regenhose-damen-fahrradhose-wasserdicht","title":{"rendered":"VAUDE Women&#8217;s Fluid Full-Zip Pants &#8211; Regenhose Damen &#8211; Fahrradhose &#8211; wasserdicht"},"content":{"rendered":"<p>Price: <span style=\"color:#b12704\">[price_with_discount]<\/span><br \/><i><small>(as of [price_update_date] &#8211; <span class=\"wp_automatic_amazon_disclaimer\" title=\"Product prices and availability are accurate as of the date\/time indicated and are subject to change. Any price and availability information displayed on [relevant Amazon Site(s), as applicable] at the time of purchase will apply to the purchase of this product.\">Details<\/span>)<\/small><\/i><\/p>\n<p><a href=\"https:\/\/amazon.de\/dp\/B003DI592A?tag=topgetestet09-21\"><img decoding=\"async\" src=\"https:\/\/i.imgur.com\/ISRHEWs.png\"><\/a><br \/>\n[ad_1]<br \/>\n <span>Unser Klassiker. Die 2-Lagen-Regenhose mit Netz-Innenfutter ist schnell \u00fcbergezogen und sch\u00fctzt Dich effektiv vor Regen und Schmutz. \u00dcber Klettverschl\u00fcsse kannst Du die Beinweite zum Schutz vor der Kette regulieren. Mit durchgehendem Rei\u00dfverschluss an der Seite.<\/span> <br \/> Auslaufartikel (Produktion durch Hersteller eingestellt) \u200f : \u200e  Nein <br \/> Produktabmessungen \u200f : \u200e  30 x 21.49 x 10.01 cm; 353.8 Gramm <br \/> Im Angebot von Amazon.de seit \u200f : \u200e  22. M\u00e4rz 2010 <br \/> Hersteller \u200f : \u200e  VADE5|#VAUDE <br \/> ASIN \u200f : \u200e  B003DID79W <br \/> Modellnummer \u200f : \u200e  01263 <br \/> Kategorie \u200f : \u200e  Damen <\/p>\n<p>[ad_2]<\/p>\n","protected":false},"excerpt":{"rendered":"<p>Price: [price_with_discount](as of [price_update_date] &#8211; Details) [ad_1] Unser Klassiker. Die 2-Lagen-Regenhose mit Netz-Innenfutter ist schnell \u00fcbergezogen und sch\u00fctzt Dich effektiv vor Regen und Schmutz. \u00dcber Klettverschl\u00fcsse kannst Du die Beinweite<\/p>\n","protected":false},"featured_media":63121,"comment_status":"open","ping_status":"closed","template":"","meta":[],"product_cat":[232],"product_tag":[],"class_list":{"0":"post-63120","1":"product","2":"type-product","3":"status-publish","4":"has-post-thumbnail","6":"product_cat-women-fashion","8":"first","9":"instock","10":"shipping-taxable","11":"product-type-external"},"aioseo_notices":[],"_links":{"self":[{"href":"https:\/\/topgetestet.de\/index.php?rest_route=\/wp\/v2\/product\/63120","targetHints":{"allow":["GET"]}}],"collection":[{"href":"https:\/\/topgetestet.de\/index.php?rest_route=\/wp\/v2\/product"}],"about":[{"href":"https:\/\/topgetestet.de\/index.php?rest_route=\/wp\/v2\/types\/product"}],"replies":[{"embeddable":true,"href":"https:\/\/topgetestet.de\/index.php?rest_route=%2Fwp%2Fv2%2Fcomments&post=63120"}],"wp:featuredmedia":[{"embeddable":true,"href":"https:\/\/topgetestet.de\/index.php?rest_route=\/wp\/v2\/media\/63121"}],"wp:attachment":[{"href":"https:\/\/topgetestet.de\/index.php?rest_route=%2Fwp%2Fv2%2Fmedia&parent=63120"}],"wp:term":[{"taxonomy":"product_cat","embeddable":true,"href":"https:\/\/topgetestet.de\/index.php?rest_route=%2Fwp%2Fv2%2Fproduct_cat&post=63120"},{"taxonomy":"product_tag","embeddable":true,"href":"https:\/\/topgetestet.de\/index.php?rest_route=%2Fwp%2Fv2%2Fproduct_tag&post=63120"}],"curies":[{"name":"wp","href":"https:\/\/api.w.org\/{rel}","templated":true}]}}