{"id":6269,"date":"2022-09-02T15:17:38","date_gmt":"2022-09-02T15:17:38","guid":{"rendered":"https:\/\/topgetestet.de\/?product=asics-mens-patriot-12-road-running-shoe"},"modified":"2022-09-02T15:17:38","modified_gmt":"2022-09-02T15:17:38","slug":"asics-mens-patriot-12-road-running-shoe","status":"publish","type":"product","link":"https:\/\/topgetestet.de\/?product=asics-mens-patriot-12-road-running-shoe","title":{"rendered":"ASICS Men&#8217;s Patriot 12 Road Running Shoe"},"content":{"rendered":"<p>Price: <span style=\"color:#b12704\">[price_with_discount]<\/span><br \/><i><small>(as of [price_update_date] &#8211; <span class=\"wp_automatic_amazon_disclaimer\" title=\"Product prices and availability are accurate as of the date\/time indicated and are subject to change. Any price and availability information displayed on [relevant Amazon Site(s), as applicable] at the time of purchase will apply to the purchase of this product.\">Details<\/span>)<\/small><\/i><\/p>\n<p><a href=\"https:\/\/amazon.de\/dp\/B09MWH8Y6Z?tag=topgetestet09-21\"><img decoding=\"async\" src=\"https:\/\/i.imgur.com\/ISRHEWs.png\"><\/a><br \/>\n[ad_1]<br \/>\n <span>Asics Patriot 12 ist ein moderner und leichter Laufschuh, der in einem simplen Design kommt. Leichtes Mesh ist weicher und atmungsaktiver als beim Vorg\u00e4nger. Das Obermaterial bietet eine super Passform und somit ein angenehmes Tragegef\u00fchl. Die Flytefoam-Mittelsohle gepaart mit der klassischen Gel-D\u00e4mpfung bieten eine ideale Gundlage f\u00fcr L\u00e4ufe. Die EVA-Einlage in der Innensohle unterst\u00fctzt dies.<\/span>  <br \/> Product Dimensions                                    \u200f                                        :                                    \u200e                                 1 x 1 x 1 cm; 660 Grams <br \/> Date First Available                                    \u200f                                        :                                    \u200e                                 5 Jun. 2020 <br \/> Manufacturer                                    \u200f                                        :                                    \u200e                                 Asics <br \/> ASIN                                    \u200f                                        :                                    \u200e                                 B0823JV1MN <br \/> Item model number                                    \u200f                                        :                                    \u200e                                 1011A823 <br \/> Department                                    \u200f                                        :                                    \u200e                                 Men&#8217;s <\/p>\n<p>[ad_2]<\/p>\n","protected":false},"excerpt":{"rendered":"<p>Price: [price_with_discount](as of [price_update_date] &#8211; Details) [ad_1] Asics Patriot 12 ist ein moderner und leichter Laufschuh, der in einem simplen Design kommt. Leichtes Mesh ist weicher und atmungsaktiver als beim<\/p>\n","protected":false},"featured_media":6270,"comment_status":"open","ping_status":"closed","template":"","meta":[],"product_cat":[234],"product_tag":[235],"class_list":{"0":"post-6269","1":"product","2":"type-product","3":"status-publish","4":"has-post-thumbnail","6":"product_cat-shoes","7":"product_tag-mens-road-running-shoes","9":"first","10":"instock","11":"shipping-taxable","12":"product-type-external"},"aioseo_notices":[],"_links":{"self":[{"href":"https:\/\/topgetestet.de\/index.php?rest_route=\/wp\/v2\/product\/6269","targetHints":{"allow":["GET"]}}],"collection":[{"href":"https:\/\/topgetestet.de\/index.php?rest_route=\/wp\/v2\/product"}],"about":[{"href":"https:\/\/topgetestet.de\/index.php?rest_route=\/wp\/v2\/types\/product"}],"replies":[{"embeddable":true,"href":"https:\/\/topgetestet.de\/index.php?rest_route=%2Fwp%2Fv2%2Fcomments&post=6269"}],"wp:featuredmedia":[{"embeddable":true,"href":"https:\/\/topgetestet.de\/index.php?rest_route=\/wp\/v2\/media\/6270"}],"wp:attachment":[{"href":"https:\/\/topgetestet.de\/index.php?rest_route=%2Fwp%2Fv2%2Fmedia&parent=6269"}],"wp:term":[{"taxonomy":"product_cat","embeddable":true,"href":"https:\/\/topgetestet.de\/index.php?rest_route=%2Fwp%2Fv2%2Fproduct_cat&post=6269"},{"taxonomy":"product_tag","embeddable":true,"href":"https:\/\/topgetestet.de\/index.php?rest_route=%2Fwp%2Fv2%2Fproduct_tag&post=6269"}],"curies":[{"name":"wp","href":"https:\/\/api.w.org\/{rel}","templated":true}]}}